000
CXUS51 KBUF 010905
CF6BUF
PRELIMINARY LOCAL CLIMATOLOGICAL DATA (WS FORM: F-6)
STATION: BUFFALO NY
MONTH: MARCH
YEAR: 2020
LATITUDE: 42 55 N
LONGITUDE: 78 44 W
TEMPERATURE IN F: :PCPN: SNOW: WIND :SUNSHINE: SKY :PK WND
================================================================================
1 2 3 4 5 6A 6B 7 8 9 10 11 12 13 14 15 16 17 18
12Z AVG MX 2MIN
DY MAX MIN AVG DEP HDD CDD WTR SNW DPTH SPD SPD DIR MIN PSBL S-S WX SPD DR
================================================================================
1 42 13 28 -1 37 0 0.00 0.0 4 7.9 20 190 M M 4 23 190
2 49 40 45 16 20 0 0.45 0.0 1 14.0 21 210 M M 9 12 29 200
3 53 37 45 15 20 0 0.24 0.0 0 9.6 24 300 M M 10 12 29 300
4 39 33 36 6 29 0 T T 0 15.3 28 240 M M 8 36 250
5 45 31 38 8 27 0 0.00 0.0 0 7.2 15 220 M M 5 20 210
6 37 31 34 4 31 0 0.18 2.1 0 8.1 17 20 M M 9 1 22 360
7 34 24 29 -2 36 0 T T 1 9.7 18 230 M M 4 8 24 220
8 53 28 41 10 24 0 0.00 0.0 0 15.2 29 240 M M 5 38 250
9 61 48 55 23 10 0 T 0.0 0 16.0 31 240 M M 7 44 230
10 60 33 47 15 18 0 0.44 0.0 0 15.1 31 210 M M 8 1 47 210
11 45 29 37 5 28 0 T T 0 6.7 16 70 M M 7 12 20 70
12 55 36 46 14 19 0 T 0.0 0 5.2 17 180 M M 9 23 180
13 55 37 46 13 19 0 0.23 0.0 0 19.6 35 240 M M 6 1 47 230
14 37 31 34 1 31 0 0.00 0.0 0 8.6 18 270 M M 8 26 270
15 39 26 33 -1 32 0 0.00 0.0 0 8.3 17 50 M M 3 22 40
16 53 25 39 5 26 0 T 0.0 0 6.6 23 230 M M 5 28 210
17 43 36 40 6 25 0 T 0.0 0 13.5 25 240 M M 9 1 31 240
18 51 30 41 7 24 0 0.14 0.0 0 8.6 15 60 M M 7 19 60
19 56 36 46 11 19 0 0.12 0.0 0 6.3 15 30 M M 10 1 17 40
20 66 30 48 13 17 0 0.21 0.0 0 19.2 39 240 M M 9 1 56 230
21 34 24 29 -7 36 0 T T 0 7.9 18 310 M M 6 24 300
22 40 22 31 -5 34 0 0.00 0.0 0 10.8 20 60 M M 4 24 90
23 43 35 39 3 26 0 0.22 T 0 7.5 16 170 M M 10 1 19 170
24 44 37 41 4 24 0 0.00 0.0 0 5.8 14 100 M M 10 17 70
25 56 34 45 8 20 0 0.00 0.0 0 7.0 14 100 M M 7 18 90
26 62 39 51 13 14 0 0.02 0.0 0 12.5 28 250 M M 7 1 40 230
27 55 39 47 9 18 0 0.00 0.0 0 6.6 13 20 M M 6 16 20
28 51 41 46 8 19 0 0.45 0.0 0 8.6 14 110 M M 10 1 19 70
29 74 46 60 21 5 0 0.36 0.0 0 15.6 48 220 M M 9 13 68 220
30 49 40 45 6 20 0 0.13 0.0 0 15.8 30 230 M M 10 1 37 230
31 47 40 44 4 21 0 0.01 0.0 0 8.3 18 60 M M 10 1 22 60
================================================================================
SM 1528 1031 729 0 3.20 2.1 327.1 M 231
================================================================================
AV 49.3 33.3 10.6 FASTST M M 7 MAX(MPH)
MISC ----> # 48 220 # 68 220
================================================================================
NOTES:
# LAST OF SEVERAL OCCURRENCES
COLUMN 17 PEAK WIND IN M.P.H.
PRELIMINARY LOCAL CLIMATOLOGICAL DATA (WS FORM: F-6) , PAGE 2
STATION: BUFFALO NY
MONTH: MARCH
YEAR: 2020
LATITUDE: 42 55 N
LONGITUDE: 78 44 W
[TEMPERATURE DATA] [PRECIPITATION DATA] SYMBOLS USED IN COLUMN 16
AVERAGE MONTHLY: 41.3 TOTAL FOR MONTH: 3.20 1 = FOG OR MIST
DPTR FM NORMAL: 7.3 DPTR FM NORMAL: 0.33 2 = FOG REDUCING VISIBILITY
HIGHEST: 74 ON 29 GRTST 24HR 0.45 ON 28-28 TO 1/4 MILE OR LESS
LOWEST: 13 ON 1 3 = THUNDER
SNOW, ICE PELLETS, HAIL 4 = ICE PELLETS
TOTAL MONTH: 2.1 INCHES 5 = HAIL
GRTST 24HR 2.1 ON 6- 6 6 = FREEZING RAIN OR DRIZZLE
GRTST DEPTH: 4 ON 1 7 = DUSTSTORM OR SANDSTORM:
VSBY 1/2 MILE OR LESS
8 = SMOKE OR HAZE
[NO. OF DAYS WITH] [WEATHER - DAYS WITH] 9 = BLOWING SNOW
X = TORNADO
MAX 32 OR BELOW: 0 0.01 INCH OR MORE: 14
MAX 90 OR ABOVE: 0 0.10 INCH OR MORE: 12
MIN 32 OR BELOW: 13 0.50 INCH OR MORE: 0
MIN 0 OR BELOW: 0 1.00 INCH OR MORE: 0
[HDD (BASE 65) ]
TOTAL THIS MO. 729 CLEAR (SCALE 0-3) 1
DPTR FM NORMAL -232 PTCLDY (SCALE 4-7) 16
TOTAL FM JUL 1 5015 CLOUDY (SCALE 8-10) 14
DPTR FM NORMAL -690
[CDD (BASE 65) ]
TOTAL THIS MO. 0
DPTR FM NORMAL 0 [PRESSURE DATA]
TOTAL FM JAN 1 0 HIGHEST SLP 30.71 ON 22
DPTR FM NORMAL 0 LOWEST SLP 29.35 ON 3
[REMARKS]
#FINAL-03-20#