000
CXUS56 KLOX 011155
CF6BUR
PRELIMINARY LOCAL CLIMATOLOGICAL DATA (WS FORM: F-6)
STATION: HOLLYWOOD/BURBANK AIRPORT CA
MONTH: JUNE
YEAR: 2022
LATITUDE: 34 12 N
LONGITUDE: 118 22 W
TEMPERATURE IN F: :PCPN: SNOW: WIND :SUNSHINE: SKY :PK WND
================================================================================
1 2 3 4 5 6A 6B 7 8 9 10 11 12 13 14 15 16 17 18
12Z AVG MX 2MIN
DY MAX MIN AVG DEP HDD CDD WTR SNW DPTH SPD SPD DIR MIN PSBL S-S WX SPD DR
================================================================================
1 90 61 76 8 0 11 0.00 M M 6.3 13 120 M M 0 8 21 110
2 85 62 74 6 0 9 0.00 M M 6.9 15 130 M M 3 8 27 110
3 78 62 70 2 0 5 0.00 M M 6.7 14 190 M M 5 17 170
4 76 63 70 2 0 5 0.00 M M 6.9 14 160 M M 5 17 160
5 82 62 72 4 0 7 0.00 M M 5.2 14 120 M M 2 18 90
6 83 65 74 6 0 9 0.00 M M 7.0 14 180 M M 2 18 170
7 84 64 74 6 0 9 0.00 M M 7.2 14 180 M M 2 8 23 220
8 87 63 75 7 0 10 0.00 M M 7.4 15 120 M M 2 8 23 110
9 90 63 77 8 0 12 0.00 M M 6.4 14 130 M M 3 8 20 100
10 95 67 81 12 0 16 0.00 M M 6.9 14 180 M M 0 8 22 90
11 90 66 78 9 0 13 0.00 M M 6.6 16 180 M M 0 25 150
12 86 63 75 6 0 10 0.00 M M 8.1 15 200 M M 0 18 20 170
13 80 65 73 4 0 8 0.00 M M 8.1 15 160 M M 4 20 110
14 85 64 75 5 0 10 0.00 M M 6.1 13 130 M M 2 8 18 140
15 90 64 77 7 0 12 0.00 M M 6.3 15 120 M M 2 8 23 100
16 87 65 76 6 0 11 0.00 M M 6.8 16 180 M M 5 8 23 150
17 78 62 70 0 0 5 0.00 M M 8.0 16 190 M M 5 18 21 200
18 77 61 69 -1 0 4 0.00 M M 6.6 14 170 M M 2 20 140
19 81 59 70 -1 0 5 0.00 M M 6.9 15 180 M M 0 21 80
20 99 62 81 10 0 16 0.00 M M 5.8 15 200 M M 0 20 210
21 91 68 80 9 0 15 0.00 M M 6.5 15 190 M M 0 21 140
22 93 69 81 10 0 16 0.01 M M 4.7 14 140 M M 2 3 19 230
23 96 68 82 10 0 17 0.00 M M 6.1 14 140 M M 0 19 160
24 96 66 81 9 0 16 0.00 M M 5.1 13 150 M M 0 20 100
25 96 64 80 8 0 15 0.00 M M 5.2 14 180 M M 0 17 170
26 96 66 81 9 0 16 0.00 M M 6.5 15 120 M M 0 25 140
27 100 68 84 11 0 19 0.00 M M 6.4 15 190 M M 0 19 130
28 97 72 85 12 0 20 0.00 M M 6.3 13 170 M M 0 19 210
29 94 68 81 8 0 16 0.00 M M 7.5 15 180 M M 0 22 120
30 92 66 79 6 0 14 0.00 M M 6.9 14 180 M M 0 8 17 150
================================================================================
SM 2654 1938 0 351 0.01 M 197.4 M 46
================================================================================
AV 88.5 64.6 6.6 FASTST M M 2 MAX(MPH)
MISC ----> # 16 180 27 110
================================================================================
NOTES:
# LAST OF SEVERAL OCCURRENCES
COLUMN 17 PEAK WIND IN M.P.H.
PRELIMINARY LOCAL CLIMATOLOGICAL DATA (WS FORM: F-6) , PAGE 2
STATION: HOLLYWOOD/BURBANK AIRPORT CA
MONTH: JUNE
YEAR: 2022
LATITUDE: 34 12 N
LONGITUDE: 118 22 W
[TEMPERATURE DATA] [PRECIPITATION DATA] SYMBOLS USED IN COLUMN 16
AVERAGE MONTHLY: 76.5 TOTAL FOR MONTH: 0.01 1 = FOG OR MIST
DPTR FM NORMAL: 6.4 DPTR FM NORMAL: -0.08 2 = FOG REDUCING VISIBILITY
HIGHEST: 100 ON 27 GRTST 24HR 0.01 ON 22-22 TO 1/4 MILE OR LESS
LOWEST: 59 ON 19 3 = THUNDER
SNOW, ICE PELLETS, HAIL 4 = ICE PELLETS
TOTAL MONTH: M 5 = HAIL
GRTST 24HR M ON M 6 = FREEZING RAIN OR DRIZZLE
GRTST DEPTH: M ON M 7 = DUSTSTORM OR SANDSTORM:
VSBY 1/2 MILE OR LESS
8 = SMOKE OR HAZE
[NO. OF DAYS WITH] [WEATHER - DAYS WITH] 9 = BLOWING SNOW
X = TORNADO
MAX 32 OR BELOW: 0 0.01 INCH OR MORE: 1
MAX 90 OR ABOVE: 16 0.10 INCH OR MORE: 0
MIN 32 OR BELOW: 0 0.50 INCH OR MORE: 0
MIN 0 OR BELOW: 0 1.00 INCH OR MORE: 0
[HDD (BASE 65) ]
TOTAL THIS MO. 0 CLEAR (SCALE 0-3) 25
DPTR FM NORMAL -8 PTCLDY (SCALE 4-7) 5
TOTAL FM JUL 1 862 CLOUDY (SCALE 8-10) 0
DPTR FM NORMAL -535
[CDD (BASE 65) ]
TOTAL THIS MO. 351
DPTR FM NORMAL 190 [PRESSURE DATA]
TOTAL FM JAN 1 684 HIGHEST SLP 30.00 ON 30
DPTR FM NORMAL 367 LOWEST SLP 29.69 ON 8
[REMARKS]
#FINAL-06-22#