000
CXUS56 KLOX 011655
CF6BUR
PRELIMINARY LOCAL CLIMATOLOGICAL DATA (WS FORM: F-6)
STATION: BOB HOPE AIRPORT (BURBANK) CA
MONTH: MARCH
YEAR: 2020
LATITUDE: 34 12 N
LONGITUDE: 118 22 W
TEMPERATURE IN F: :PCPN: SNOW: WIND :SUNSHINE: SKY :PK WND
================================================================================
1 2 3 4 5 6A 6B 7 8 9 10 11 12 13 14 15 16 17 18
12Z AVG MX 2MIN
DY MAX MIN AVG DEP HDD CDD WTR SNW DPTH SPD SPD DIR MIN PSBL S-S WX SPD DR
================================================================================
1 57 50 54 -3 11 0 T 0.0 0 9.4 16 200 M M 8 22 200
2 70 46 58 1 7 0 T M 0 8.8 28 20 M M 1 39 40
3 80 55 68 11 0 3 0.00 0.0 0 6.3 16 290 M M 0 M M
4 73 49 61 4 4 0 0.00 0.0 0 4.7 14 180 M M 0 18 140
5 80 49 65 7 0 0 0.00 0.0 0 3.7 10 180 M M 0 8 15 90
6 72 53 63 5 2 0 0.00 0.0 0 6.1 14 180 M M 1 8 18 170
7 62 53 58 0 7 0 0.00 0.0 0 7.5 15 170 M M 8 23 120
8 63 50 57 -1 8 0 T 0.0 0 4.7 14 210 M M 4 18 190
9 70 46 58 0 7 0 0.01 M 0 4.2 24 140 M M 2 29 150
10 65 55 60 2 5 0 0.33 0.0 0 8.8 18 150 M M 10 1 25 110
11 70 57 64 6 1 0 T 0.0 0 4.9 13 170 M M 5 18 220
12 61 50 56 -2 9 0 1.69 0.0 0 5.5 21 20 M M 6 1 24 10
13 54 50 52 -6 13 0 0.72 0.0 0 4.8 12 150 M M 10 1 16 120
14 57 52 55 -3 10 0 0.08 0.0 0 7.0 12 120 M M 9 18 18 110
15 60 51 56 -2 9 0 0.05 0.0 0 6.0 16 220 M M 9 1 22 220
16 57 46 52 -6 13 0 0.64 M 0 8.7 24 160 M M 9 1 31 150
17 57 39 48 -10 17 0 T M 0 3.8 17 270 M M 4 21 260
18 62 42 52 -6 13 0 0.00 0.0 0 5.4 16 150 M M 0 26 220
19 60 47 54 -4 11 0 0.01 M 0 6.9 16 170 M M 8 21 160
20 61 48 55 -4 10 0 T M 0 5.1 15 150 M M 6 19 150
21 64 52 58 -1 7 0 0.00 0.0 0 3.8 14 210 M M 5 19 180
22 68 48 58 -1 7 0 1.01 M 0 6.9 17 120 M M 5 1 21 120
23 62 51 57 -2 8 0 0.01 0.0 0 4.7 14 180 M M 8 16 180
24 62 48 55 -4 10 0 0.00 0.0 0 4.6 14 180 M M 8 20 210
25 61 48 55 -4 10 0 T M 0 6.6 17 210 M M 7 23 210
26 61 41 51 -8 14 0 0.00 0.0 0 5.4 21 250 M M 2 24 260
27 66 44 55 -4 10 0 0.00 0.0 0 6.9 M M M M 1 M M
28 64 45 55 -4 10 0 0.00 0.0 0 3.6 12 200 M M 1 17 200
29 65 47 56 -3 9 0 0.00 0.0 0 4.5 18 250 M M 2 24 240
30 74 46 60 1 5 0 0.00 0.0 0 3.4 15 160 M M 0 18 160
31 78 51 65 5 0 0 0.00 0.0 0 4.3 13 160 M M 0 15 200
================================================================================
SM 2016 1509 247 3 4.55 0.0 177.0 M 139
================================================================================
AV 65.0 48.7 5.7 FASTST M M 4 MAX(MPH)
MISC ----> # 28 20 # 39 40
================================================================================
NOTES:
# LAST OF SEVERAL OCCURRENCES
COLUMN 17 PEAK WIND IN M.P.H.
PRELIMINARY LOCAL CLIMATOLOGICAL DATA (WS FORM: F-6) , PAGE 2
STATION: BOB HOPE AIRPORT (BURBANK) CA
MONTH: MARCH
YEAR: 2020
LATITUDE: 34 12 N
LONGITUDE: 118 22 W
[TEMPERATURE DATA] [PRECIPITATION DATA] SYMBOLS USED IN COLUMN 16
AVERAGE MONTHLY: 56.9 TOTAL FOR MONTH: 4.55 1 = FOG OR MIST
DPTR FM NORMAL: -1.4 DPTR FM NORMAL: 1.58 2 = FOG REDUCING VISIBILITY
HIGHEST: 80 ON 5, 3 GRTST 24HR 1.69 ON 12-12 TO 1/4 MILE OR LESS
LOWEST: 39 ON 17 3 = THUNDER
SNOW, ICE PELLETS, HAIL 4 = ICE PELLETS
TOTAL MONTH: 0.0 INCH 5 = HAIL
GRTST 24HR 0.0 6 = FREEZING RAIN OR DRIZZLE
GRTST DEPTH: 0 7 = DUSTSTORM OR SANDSTORM:
VSBY 1/2 MILE OR LESS
8 = SMOKE OR HAZE
[NO. OF DAYS WITH] [WEATHER - DAYS WITH] 9 = BLOWING SNOW
X = TORNADO
MAX 32 OR BELOW: 0 0.01 INCH OR MORE: 10
MAX 90 OR ABOVE: 0 0.10 INCH OR MORE: 5
MIN 32 OR BELOW: 0 0.50 INCH OR MORE: 4
MIN 0 OR BELOW: 0 1.00 INCH OR MORE: 2
[HDD (BASE 65) ]
TOTAL THIS MO. 247 CLEAR (SCALE 0-3) 13
DPTR FM NORMAL 29 PTCLDY (SCALE 4-7) 12
TOTAL FM JUL 1 1173 CLOUDY (SCALE 8-10) 6
DPTR FM NORMAL -186
[CDD (BASE 65) ]
TOTAL THIS MO. 3
DPTR FM NORMAL -7 [PRESSURE DATA]
TOTAL FM JAN 1 13 HIGHEST SLP 30.23 ON 30
DPTR FM NORMAL -3 LOWEST SLP 29.71 ON 18
[REMARKS]
#FINAL-03-20#