000
CXUS56 KLOX 011630
CLMBUR
CLIMATE REPORT
NATIONAL WEATHER SERVICE LOS ANGELES/OXNARD
930 AM PDT THU JUN 01 2023
...................................
...THE HOLLYWOOD/BURBANK AIRPORT CA CLIMATE SUMMARY FOR THE MONTH OF MAY 2023...
CLIMATE NORMAL PERIOD: 1991 TO 2020
CLIMATE RECORD PERIOD: 1939 TO 2023
WEATHER OBSERVED NORMAL DEPART LAST YEAR`S
VALUE DATE(S) VALUE FROM VALUE
NORMAL
..............................................................
TEMPERATURE (F)
HIGHEST 82 05/14
LOWEST 47 05/03
AVG. MAXIMUM 69.9 75.5 -5.6
AVG. MINIMUM 55.1 56.6 -1.5
MEAN 62.5 66.1 -3.6
DAYS MAX >= 90 0
DAYS MAX <= 32 0
DAYS MIN <= 32 0
DAYS MIN <= 0 0
PRECIPITATION (INCHES)
TOTALS 0.83 0.29 0.54
DAILY AVG. 0.03
DAYS >= .01 2
DAYS >= .10 1
DAYS >= .50 1
DAYS >= 1.00 0
GREATEST
24 HR. TOTAL 0.78 05/04 TO 05/04
DEGREE DAYS
HEATING TOTAL 96 52 44 12
SINCE 7/1 1758 1393 365 MM
COOLING TOTAL 27 85 -58 114
SINCE 1/1 60 156 -96 MM
..............................................................
WIND (MPH)
AVERAGE WIND SPEED 6.1
HIGHEST WIND SPEED/DIRECTION 18/220 DATE 05/03
18/120 05/04
HIGHEST GUST SPEED/DIRECTION 26/210 DATE 05/15
SKY COVER
POSSIBLE SUNSHINE (PERCENT) MM
AVERAGE SKY COVER 0.57
NUMBER OF DAYS FAIR 9
NUMBER OF DAYS PC 12
NUMBER OF DAYS CLOUDY 10
AVERAGE RH (PERCENT) 70
WEATHER CONDITIONS. NUMBER OF DAYS WITH
THUNDERSTORM 1 MIXED PRECIP 0
HEAVY RAIN 1 RAIN 1
LIGHT RAIN 4 FREEZING RAIN 0
LT FREEZING RAIN 0 HAIL 0
HEAVY SNOW 0 SNOW 0
LIGHT SNOW 0 SLEET 0
FOG 15 FOG W/VIS <= 1/4 MILE 0
HAZE 18
- INDICATES NEGATIVE NUMBERS.
R INDICATES RECORD WAS SET OR TIED.
MM INDICATES DATA IS MISSING.
T INDICATES TRACE AMOUNT.
$$