000
CXUS54 KTSA 010950
CF6BVO
PRELIMINARY LOCAL CLIMATOLOGICAL DATA (WS FORM: F-6)
STATION: BARTLESVILLE OKLAHOMA
MONTH: DECEMBER
YEAR: 2020
LATITUDE: 36 45 N
LONGITUDE: 96 0 W
TEMPERATURE IN F: :PCPN: SNOW: WIND :SUNSHINE: SKY :PK WND
================================================================================
1 2 3 4 5 6A 6B 7 8 9 10 11 12 13 14 15 16 17 18
12Z AVG MX 2MIN
DY MAX MIN AVG DEP HDD CDD WTR SNW DPTH SPD SPD DIR MIN PSBL S-S WX SPD DR
================================================================================
1 58 19 39 -2 26 0 0.00 0.0 M 5.4 18 140 M M 0 27 160
2 43 25 34 -6 31 0 0.68 0.0 M 4.6 15 60 M M 10 1 23 60
3 42 29 36 -4 29 0 0.09 0.0 M 3.1 9 80 M M 9 1 13 80
4 54 27 41 1 24 0 0.00 0.0 M 2.7 10 270 M M 0 15 300
5 60 27 44 5 21 0 0.00 0.0 M 1.9 10 360 M M 0 16 20
6 56 24 40 1 25 0 0.00 0.0 M 2.2 15 20 M M 0 20 20
7 64 24 44 6 21 0 0.00 0.0 M 3.2 10 260 M M 0 17 240
8 66 26 46 8 19 0 0.00 0.0 M 1.9 8 230 M M 0 13 220
9 75 30 53 15 12 0 0.00 0.0 M 1.4 8 210 M M 0 13 230
10 72 25 49 11 16 0 0.00 0.0 M 3.8 13 160 M M 0 16 160
11 54 41 48 11 17 0 0.07 0.0 M 5.8 13 270 M M 8 1 21 270
12 43 37 40 3 25 0 0.00 0.0 M 4.5 14 270 M M 10 8 24 290
13 38 25 32 -5 33 0 0.19 M M 5.5 13 20 M M 8 1 17 30
14 38 18 28 -8 37 0 0.00 0.0 M 2.5 12 110 M M 0 15 90
15 34 25 30 -6 35 0 T M M 4.3 12 360 M M 6 1 15 360
16 35 22 29 -7 36 0 0.00 0.0 M 1.1 8 260 M M 7 1 14 290
17 52 18 35 -1 30 0 0.00 0.0 M 3.1 10 220 M M 0 128 16 210
18 57 25 41 5 24 0 0.00 0.0 M 9.5 24 180 M M 2 1 40 180
19 51 23 37 2 28 0 0.00 0.0 M 2.5 12 10 M M 1 15 350
20 60 22 41 6 24 0 0.00 0.0 M 3.7 10 290 M M 0 17 290
21 64 30 47 12 18 0 0.00 0.0 M 3.2 13 250 M M 0 22 250
22 68 25 47 12 18 0 0.00 0.0 M 10.0 26 160 M M 0 36 170
23 61 28 45 10 20 0 0.00 0.0 M 11.4 26 190 M M 2 8 47 180
24 41 22 32 -3 33 0 0.00 0.0 M 4.7 13 300 M M 2 25 290
25 47 14 31 -4 34 0 0.00 0.0 M 3.0 14 200 M M 0 19 200
26 69 20 45 10 20 0 0.00 0.0 M 5.4 21 210 M M 0 36 220
27 63 29 46 11 19 0 0.00 0.0 M 5.4 21 220 M M 0 31 210
28 40 25 33 -1 32 0 0.00 0.0 M 5.8 16 20 M M 1 18 20 20
29 51 37 44 10 21 0 0.32 0.0 M 9.9 25 160 M M 10 1 34 180
30 45 24 35 1 30 0 0.53 M M 5.8 14 360 M M 5 1 25 330
31 37 23 30 -4 35 0 0.44 0.0 0 9.3 22 20 M M 2 16 32 10
================================================================================
SM 1638 789 793 0 2.32 0.0 146.6 M 83
================================================================================
AV 52.8 25.5 4.7 FASTST M M 3 MAX(MPH)
MISC ----> # 26 160 47 180
================================================================================
NOTES:
# LAST OF SEVERAL OCCURRENCES
COLUMN 17 PEAK WIND IN M.P.H.
PRELIMINARY LOCAL CLIMATOLOGICAL DATA (WS FORM: F-6) , PAGE 2
STATION: BARTLESVILLE OKLAHOMA
MONTH: DECEMBER
YEAR: 2020
LATITUDE: 36 45 N
LONGITUDE: 96 0 W
[TEMPERATURE DATA] [PRECIPITATION DATA] SYMBOLS USED IN COLUMN 16
AVERAGE MONTHLY: 39.1 TOTAL FOR MONTH: 2.32 1 = FOG OR MIST
DPTR FM NORMAL: 2.6 DPTR FM NORMAL: 0.11 2 = FOG REDUCING VISIBILITY
HIGHEST: 75 ON 9 GRTST 24HR 0.81 ON 29-30 TO 1/4 MILE OR LESS
LOWEST: 14 ON 25 3 = THUNDER
SNOW, ICE PELLETS, HAIL 4 = ICE PELLETS
TOTAL MONTH: 0.0 INCH 5 = HAIL
GRTST 24HR 0.0 6 = FREEZING RAIN OR DRIZZLE
GRTST DEPTH: 0 7 = DUSTSTORM OR SANDSTORM:
VSBY 1/2 MILE OR LESS
8 = SMOKE OR HAZE
[NO. OF DAYS WITH] [WEATHER - DAYS WITH] 9 = BLOWING SNOW
X = TORNADO
MAX 32 OR BELOW: 0 0.01 INCH OR MORE: 7
MAX 90 OR ABOVE: 0 0.10 INCH OR MORE: 5
MIN 32 OR BELOW: 28 0.50 INCH OR MORE: 2
MIN 0 OR BELOW: 0 1.00 INCH OR MORE: 0
[HDD (BASE 65) ]
TOTAL THIS MO. 793 CLEAR (SCALE 0-3) 22
DPTR FM NORMAL -89 PTCLDY (SCALE 4-7) 5
TOTAL FM JUL 1 1569 CLOUDY (SCALE 8-10) 4
DPTR FM NORMAL -74
[CDD (BASE 65) ]
TOTAL THIS MO. 0
DPTR FM NORMAL 0 [PRESSURE DATA]
TOTAL FM JAN 1 1602 HIGHEST SLP 30.46 ON 28
DPTR FM NORMAL -155 LOWEST SLP 29.58 ON 23
[REMARKS]
#FINAL-12-20#