000
CXUS54 KLZK 011332
CF6BVX
PRELIMINARY LOCAL CLIMATOLOGICAL DATA (WS FORM: F-6)
STATION: BATESVILLE REGIONAL AIRPORT
MONTH: FEBRUARY
YEAR: 2024
LATITUDE: 35 43 N
LONGITUDE: 91 39 W
TEMPERATURE IN F: :PCPN: SNOW: WIND :SUNSHINE: SKY :PK WND
================================================================================
1 2 3 4 5 6A 6B 7 8 9 10 11 12 13 14 15 16 17 18
12Z AVG MX 2MIN
DY MAX MIN AVG DEP HDD CDD WTR SNW DPTH SPD SPD DIR MIN PSBL S-S WX SPD DR
================================================================================
1 65 37 51 13 14 0 0.00 M M 5.6 13 240 M M 0 M M
2 70 43 57 19 8 0 0.00 M M 3.7 10 120 M M 2 M M
3 61 42 52 14 13 0 0.39 M M 3.2 8 100 M M 5 128 M M
4 52 46 49 11 16 0 0.72 M M 11.7 21 90 M M 10 18 31 90
5 61 39 50 11 15 0 0.00 M M 5.4 9 330 M M 1 M M
6 63 33 48 9 17 0 0.00 M M 3.7 8 110 M M 0 8 M M
7 62 33 48 9 17 0 0.00 M M 4.5 9 180 M M 0 1 M M
8 61 49 55 16 10 0 T M M 6.3 12 180 M M 7 16 99
9 74 57 66 26 0 1 0.01 M M 7.2 14 210 M M 5 8 16 220
10 64 44 54 14 11 0 0.11 M M 5.1 12 230 M M 5 M M
11 49 41 45 5 20 0 0.04 M M 5.8 9 30 M M 10 M M
12 47 34 41 1 24 0 0.65 M M 7.1 12 50 M M 9 1 18 300
13 61 30 46 6 19 0 0.00 M M 4.4 8 200 M M 0 M M
14 64 34 49 8 16 0 0.00 M M 5.5 10 170 M M 0 M M
15 72 46 59 18 6 0 0.00 M M 5.5 13 260 M M 0 M M
16 67 32 50 9 15 0 T M M 6.2 17 320 M M 8 8 31 290
17 42 26 34 -8 31 0 0.00 M M 5.7 12 350 M M 1 22 350
18 54 21 38 -4 27 0 0.00 M M 3.7 10 250 M M 0 M M
19 59 26 43 1 22 0 0.00 M M 3.5 12 160 M M 2 M M
20 69 37 53 11 12 0 0.00 M M 3.4 6 180 M M 2 M M
21 69 50 60 17 5 0 0.00 M M 9.0 16 190 M M 1 24 190
22 70 57 64 21 1 0 0.09 M M 8.8 18 210 M M 6 3 24 200
23 66 48 57 14 8 0 0.00 M M 6.7 12 280 M M 0 20 300
24 62 46 54 10 11 0 0.00 M M 5.1 8 330 M M 0 16 330
25 77 45 61 17 4 0 0.00 M M 8.1 18 230 M M 1 26 230
26 70 58 64 20 1 0 0.00 M M 9.4 15 190 M M 1 25 190
27 84 66 75 31 0 10 0.00 M M 12.2 23 220 M M 0 37 220
28 70 35 53 8 12 0 T M M 9.3 18 300 M M 1 33 330
29 52 27 40 -5 25 0 0.06 M M 5.9 13 120 M M 2 16 140
================================================================================
SM 1837 1182 380 11 2.07 M 181.7 M 79
================================================================================
AV 63.3 40.8 6.3 FASTST M M 3 MAX(MPH)
MISC ----> 23 220 37 220
================================================================================
NOTES:
# LAST OF SEVERAL OCCURRENCES
COLUMN 17 PEAK WIND IN M.P.H.
PRELIMINARY LOCAL CLIMATOLOGICAL DATA (WS FORM: F-6) , PAGE 2
STATION: BATESVILLE REGIONAL AIRPORT
MONTH: FEBRUARY
YEAR: 2024
LATITUDE: 35 43 N
LONGITUDE: 91 39 W
[TEMPERATURE DATA] [PRECIPITATION DATA] SYMBOLS USED IN COLUMN 16
AVERAGE MONTHLY: 52.1 TOTAL FOR MONTH: 2.07 1 = FOG OR MIST
DPTR FM NORMAL: 11.1 DPTR FM NORMAL: -1.26 2 = FOG REDUCING VISIBILITY
HIGHEST: 84 ON 27 GRTST 24HR 1.08 ON 3- 4 TO 1/4 MILE OR LESS
LOWEST: 21 ON 18 3 = THUNDER
SNOW, ICE PELLETS, HAIL 4 = ICE PELLETS
TOTAL MONTH: M 5 = HAIL
GRTST 24HR M ON M 6 = FREEZING RAIN OR DRIZZLE
GRTST DEPTH: M ON M 7 = DUSTSTORM OR SANDSTORM:
VSBY 1/2 MILE OR LESS
8 = SMOKE OR HAZE
[NO. OF DAYS WITH] [WEATHER - DAYS WITH] 9 = BLOWING SNOW
X = TORNADO
MAX 32 OR BELOW: 0 0.01 INCH OR MORE: 8
MAX 90 OR ABOVE: 0 0.10 INCH OR MORE: 4
MIN 32 OR BELOW: 6 0.50 INCH OR MORE: 2
MIN 0 OR BELOW: 0 1.00 INCH OR MORE: 0
[HDD (BASE 65) ]
TOTAL THIS MO. 380 CLEAR (SCALE 0-3) 20
DPTR FM NORMAL -292 PTCLDY (SCALE 4-7) 5
TOTAL FM JUL 1 2426 CLOUDY (SCALE 8-10) 4
DPTR FM NORMAL -662
[CDD (BASE 65) ]
TOTAL THIS MO. 11
DPTR FM NORMAL 11 [PRESSURE DATA]
TOTAL FM JAN 1 11 HIGHEST SLP 30.45 ON 28
DPTR FM NORMAL 11 LOWEST SLP 29.49 ON 27
[REMARKS]
#FINAL-02-24#