000
CXUS51 KLWX 010915
CF6BWI
PRELIMINARY LOCAL CLIMATOLOGICAL DATA (WS FORM: F-6)
STATION: BALTIMORE MD
MONTH: FEBRUARY
YEAR: 2023
LATITUDE: 39 10 N
LONGITUDE: 76 40 W
TEMPERATURE IN F: :PCPN: SNOW: WIND :SUNSHINE: SKY :PK WND
================================================================================
1 2 3 4 5 6A 6B 7 8 9 10 11 12 13 14 15 16 17 18
12Z AVG MX 2MIN
DY MAX MIN AVG DEP HDD CDD WTR SNW DPTH SPD SPD DIR MIN PSBL S-S WX SPD DR
================================================================================
1 40 26 33 -1 32 0 0.01 0.2 T 4.6 15 340 M M 8 1 24 360
2 42 27 35 1 30 0 0.00 0.0 0 4.0 12 240 M M 9 18 17 230
3 39 17 28 -7 37 0 T T 0 16.6 30 300 M M 5 8 44 290
4 31 14 23 -12 42 0 0.00 0.0 0 6.3 21 300 M M 2 28 290
5 57 28 43 8 22 0 0.00 0.0 0 4.3 14 200 M M 8 22 190
6 54 33 44 9 21 0 0.00 0.0 0 8.5 22 330 M M 5 30 340
7 48 26 37 2 28 0 0.00 0.0 0 2.8 13 110 M M 7 17 150
8 65 41 53 18 12 0 0.00 0.0 0 5.9 18 300 M M 8 26 310
9 68 38 53 17 12 0 0.00 0.0 0 5.0 15 170 M M 8 8 27 190
10 66 45 56 20 9 0 0.00 0.0 0 13.0 28 280 M M 6 8 36 300
11 51 35 43 7 22 0 0.00 0.0 0 5.4 24 290 M M 7 31 300
12 43 36 40 4 25 0 0.62 0.0 0 6.4 16 50 M M 10 1 23 20
13 58 38 48 12 17 0 T 0.0 0 7.9 20 270 M M 6 4 26 280
14 61 32 47 11 18 0 0.00 0.0 0 3.7 12 120 M M 5 17 300
15 71 45 58 21 7 0 0.00 0.0 0 8.4 23 220 M M 8 32 230
16 64 45 55 18 10 0 0.39 0.0 0 3.7 10 160 M M 8 1 16 200
17 65 34 50 13 15 0 0.77 0.0 0 14.2 32 310 M M 8 1 49 310
18 47 25 36 -1 29 0 0.00 0.0 0 7.9 21 320 M M 2 31 300
19 60 31 46 9 19 0 0.00 0.0 0 5.5 18 110 M M 6 28 160
20 65 48 57 19 8 0 0.00 0.0 0 6.3 16 230 M M 7 21 260
21 63 41 52 14 13 0 0.02 0.0 0 7.4 30 250 M M 6 13 44 250
22 49 39 44 6 21 0 0.02 0.0 0 6.8 15 80 M M 8 18 70
23 79 41 60 22 5 0 0.00 0.0 0 3.9 20 300 M M 4 27 300
24 63 37 50 11 15 0 T 0.0 0 12.4 29 290 M M 4 37 290
25 38 31 35 -4 30 0 T T 0 6.0 15 100 M M 8 58 18 110
26 55 36 46 7 19 0 0.00 0.0 0 6.0 15 230 M M 7 18 22 230
27 51 30 41 2 24 0 0.29 0.0 0 6.8 20 100 M M 7 1 26 100
28 56 36 46 6 19 0 0.06 0.0 0 4.3 12 50 M M 7 18 16 20
================================================================================
SM 1549 955 561 0 2.18 0.2 194.0 M 184
================================================================================
AV 55.3 34.1 6.9 FASTST M M 7 MAX(MPH)
MISC ----> 32 310 49 310
================================================================================
NOTES:
# LAST OF SEVERAL OCCURRENCES
COLUMN 17 PEAK WIND IN M.P.H.
PRELIMINARY LOCAL CLIMATOLOGICAL DATA (WS FORM: F-6) , PAGE 2
STATION: BALTIMORE MD
MONTH: FEBRUARY
YEAR: 2023
LATITUDE: 39 10 N
LONGITUDE: 76 40 W
[TEMPERATURE DATA] [PRECIPITATION DATA] SYMBOLS USED IN COLUMN 16
AVERAGE MONTHLY: 44.7 TOTAL FOR MONTH: 2.18 1 = FOG OR MIST
DPTR FM NORMAL: 8.1 DPTR FM NORMAL: -0.72 2 = FOG REDUCING VISIBILITY
HIGHEST: 79 ON 23 GRTST 24HR 1.16 ON 16-17 TO 1/4 MILE OR LESS
LOWEST: 14 ON 4 3 = THUNDER
SNOW, ICE PELLETS, HAIL 4 = ICE PELLETS
TOTAL MONTH: 0.2 INCH 5 = HAIL
GRTST 24HR 0.2 ON 1- 1 6 = FREEZING RAIN OR DRIZZLE
GRTST DEPTH: T 7 = DUSTSTORM OR SANDSTORM:
VSBY 1/2 MILE OR LESS
8 = SMOKE OR HAZE
[NO. OF DAYS WITH] [WEATHER - DAYS WITH] 9 = BLOWING SNOW
X = TORNADO
MAX 32 OR BELOW: 1 0.01 INCH OR MORE: 8
MAX 90 OR ABOVE: 0 0.10 INCH OR MORE: 4
MIN 32 OR BELOW: 11 0.50 INCH OR MORE: 2
MIN 0 OR BELOW: 0 1.00 INCH OR MORE: 0
[HDD (BASE 65) ]
TOTAL THIS MO. 561 CLEAR (SCALE 0-3) 2
DPTR FM NORMAL -233 PTCLDY (SCALE 4-7) 20
TOTAL FM JUL 1 2806 CLOUDY (SCALE 8-10) 6
DPTR FM NORMAL -598
[CDD (BASE 65) ]
TOTAL THIS MO. 0
DPTR FM NORMAL 0 [PRESSURE DATA]
TOTAL FM JAN 1 0 HIGHEST SLP 30.69 ON 4
DPTR FM NORMAL 0 LOWEST SLP 29.48 ON 28
[REMARKS]
#FINAL-02-23#