000
CXUS54 KHGX 011510
CF6BYY
PRELIMINARY LOCAL CLIMATOLOGICAL DATA (WS FORM: F-6)
STATION: Bay City
MONTH: FEBRUARY
YEAR: 2021
LATITUDE: 28 58 N
LONGITUDE: 95 52 W
TEMPERATURE IN F: :PCPN: SNOW: WIND :SUNSHINE: SKY :PK WND
================================================================================
1 2 3 4 5 6A 6B 7 8 9 10 11 12 13 14 15 16 17 18
12Z AVG MX 2MIN
DY MAX MIN AVG DEP HDD CDD WTR SNW DPTH SPD SPD DIR MIN PSBL S-S WX SPD DR
================================================================================
1 64 42 53 M 12 0 0.00 0.0 0 6.5 14 360 M M 0 18 340
2 65 38 52 M 13 0 0.00 0.0 0 2.9 7 170 M M 0 M M
3 70 47 59 M 6 0 0.00 0.0 0 8.5 15 160 M M 4 1 18 150
4 76 59 68 M 0 3 0.00 0.0 0 10.3 23 220 M M 7 1 31 200
5 64 54 59 M 6 0 0.00 0.0 0 10.0 17 60 M M 10 27 50
6 68 54 61 M 4 0 0.00 0.0 0 6.4 15 360 M M 7 1 20 360
7 65 41 53 M 12 0 0.00 0.0 0 6.7 12 180 M M 0 16 140
8 74 50 62 M 3 0 0.00 M 0 7.0 16 170 M M 5 1 21 150
9 74 63 69 M 0 4 0.00 0.0 0 4.1 12 90 M M 10 12 16 110
10 72 47 60 M 5 0 0.09 0.0 0 4.7 13 360 M M 10 12 M M
11 47 38 43 M 22 0 0.25 0.0 0 12.9 17 360 M M 10 1 25 360
12 39 34 37 M 28 0 0.00 0.0 0 14.1 21 360 M M 10 1 33 360
13 38 33 36 M 29 0 0.00 0.0 0 10.3 16 10 M M 10 1 22 10
14 38 26 32 M 33 0 0.00 0.0 0 11.7 16 360 M M 10 1 24 350
15 25 16 21 M 44 0 0.02 M M 14.8 22 330 M M 6 29 340
16 33 19 26 M 39 0 M M M 9.9 12 60 M M 3 18 40
17 40 33 37 M 28 0 0.11 0.0 0 13.4 17 10 M M 6 1 29 360
18 42 32 37 M 28 0 M M M 13.6 20 350 M M 9 1 28 360
19 49 25 37 M 28 0 M M M 4.9 15 350 M M 0 18 350
20 60 25 43 M 22 0 M M M 5.2 12 170 M M 1 18 170
21 71 49 60 M 5 0 M M M 6.6 17 180 M M 7 21 180
22 76 46 61 M 4 0 0.00 0.0 0 4.4 10 20 M M 4 1 16 0
23 76 39 58 M 7 0 0.00 0.0 0 5.6 15 180 M M 2 1 20 170
24 76 57 67 M 0 2 0.00 0.0 0 7.0 16 190 M M 9 21 190
25 77 64 71 M 0 6 0.00 0.0 0 7.4 20 160 M M 10 12 28 160
26 78 67 73 M 0 8 0.00 0.0 0 10.4 20 170 M M 10 1 23 170
27 76 68 72 M 0 7 0.00 0.0 0 10.7 17 160 M M 10 1 25 160
28 80 69 75 M 0 10 0.00 0.0 0 9.4 14 180 M M 10 1 20 190
================================================================================
SM 1713 1235 378 40 0.47 0.0 239.5 M 180
================================================================================
AV 61.2 44.1 8.6 FASTST M M 6 MAX(MPH)
MISC ----> 23 220 33 360
================================================================================
NOTES:
# LAST OF SEVERAL OCCURRENCES
COLUMN 17 PEAK WIND IN M.P.H.
PRELIMINARY LOCAL CLIMATOLOGICAL DATA (WS FORM: F-6) , PAGE 2
STATION: Bay City
MONTH: FEBRUARY
YEAR: 2021
LATITUDE: 28 58 N
LONGITUDE: 95 52 W
[TEMPERATURE DATA] [PRECIPITATION DATA] SYMBOLS USED IN COLUMN 16
AVERAGE MONTHLY: 52.6 TOTAL FOR MONTH: 0.47 1 = FOG OR MIST
DPTR FM NORMAL: 0.0 DPTR FM NORMAL: 0.47 2 = FOG REDUCING VISIBILITY
HIGHEST: 80 ON 28 GRTST 24HR 0.25 ON 11-11 TO 1/4 MILE OR LESS
LOWEST: 16 ON 15 3 = THUNDER
SNOW, ICE PELLETS, HAIL 4 = ICE PELLETS
TOTAL MONTH: 0.0 INCH 5 = HAIL
GRTST 24HR 0.0 6 = FREEZING RAIN OR DRIZZLE
GRTST DEPTH: 0 7 = DUSTSTORM OR SANDSTORM:
VSBY 1/2 MILE OR LESS
8 = SMOKE OR HAZE
[NO. OF DAYS WITH] [WEATHER - DAYS WITH] 9 = BLOWING SNOW
X = TORNADO
MAX 32 OR BELOW: 1 0.01 INCH OR MORE: 4
MAX 90 OR ABOVE: 0 0.10 INCH OR MORE: 2
MIN 32 OR BELOW: 6 0.50 INCH OR MORE: 0
MIN 0 OR BELOW: 0 1.00 INCH OR MORE: 0
[HDD (BASE 65) ]
TOTAL THIS MO. 378 CLEAR (SCALE 0-3) 7
DPTR FM NORMAL M PTCLDY (SCALE 4-7) 8
TOTAL FM JUL 1 1080 CLOUDY (SCALE 8-10) 13
DPTR FM NORMAL M
[CDD (BASE 65) ]
TOTAL THIS MO. 40
DPTR FM NORMAL M [PRESSURE DATA]
TOTAL FM JAN 1 68 HIGHEST SLP M ON M
DPTR FM NORMAL M LOWEST SLP M ON M
[REMARKS]
#FINAL-02-21#