000
CXUS56 KTFX 011110
CF6BZN
PRELIMINARY LOCAL CLIMATOLOGICAL DATA (WS FORM: F-6)
STATION: BOZEMAN/GALLATIN FIELD MT
MONTH: MARCH
YEAR: 2022
LATITUDE: 45 46 N
LONGITUDE: 111 9 W
TEMPERATURE IN F: :PCPN: SNOW: WIND :SUNSHINE: SKY :PK WND
================================================================================
1 2 3 4 5 6A 6B 7 8 9 10 11 12 13 14 15 16 17 18
12Z AVG MX 2MIN
DY MAX MIN AVG DEP HDD CDD WTR SNW DPTH SPD SPD DIR MIN PSBL S-S WX SPD DR
================================================================================
1 56 35 46 18 19 0 0.00 0.0 T 8.0 20 230 M M 8 30 230
2 51 32 42 14 23 0 0.00 0.0 T 3.5 10 170 M M 6 14 200
3 62 32 47 18 18 0 0.00 0.0 0 3.6 13 300 M M 1 16 250
4 38 26 32 3 33 0 0.14 3.0 0 5.3 14 350 M M 8 1 16 350
5 29 20 25 -5 40 0 0.02 1.0 4 3.9 10 220 M M 10 1 15 210
6 30 11 21 -9 44 0 0.00 0.0 1 6.1 17 340 M M 6 21 340
7 33 5 19 -12 46 0 T T 0 4.7 16 340 M M 7 1 20 340
8 28 10 19 -12 46 0 0.01 0.7 1 10.3 24 340 M M 10 18 29 350
9 15 -5 5 -27 60 0 T 0.3 1 5.8 15 200 M M 4 18 18 190
10 21 -11 5 -27 60 0 0.00 0.0 1 4.9 12 90 M M 2 13 90
11 41 6 24 -8 41 0 0.00 0.0 1 4.0 12 280 M M 8 17 190
12 56 32 44 11 21 0 0.00 0.0 0 12.4 26 230 M M 5 39 240
13 49 30 40 7 25 0 0.01 0.0 0 8.9 31 310 M M 9 1 38 320
14 55 21 38 4 27 0 0.00 0.0 0 8.2 21 260 M M 2 27 260
15 50 29 40 6 25 0 0.06 T 0 7.4 28 290 M M 7 1 32 220
16 46 29 38 4 27 0 T T 0 6.2 25 320 M M 8 33 320
17 49 27 38 3 27 0 0.00 0.0 0 4.3 12 80 M M 3 16 70
18 54 26 40 5 25 0 0.00 0.0 0 7.2 22 270 M M 7 30 270
19 57 28 43 8 22 0 0.00 0.0 0 4.9 17 240 M M 2 27 250
20 45 25 35 -1 30 0 0.12 0.5 0 10.5 24 310 M M 7 1 33 300
21 45 17 31 -5 34 0 0.00 0.0 T 6.5 16 270 M M 8 25 230
22 51 30 41 5 24 0 0.00 0.0 0 4.7 12 210 M M 6 16 300
23 64 27 46 9 19 0 0.00 0.0 0 4.0 9 100 M M 1 12 70
24 63 36 50 13 15 0 0.00 0.0 0 8.8 25 310 M M 2 37 270
25 54 27 41 4 24 0 0.00 0.0 0 1.8 10 130 M M 1 11 130
26 68 30 49 11 16 0 0.00 0.0 0 4.5 15 140 M M 4 20 140
27 68 30 49 11 16 0 0.00 0.0 0 4.5 14 180 M M 1 8 18 180
28 71 39 55 17 10 0 0.00 0.0 0 7.3 25 210 M M 1 34 220
29 47 26 37 -1 28 0 0.15 T 0 9.4 21 290 M M 8 1 26 310
30 58 21 40 1 25 0 0.00 0.0 0 4.0 14 300 M M 1 17 330
31 47 28 38 -1 27 0 T T 0 8.0 21 360 M M 9 1 25 10
================================================================================
SM 1501 719 897 0 0.51 5.5 193.6 M 162
================================================================================
AV 48.4 23.2 6.2 FASTST M M 5 MAX(MPH)
MISC ----> 31 310 39 240
================================================================================
NOTES:
# LAST OF SEVERAL OCCURRENCES
COLUMN 17 PEAK WIND IN M.P.H.
PRELIMINARY LOCAL CLIMATOLOGICAL DATA (WS FORM: F-6) , PAGE 2
STATION: BOZEMAN/GALLATIN FIELD MT
MONTH: MARCH
YEAR: 2022
LATITUDE: 45 46 N
LONGITUDE: 111 9 W
[TEMPERATURE DATA] [PRECIPITATION DATA] SYMBOLS USED IN COLUMN 16
AVERAGE MONTHLY: 35.8 TOTAL FOR MONTH: 0.51 1 = FOG OR MIST
DPTR FM NORMAL: 1.8 DPTR FM NORMAL: -0.42 2 = FOG REDUCING VISIBILITY
HIGHEST: 71 ON 28 GRTST 24HR 0.16 ON 4- 5 TO 1/4 MILE OR LESS
LOWEST: -11 ON 10 3 = THUNDER
SNOW, ICE PELLETS, HAIL 4 = ICE PELLETS
TOTAL MONTH: 5.5 INCHES 5 = HAIL
GRTST 24HR 3.0 ON 4- 4 6 = FREEZING RAIN OR DRIZZLE
GRTST DEPTH: 4 ON 5 7 = DUSTSTORM OR SANDSTORM:
VSBY 1/2 MILE OR LESS
8 = SMOKE OR HAZE
[NO. OF DAYS WITH] [WEATHER - DAYS WITH] 9 = BLOWING SNOW
X = TORNADO
MAX 32 OR BELOW: 5 0.01 INCH OR MORE: 7
MAX 90 OR ABOVE: 0 0.10 INCH OR MORE: 3
MIN 32 OR BELOW: 28 0.50 INCH OR MORE: 0
MIN 0 OR BELOW: 2 1.00 INCH OR MORE: 0
[HDD (BASE 65) ]
TOTAL THIS MO. 897 CLEAR (SCALE 0-3) 11
DPTR FM NORMAL -64 PTCLDY (SCALE 4-7) 14
TOTAL FM JUL 1 6502 CLOUDY (SCALE 8-10) 6
DPTR FM NORMAL -437
[CDD (BASE 65) ]
TOTAL THIS MO. 0
DPTR FM NORMAL 0 [PRESSURE DATA]
TOTAL FM JAN 1 0 HIGHEST SLP 30.49 ON 6
DPTR FM NORMAL 0 LOWEST SLP 29.47 ON 28
[REMARKS]
#FINAL-03-22#