000
CXUS52 KCAE 011400
CF6CAE
PRELIMINARY LOCAL CLIMATOLOGICAL DATA (WS FORM: F-6)
STATION: COLUMBIA METRO AIRPORT SC
MONTH: MAY
YEAR: 2023
LATITUDE: 33 57 N
LONGITUDE: 81 7 W
TEMPERATURE IN F: :PCPN: SNOW: WIND :SUNSHINE: SKY :PK WND
================================================================================
1 2 3 4 5 6A 6B 7 8 9 10 11 12 13 14 15 16 17 18
12Z AVG MX 2MIN
DY MAX MIN AVG DEP HDD CDD WTR SNW DPTH SPD SPD DIR MIN PSBL S-S WX SPD DR
================================================================================
1 72 48 60 -8 5 0 0.00 M 0 13.7 31 270 M M 1 40 240
2 75 47 61 -7 4 0 0.00 0.0 0 13.7 33 280 M M 1 42 290
3 75 46 61 -8 4 0 0.00 0.0 0 9.9 28 280 M M 0 8 36 280
4 75 40 58 -11 7 0 0.00 0.0 0 2.5 12 310 M M 2 16 270
5 74 47 61 -8 4 0 0.00 0.0 0 3.5 10 150 M M 8 14 110
6 75 56 66 -4 0 1 0.00 0.0 0 2.4 12 190 M M 7 15 190
7 81 54 68 -2 0 3 0.00 0.0 0 6.1 16 190 M M 4 1 20 210
8 85 65 75 5 0 10 T 0.0 0 5.6 18 270 M M 7 23 280
9 92 66 79 9 0 14 0.00 0.0 0 5.8 15 280 M M 6 3 20 280
10 80 65 73 2 0 8 0.00 0.0 0 5.9 14 20 M M 7 19 50
11 83 59 71 0 0 6 0.00 0.0 0 5.6 15 100 M M 7 20 90
12 85 62 74 3 0 9 0.14 0.0 0 6.2 17 230 M M 7 1 22 230
13 86 66 76 5 0 11 0.00 0.0 0 4.3 12 200 M M 6 1 14 170
14 87 68 78 6 0 13 0.02 0.0 0 5.0 20 160 M M 5 138 22 160
15 84 68 76 4 0 11 T 0.0 0 8.4 16 110 M M 7 24 130
16 88 62 75 3 0 10 0.00 0.0 0 6.4 16 230 M M 6 22 210
17 87 70 79 7 0 14 T 0.0 0 6.6 16 10 M M 8 20 360
18 74 61 68 -5 0 3 1.53 0.0 0 9.2 18 90 M M 10 1 28 90
19 69 52 61 -12 4 0 1.17 0.0 0 5.8 12 30 M M 10 1 21 20
20 76 65 71 -2 0 6 T 0.0 0 3.6 9 270 M M 9 1 11 250
21 76 66 71 -2 0 6 0.32 0.0 0 2.9 12 60 M M 9 18 18 60
22 81 64 73 -1 0 8 0.00 0.0 M 8.1 17 100 M M 7 1 23 100
23 80 64 72 -2 0 7 0.00 0.0 0 9.0 18 70 M M 8 8 22 70
24 80 60 70 -4 0 5 0.00 0.0 0 7.7 15 50 M M 4 20 50
25 83 51 67 -7 0 2 0.00 0.0 0 8.0 21 80 M M 6 8 27 70
26 70 63 67 -8 0 2 0.00 0.0 0 11.0 16 20 M M 9 23 10
27 64 52 58 -17 7 0 1.59 0.0 0 10.4 18 40 M M 10 1 30 50
28 65 57 61 -14 4 0 0.18 0.0 0 7.0 15 290 M M 10 18 18 300
29 81 55 68 -7 0 3 0.00 0.0 0 4.0 12 320 M M 6 1 15 350
30 84 60 72 -4 0 7 0.00 0.0 0 5.8 14 60 M M 5 17 60
31 80 65 73 -3 0 8 0.00 0.0 0 5.8 13 80 M M 8 16 50
================================================================================
SM 2447 1824 39 167 4.95 0.0 209.9 M 200
================================================================================
AV 78.9 58.8 6.8 FASTST M M 6 MAX(MPH)
MISC ----> 33 280 42 290
================================================================================
NOTES:
# LAST OF SEVERAL OCCURRENCES
COLUMN 17 PEAK WIND IN M.P.H.
PRELIMINARY LOCAL CLIMATOLOGICAL DATA (WS FORM: F-6) , PAGE 2
STATION: COLUMBIA METRO AIRPORT SC
MONTH: MAY
YEAR: 2023
LATITUDE: 33 57 N
LONGITUDE: 81 7 W
[TEMPERATURE DATA] [PRECIPITATION DATA] SYMBOLS USED IN COLUMN 16
AVERAGE MONTHLY: 68.9 TOTAL FOR MONTH: 4.95 1 = FOG OR MIST
DPTR FM NORMAL: -3.3 DPTR FM NORMAL: 1.46 2 = FOG REDUCING VISIBILITY
HIGHEST: 92 ON 9 GRTST 24HR 2.51 ON 18-19 TO 1/4 MILE OR LESS
LOWEST: 40 ON 4 3 = THUNDER
SNOW, ICE PELLETS, HAIL 4 = ICE PELLETS
TOTAL MONTH: 0.0 INCH 5 = HAIL
GRTST 24HR 0.0 6 = FREEZING RAIN OR DRIZZLE
GRTST DEPTH: 0 7 = DUSTSTORM OR SANDSTORM:
VSBY 1/2 MILE OR LESS
8 = SMOKE OR HAZE
[NO. OF DAYS WITH] [WEATHER - DAYS WITH] 9 = BLOWING SNOW
X = TORNADO
MAX 32 OR BELOW: 0 0.01 INCH OR MORE: 7
MAX 90 OR ABOVE: 1 0.10 INCH OR MORE: 6
MIN 32 OR BELOW: 0 0.50 INCH OR MORE: 3
MIN 0 OR BELOW: 0 1.00 INCH OR MORE: 3
[HDD (BASE 65) ]
TOTAL THIS MO. 39 CLEAR (SCALE 0-3) 4
DPTR FM NORMAL 21 PTCLDY (SCALE 4-7) 18
TOTAL FM JUL 1 1982 CLOUDY (SCALE 8-10) 9
DPTR FM NORMAL -487
[CDD (BASE 65) ]
TOTAL THIS MO. 167
DPTR FM NORMAL -72 [PRESSURE DATA]
TOTAL FM JAN 1 312 HIGHEST SLP 30.27 ON 6
DPTR FM NORMAL -36 LOWEST SLP 29.58 ON 2
[REMARKS]
#FINAL-05-23#