000
CXUS52 KCAE 011846
CLMCAE
CLIMATE REPORT
NATIONAL WEATHER SERVICE COLUMBIA SC
246 PM EDT WED NOV 01 2023
...................................
...THE COLUMBIA METRO AIRPORT SC CLIMATE SUMMARY FOR THE MONTH OF OCTOBER 2023...
CLIMATE NORMAL PERIOD: 1991 TO 2020
CLIMATE RECORD PERIOD: 1887 TO 2023
WEATHER OBSERVED NORMAL DEPART LAST YEAR`S
VALUE DATE(S) VALUE FROM VALUE
NORMAL
..............................................................
TEMPERATURE (F)
RECORD
HIGH 101 10/05/1954
LOW 23 10/30/1952
10/22/1952
HIGHEST 86 10/03 MM MM
10/30
LOWEST 39 10/24 MM MM
AVG. MAXIMUM 77.3 76.5 0.8
AVG. MINIMUM 52.1 52.7 -0.6
MEAN 64.7 64.6 0.1
DAYS MAX >= 90 0 0.6 -0.6
DAYS MAX <= 32 0 0.0 0.0
DAYS MIN <= 32 0 0.5 -0.5
DAYS MIN <= 0 0 0.0 0.0
PRECIPITATION (INCHES)
RECORD
MAXIMUM 14.46 2015
MINIMUM 0.00 1884
TOTALS 1.62 3.13 -1.51
DAILY AVG. 0.05 0.10 -0.05
DAYS >= .01 6 6.9 -0.9
DAYS >= .10 2 4.3 -2.3
DAYS >= .50 1 1.9 -0.9
DAYS >= 1.00 1 1.0 0.0
GREATEST
24 HR. TOTAL 1.36 10/11 TO 10/12
STORM TOTAL 1.29
(MM/DD(HH))
SNOWFALL (INCHES)
RECORDS
TOTAL MM MM
TOTALS 0.0 0.0 0.0
SINCE 7/1 0.0 0.0 0.0
DAYS >= TRACE 0 0.0 0.0
DAYS >= 1.0 0 0.0 0.0
GREATEST
SNOW DEPTH 0
DEGREE DAYS
HEATING TOTAL 80 104 -24
SINCE 7/1 80 110 -30
COOLING TOTAL 80 92 -12
SINCE 1/1 2163 2220 -57
FREEZE DATES
RECORD
EARLIEST 10/15/1991
LATEST 04/03/1964
EARLIEST MM
LATEST 03/21
..............................................................
WIND (MPH)
AVERAGE WIND SPEED 4.3
RESULTANT WIND SPEED/DIRECTION 1/300
HIGHEST WIND SPEED/DIRECTION 23/310 DATE 10/20
HIGHEST GUST SPEED/DIRECTION 32/300 DATE 10/20
SKY COVER
POSSIBLE SUNSHINE (PERCENT) MM
AVERAGE SKY COVER 0.35
NUMBER OF DAYS FAIR 18
NUMBER OF DAYS PC 10
NUMBER OF DAYS CLOUDY 3
AVERAGE RH (PERCENT) 70
WEATHER CONDITIONS. NUMBER OF DAYS WITH
THUNDERSTORM 1 MIXED PRECIP 0
HEAVY RAIN 1 RAIN 3
LIGHT RAIN 8 FREEZING RAIN 0
LT FREEZING RAIN 0 HAIL 0
HEAVY SNOW 0 SNOW 0
LIGHT SNOW 0 SLEET 0
FOG 20 FOG W/VIS <= 1/4 MILE 0
HAZE 3
- INDICATES NEGATIVE NUMBERS.
R INDICATES RECORD WAS SET OR TIED.
MM INDICATES DATA IS MISSING.
T INDICATES TRACE AMOUNT.
$$