000
CXUS55 KGJT 010910
CF6CAG
PRELIMINARY LOCAL CLIMATOLOGICAL DATA (WS FORM: F-6)
STATION: CRAIG CO
MONTH: MARCH
YEAR: 2023
LATITUDE: 40 30 N
LONGITUDE: 107 32 W
TEMPERATURE IN F: :PCPN: SNOW: WIND :SUNSHINE: SKY :PK WND
================================================================================
1 2 3 4 5 6A 6B 7 8 9 10 11 12 13 14 15 16 17 18
12Z AVG MX 2MIN
DY MAX MIN AVG DEP HDD CDD WTR SNW DPTH SPD SPD DIR MIN PSBL S-S WX SPD DR
================================================================================
1 33 3 18 -9 47 0 T M M 6.7 21 100 M M 8 1 29 100
2 31 7 19 -9 46 0 0.00 M M 4.4 12 280 M M 3 13 290
3 29 7 18 -10 47 0 0.05 M M 4.1 13 270 M M 10 18 16 280
4 34 -6 14 -15 51 0 0.00 M M 6.3 24 220 M M 6 30 220
5 36 18 27 -2 38 0 0.30 M M 10.5 28 210 M M 6 12 39 200
6 33 9 21 -9 44 0 T M M 3.0 13 360 M M 7 15 350
7 28 0 14 -16 51 0 T M M 2.9 12 350 M M 6 18 15 260
8 23 -4 10 -21 55 0 0.00 M M 1.2 20 210 M M 4 128 23 220
9 34 0 17 -14 48 0 0.03 M M 4.6 18 250 M M 3 128 23 250
10 43 14 29 -3 36 0 0.01 M M 11.5 33 240 M M 8 41 230
11 36 8 22 -10 43 0 0.16 M M 4.0 23 310 M M 4 1 32 340
12 35 3 19 -14 46 0 T M M 3.3 13 80 M M 7 1 16 90
13 38 18 28 -5 37 0 0.00 M M 1.8 7 80 M M 6 9 80
14 44 18 31 -3 34 0 0.00 M M 4.9 21 210 M M 6 8 31 210
15 43 30 37 3 28 0 0.33 M M 4.4 17 260 M M 10 1 23 260
16 30 6 18 -16 47 0 0.00 M M 10.0 24 340 M M 4 31 330
17 26 -2 12 -23 53 0 0.00 M M 1.8 10 340 M M 0 14 340
18 25 -6 10 -25 55 0 0.00 M M 1.2 7 210 M M 0 9 100
19 35 -4 16 -20 49 0 0.00 M M 2.5 9 230 M M 1 11 230
20 39 25 32 -4 33 0 0.14 M M 6.0 30 320 M M 10 18 39 290
21 38 12 25 -11 40 0 0.02 M M 5.2 20 100 M M 6 128 27 100
22 40 29 35 -2 30 0 0.49 M M 10.9 41 270 M M 10 128 52 260
23 38 20 29 -8 36 0 0.01 M M 3.1 12 240 M M 8 18 15 250
24 36 11 24 -13 41 0 0.10 M M 5.8 24 290 M M 9 128 35 300
25 26 4 15 -23 50 0 T M M 8.2 20 240 M M 5 18 24 260
26 27 -2 13 -25 52 0 T M M 3.5 12 320 M M 6 18 16 310
27 27 3 15 -23 50 0 0.00 M M 4.2 10 220 M M 2 13 220
28 38 -2 18 -21 47 0 0.00 M M 6.5 18 80 M M 2 25 80
29 45 23 34 -5 31 0 0.00 M M 4.8 17 70 M M 3 22 70
30 45 28 37 -2 28 0 0.02 M M 13.7 30 210 M M 7 128 37 230
31 36 19 28 -12 37 0 0.03 M M 13.4 28 240 M M 10 12 36 260
================================================================================
SM 1071 289 1330 0 1.69 M 174.4 M 177
================================================================================
AV 34.5 9.3 5.6 FASTST M M 6 MAX(MPH)
MISC ----> 41 270 52 260
================================================================================
NOTES:
# LAST OF SEVERAL OCCURRENCES
COLUMN 17 PEAK WIND IN M.P.H.
PRELIMINARY LOCAL CLIMATOLOGICAL DATA (WS FORM: F-6) , PAGE 2
STATION: CRAIG CO
MONTH: MARCH
YEAR: 2023
LATITUDE: 40 30 N
LONGITUDE: 107 32 W
[TEMPERATURE DATA] [PRECIPITATION DATA] SYMBOLS USED IN COLUMN 16
AVERAGE MONTHLY: 21.9 TOTAL FOR MONTH: 1.69 1 = FOG OR MIST
DPTR FM NORMAL: -12.1 DPTR FM NORMAL: 0.70 2 = FOG REDUCING VISIBILITY
HIGHEST: 45 ON 30,29 GRTST 24HR 0.50 ON 21-22 TO 1/4 MILE OR LESS
LOWEST: -6 ON 18, 4 3 = THUNDER
SNOW, ICE PELLETS, HAIL 4 = ICE PELLETS
TOTAL MONTH: M 5 = HAIL
GRTST 24HR M ON M 6 = FREEZING RAIN OR DRIZZLE
GRTST DEPTH: M ON M 7 = DUSTSTORM OR SANDSTORM:
VSBY 1/2 MILE OR LESS
8 = SMOKE OR HAZE
[NO. OF DAYS WITH] [WEATHER - DAYS WITH] 9 = BLOWING SNOW
X = TORNADO
MAX 32 OR BELOW: 10 0.01 INCH OR MORE: 13
MAX 90 OR ABOVE: 0 0.10 INCH OR MORE: 6
MIN 32 OR BELOW: 31 0.50 INCH OR MORE: 0
MIN 0 OR BELOW: 9 1.00 INCH OR MORE: 0
[HDD (BASE 65) ]
TOTAL THIS MO. 1330 CLEAR (SCALE 0-3) 6
DPTR FM NORMAL 369 PTCLDY (SCALE 4-7) 19
TOTAL FM JUL 1 7831 CLOUDY (SCALE 8-10) 6
DPTR FM NORMAL 811
[CDD (BASE 65) ]
TOTAL THIS MO. 0
DPTR FM NORMAL 0 [PRESSURE DATA]
TOTAL FM JAN 1 0 HIGHEST SLP M ON M
DPTR FM NORMAL 0 LOWEST SLP 29.55 ON 30
[REMARKS]
#FINAL-03-23#