000
CXUS51 KCAR 010700
CF6CAR
PRELIMINARY LOCAL CLIMATOLOGICAL DATA (WS FORM: F-6)
STATION: CARIBOU ME
MONTH: OCTOBER
YEAR: 2023
LATITUDE: 46 52 N
LONGITUDE: 68 1 W
TEMPERATURE IN F: :PCPN: SNOW: WIND :SUNSHINE: SKY :PK WND
================================================================================
1 2 3 4 5 6A 6B 7 8 9 10 11 12 13 14 15 16 17 18
12Z AVG MX 2MIN
DY MAX MIN AVG DEP HDD CDD WTR SNW DPTH SPD SPD DIR MIN PSBL S-S WX SPD DR
================================================================================
1 72 41 57 7 8 0 0.00 0.0 0 3.9 15 340 M M 5 12 21 330
2 74 39 57 7 8 0 T 0.0 0 3.5 13 200 M M 0 18 200
3 79 53 66 16 0 1 T 0.0 0 6.4 18 330 M M 3 29 330
4 66 54 60 11 5 0 0.60 0.0 0 6.5 15 170 M M 6 1 19 160
5 73 57 65 16 0 0 0.00 0.0 0 8.6 14 170 M M 7 12 20 180
6 69 57 63 15 2 0 0.00 0.0 0 9.0 20 180 M M 6 29 160
7 66 60 63 15 2 0 0.47 0.0 0 10.8 23 70 M M 9 1 34 60
8 65 48 57 9 8 0 0.83 0.0 0 12.9 25 90 M M 8 1 44 90
9 59 46 53 6 12 0 0.10 0.0 0 5.7 14 190 M M 6 1 21 170
10 57 42 50 3 15 0 0.00 0.0 0 3.1 10 180 M M 8 12 13 200
11 55 44 50 4 15 0 0.08 0.0 0 3.6 10 180 M M 8 1 14 180
12 59 46 53 7 12 0 0.06 0.0 0 3.7 14 260 M M 9 12 21 260
13 56 45 51 5 14 0 0.34 0.0 0 9.0 20 340 M M 8 1 30 340
14 56 44 50 5 15 0 T 0.0 0 8.5 20 330 M M 9 30 340
15 56 42 49 4 16 0 0.12 0.0 0 8.6 20 20 M M 10 1 28 10
16 55 44 50 6 15 0 0.08 0.0 0 8.2 16 10 M M 9 1 23 30
17 51 36 44 0 21 0 0.02 0.0 0 2.9 12 10 M M 8 12 16 10
18 59 36 48 4 17 0 0.00 0.0 0 3.3 12 250 M M 6 12 16 240
19 59 39 49 6 16 0 0.00 0.0 0 6.4 16 230 M M 6 25 240
20 61 45 53 10 12 0 0.04 0.0 0 7.8 20 200 M M 7 29 200
21 60 53 57 14 8 0 0.28 0.0 0 7.6 15 20 M M 10 1 22 10
22 54 43 49 7 16 0 0.19 M M 9.8 17 360 M M 9 1 26 360
23 53 32 43 1 22 0 0.00 0.0 0 5.9 16 360 M M 3 23 360
24 53 28 41 -1 24 0 0.00 0.0 0 5.4 13 200 M M 4 1 19 210
25 60 43 52 11 13 0 0.04 0.0 0 5.2 10 180 M M 10 1 14 190
26 59 53 56 15 9 0 0.02 0.0 0 2.6 10 10 M M 10 1 13 10
27 62 54 58 18 7 0 0.55 0.0 0 4.9 14 180 M M 10 1 21 180
28 70 37 54 14 11 0 0.01 0.0 0 9.0 22 240 M M 8 1 32 240
29 41 28 35 -5 30 0 0.00 0.0 0 5.8 13 300 M M 2 19 300
30 31 28 30 -9 35 0 0.27 3.3 1 2.3 8 100 M M 10 1 11 120
31 37 27 32 -7 33 0 T T 3 5.8 15 300 M M 7 1 25 300
================================================================================
SM 1827 1344 421 1 4.10 3.3 196.7 M 221
================================================================================
AV 58.9 43.4 6.3 FASTST M M 7 MAX(MPH)
MISC ----> 25 90 44 90
================================================================================
NOTES:
# LAST OF SEVERAL OCCURRENCES
COLUMN 17 PEAK WIND IN M.P.H.
PRELIMINARY LOCAL CLIMATOLOGICAL DATA (WS FORM: F-6) , PAGE 2
STATION: CARIBOU ME
MONTH: OCTOBER
YEAR: 2023
LATITUDE: 46 52 N
LONGITUDE: 68 1 W
[TEMPERATURE DATA] [PRECIPITATION DATA] SYMBOLS USED IN COLUMN 16
AVERAGE MONTHLY: 51.1 TOTAL FOR MONTH: 4.10 1 = FOG OR MIST
DPTR FM NORMAL: 6.6 DPTR FM NORMAL: 0.11 2 = FOG REDUCING VISIBILITY
HIGHEST: 79 ON 3 GRTST 24HR 1.30 ON 7- 8 TO 1/4 MILE OR LESS
LOWEST: 27 ON 31 3 = THUNDER
SNOW, ICE PELLETS, HAIL 4 = ICE PELLETS
TOTAL MONTH: 3.3 INCHES 5 = HAIL
GRTST 24HR 3.3 ON 30-30 6 = FREEZING RAIN OR DRIZZLE
GRTST DEPTH: 3 ON 31 7 = DUSTSTORM OR SANDSTORM:
VSBY 1/2 MILE OR LESS
8 = SMOKE OR HAZE
[NO. OF DAYS WITH] [WEATHER - DAYS WITH] 9 = BLOWING SNOW
X = TORNADO
MAX 32 OR BELOW: 1 0.01 INCH OR MORE: 18
MAX 90 OR ABOVE: 0 0.10 INCH OR MORE: 10
MIN 32 OR BELOW: 5 0.50 INCH OR MORE: 3
MIN 0 OR BELOW: 0 1.00 INCH OR MORE: 0
[HDD (BASE 65) ]
TOTAL THIS MO. 421 CLEAR (SCALE 0-3) 2
DPTR FM NORMAL -213 PTCLDY (SCALE 4-7) 16
TOTAL FM JUL 1 663 CLOUDY (SCALE 8-10) 13
DPTR FM NORMAL -353
[CDD (BASE 65) ]
TOTAL THIS MO. 1
DPTR FM NORMAL 1 [PRESSURE DATA]
TOTAL FM JAN 1 351 HIGHEST SLP 30.32 ON 24
DPTR FM NORMAL 127 LOWEST SLP 29.06 ON 21
[REMARKS]
#FINAL-10-23#