000
CXUS56 KMTR 010900
CF6CCR
PRELIMINARY LOCAL CLIMATOLOGICAL DATA (WS FORM: F-6)
STATION: CONCORD AIRPORT
MONTH: MARCH
YEAR: 2024
LATITUDE: 37 58 N
LONGITUDE: 122 3 W
TEMPERATURE IN F: :PCPN: SNOW: WIND :SUNSHINE: SKY :PK WND
================================================================================
1 2 3 4 5 6A 6B 7 8 9 10 11 12 13 14 15 16 17 18
12Z AVG MX 2MIN
DY MAX MIN AVG DEP HDD CDD WTR SNW DPTH SPD SPD DIR MIN PSBL S-S WX SPD DR
================================================================================
1 60 50 55 0 10 0 0.38 M M 15.9 35 250 M M 9 1 46 250
2 54 40 47 -8 18 0 0.40 M M 11.7 25 250 M M 8 1 34 250
3 56 41 49 -6 16 0 0.05 M M 8.5 23 230 M M 7 1 28 230
4 58 43 51 -5 14 0 T M M 5.8 12 200 M M 9 14 210
5 61 49 55 -1 10 0 T M M 6.6 16 210 M M 9 19 210
6 62 48 55 -1 10 0 T M M 3.7 14 310 M M 7 3 16 310
7 63 43 53 -3 12 0 0.00 M M 4.9 13 250 M M 2 15 250
8 67 41 54 -2 11 0 0.00 M M 3.9 10 270 M M 0 14 270
9 61 45 53 -3 12 0 0.00 M M 7.3 14 250 M M 3 17 240
10 63 47 55 -1 10 0 0.00 M M 6.4 13 270 M M 6 M M
11 62 48 55 -1 10 0 0.03 M M 6.9 17 230 M M 6 1 21 250
12 63 51 57 1 8 0 0.02 M M 8.3 18 270 M M 6 1 22 290
13 67 43 55 -1 10 0 0.00 M M 6.4 14 330 M M 0 18 280
14 68 51 60 4 5 0 0.00 M M 13.4 25 10 M M 0 38 10
15 74 51 63 6 2 0 0.00 M M 9.5 23 20 M M 0 31 20
16 72 45 59 2 6 0 0.00 M M 6.0 15 260 M M 0 19 280
17 73 46 60 3 5 0 0.00 M M 7.0 15 280 M M 0 19 200
18 73 47 60 3 5 0 0.00 M M 4.7 15 200 M M 0 18 190
19 72 48 60 3 5 0 0.00 M M 5.8 18 290 M M 0 21 290
20 71 46 59 2 6 0 0.00 M M 7.8 20 300 M M 0 24 300
21 70 51 61 4 4 0 0.00 M M 6.5 15 270 M M 3 22 270
22 70 50 60 3 5 0 0.19 M M 9.2 21 200 M M 5 1 27 190
23 60 49 55 -2 10 0 0.18 M M 8.4 24 240 M M 6 1 32 250
24 64 49 57 0 8 0 0.02 M M 10.3 22 280 M M 5 27 270
25 63 48 56 -1 9 0 0.00 M M 9.6 16 240 M M 3 21 250
26 66 47 57 -1 8 0 0.00 M M 7.8 15 180 M M 2 20 230
27 60 46 53 -5 12 0 0.11 M M 9.5 20 190 M M 7 18 25 170
28 61 48 55 -3 10 0 T M M 6.3 17 260 M M 3 21 250
29 56 47 52 -6 13 0 0.30 M M 5.1 21 140 M M 7 1 27 140
30 62 40 51 -7 14 0 0.00 M M 5.1 22 360 M M 4 12 28 360
31 67 45 56 -2 9 0 T M M 4.9 16 240 M M 5 20 270
================================================================================
SM 1999 1443 287 0 1.68 M 233.2 M 122
================================================================================
AV 64.5 46.5 7.5 FASTST M M 4 MAX(MPH)
MISC ----> 35 250 46 250
================================================================================
NOTES:
# LAST OF SEVERAL OCCURRENCES
COLUMN 17 PEAK WIND IN M.P.H.
PRELIMINARY LOCAL CLIMATOLOGICAL DATA (WS FORM: F-6) , PAGE 2
STATION: CONCORD AIRPORT
MONTH: MARCH
YEAR: 2024
LATITUDE: 37 58 N
LONGITUDE: 122 3 W
[TEMPERATURE DATA] [PRECIPITATION DATA] SYMBOLS USED IN COLUMN 16
AVERAGE MONTHLY: 55.5 TOTAL FOR MONTH: 1.68 1 = FOG OR MIST
DPTR FM NORMAL: -1.1 DPTR FM NORMAL: -0.58 2 = FOG REDUCING VISIBILITY
HIGHEST: 74 ON 15 GRTST 24HR 0.64 ON 1- 2 TO 1/4 MILE OR LESS
LOWEST: 40 ON 30, 2 3 = THUNDER
SNOW, ICE PELLETS, HAIL 4 = ICE PELLETS
TOTAL MONTH: M 5 = HAIL
GRTST 24HR M ON M 6 = FREEZING RAIN OR DRIZZLE
GRTST DEPTH: M ON M 7 = DUSTSTORM OR SANDSTORM:
VSBY 1/2 MILE OR LESS
8 = SMOKE OR HAZE
[NO. OF DAYS WITH] [WEATHER - DAYS WITH] 9 = BLOWING SNOW
X = TORNADO
MAX 32 OR BELOW: 0 0.01 INCH OR MORE: 10
MAX 90 OR ABOVE: 0 0.10 INCH OR MORE: 6
MIN 32 OR BELOW: 0 0.50 INCH OR MORE: 0
MIN 0 OR BELOW: 0 1.00 INCH OR MORE: 0
[HDD (BASE 65) ]
TOTAL THIS MO. 287 CLEAR (SCALE 0-3) 14
DPTR FM NORMAL 26 PTCLDY (SCALE 4-7) 14
TOTAL FM JUL 1 1691 CLOUDY (SCALE 8-10) 3
DPTR FM NORMAL -227
[CDD (BASE 65) ]
TOTAL THIS MO. 0
DPTR FM NORMAL -2 [PRESSURE DATA]
TOTAL FM JAN 1 0 HIGHEST SLP M ON M
DPTR FM NORMAL -2 LOWEST SLP 29.53 ON 29
[REMARKS]
#FINAL-03-24#