000
CXUS53 KARX 011335
CF6CCY
PRELIMINARY LOCAL CLIMATOLOGICAL DATA (WS FORM: F-6)
STATION: CHARLES_CITY IA
MONTH: DECEMBER
YEAR: 2022
LATITUDE: 43 4 N
LONGITUDE: 92 37 W
TEMPERATURE IN F: :PCPN: SNOW: WIND :SUNSHINE: SKY :PK WND
================================================================================
1 2 3 4 5 6A 6B 7 8 9 10 11 12 13 14 15 16 17 18
12Z AVG MX 2MIN
DY MAX MIN AVG DEP HDD CDD WTR SNW DPTH SPD SPD DIR MIN PSBL S-S WX SPD DR
================================================================================
1 36 10 23 -3 42 0 0.00 0.0 0 13.4 23 170 M M 1 32 170
2 46 16 31 6 34 0 M M 0 18.1 31 300 M M 4 44 310
3 21 5 13 -12 52 0 M M 0 15.7 35 300 M M 2 44 300
4 39 12 26 2 39 0 0.00 0.0 0 8.4 10 190 M M 0 M M
5 36 25 31 7 34 0 0.01 0.0 0 8.7 15 360 M M 9 20 200
6 34 19 27 3 38 0 0.00 0.0 0 5.6 12 90 M M 2 1 M M
7 32 16 24 1 41 0 0.00 0.0 0 6.3 13 10 M M 3 12 M M
8 36 14 25 2 40 0 0.00 0.0 0 8.1 14 100 M M 7 1 20 100
9 34 28 31 9 34 0 0.28 M M 13.0 17 60 M M 10 1 43 M
10 34 32 33 11 32 0 M M M 7.5 14 110 M M 10 1 22 110
11 34 28 31 9 34 0 0.00 0.0 M 5.5 9 140 M M 9 14 120
12 34 28 31 10 34 0 0.00 0.0 M 15.5 22 140 M M 10 28 140
13 36 32 34 13 31 0 0.23 M M 23.5 28 110 M M 10 1 38 110
14 46 30 38 18 27 0 M M M 13.1 21 120 M M 8 12 30 120
15 32 21 27 7 38 0 M M M 12.0 21 240 M M 10 1 32 240
16 25 19 22 2 43 0 M M M 18.8 23 280 M M 10 30 240
17 19 9 14 -6 51 0 M M M 16.4 21 290 M M 10 31 290
18 9 -2 4 -15 61 0 0.00 0.0 M 9.5 15 300 M M 4 22 290
19 25 -2 12 -7 53 0 M M M 8.7 15 150 M M 7 1 20 140
20 19 -6 7 -12 58 0 M M M 11.1 17 320 M M 2 22 320
21 12 -6 3 -16 62 0 M M M 7.4 14 120 M M 8 15 100
22 10 -11 0 -18 65 0 M M M 22.8 30 300 M M 9 89 37 310
23 -2 -11 -6 -24 71 0 M M M 27.7 35 310 M M 10 18 50 310
24 3 -4 0 -18 65 0 0.00 0.0 M 22.7 31 310 M M 4 18 40 310
25 10 -4 3 -15 62 0 M M M 11.3 21 300 M M 4 31 300
26 10 -8 1 -17 64 0 M M M 9.5 15 360 M M 6 20 10
27 23 -8 8 -10 57 0 0.00 0.0 M 15.9 23 170 M M 2 31 170
28 37 23 30 12 35 0 0.00 0.0 M 15.3 22 170 M M 3 30 170
29 41 28 35 18 30 0 0.00 0.0 M 7.9 18 290 M M 8 12 24 300
30 27 18 23 6 42 0 0.00 0.0 M 8.6 23 280 M M 8 12 29 290
31 34 21 28 11 37 0 M M M 10.1 17 140 M M 8 12 33 M
================================================================================
SM 832 372 1406 0 0.52 0.0 398.2 M 198
================================================================================
AV 26.8 12.0 12.8 FASTST M M 6 MAX(MPH)
MISC ----> # 35 300 50 310
================================================================================
NOTES:
# LAST OF SEVERAL OCCURRENCES
COLUMN 17 PEAK WIND IN M.P.H.
PRELIMINARY LOCAL CLIMATOLOGICAL DATA (WS FORM: F-6) , PAGE 2
STATION: CHARLES_CITY IA
MONTH: DECEMBER
YEAR: 2022
LATITUDE: 43 4 N
LONGITUDE: 92 37 W
[TEMPERATURE DATA] [PRECIPITATION DATA] SYMBOLS USED IN COLUMN 16
AVERAGE MONTHLY: 19.4 TOTAL FOR MONTH: 0.52 1 = FOG OR MIST
DPTR FM NORMAL: -1.1 DPTR FM NORMAL: -0.76 2 = FOG REDUCING VISIBILITY
HIGHEST: 46 ON 14, 2 GRTST 24HR 0.28 ON 9- 9 TO 1/4 MILE OR LESS
LOWEST: -11 ON 23,22 3 = THUNDER
SNOW, ICE PELLETS, HAIL 4 = ICE PELLETS
TOTAL MONTH: 0.0 INCH 5 = HAIL
GRTST 24HR 0.0 6 = FREEZING RAIN OR DRIZZLE
GRTST DEPTH: 0 7 = DUSTSTORM OR SANDSTORM:
VSBY 1/2 MILE OR LESS
8 = SMOKE OR HAZE
[NO. OF DAYS WITH] [WEATHER - DAYS WITH] 9 = BLOWING SNOW
X = TORNADO
MAX 32 OR BELOW: 16 0.01 INCH OR MORE: 3
MAX 90 OR ABOVE: 0 0.10 INCH OR MORE: 2
MIN 32 OR BELOW: 31 0.50 INCH OR MORE: 0
MIN 0 OR BELOW: 10 1.00 INCH OR MORE: 0
[HDD (BASE 65) ]
TOTAL THIS MO. 1406 CLEAR (SCALE 0-3) 8
DPTR FM NORMAL 27 PTCLDY (SCALE 4-7) 10
TOTAL FM JUL 1 2900 CLOUDY (SCALE 8-10) 13
DPTR FM NORMAL -42
[CDD (BASE 65) ]
TOTAL THIS MO. 0
DPTR FM NORMAL 0 [PRESSURE DATA]
TOTAL FM JAN 1 713 HIGHEST SLP M ON M
DPTR FM NORMAL 47 LOWEST SLP M ON M
[REMARKS]
#FINAL-12-22#