000
CXUS53 KARX 100607
CF6CCY
PRELIMINARY LOCAL CLIMATOLOGICAL DATA (WS FORM: F-6)
STATION: CHARLES_CITY IA
MONTH: AUGUST
YEAR: 2021
LATITUDE: 43 4 N
LONGITUDE: 92 37 W
TEMPERATURE IN F: :PCPN: SNOW: WIND :SUNSHINE: SKY :PK WND
================================================================================
1 2 3 4 5 6A 6B 7 8 9 10 11 12 13 14 15 16 17 18
12Z AVG MX 2MIN
DY MAX MIN AVG DEP HDD CDD WTR SNW DPTH SPD SPD DIR MIN PSBL S-S WX SPD DR
================================================================================
1 75 57 66 -6 0 1 0.00 0.0 0 7.6 14 20 M M 1 18 21 30
2 77 52 65 -6 0 0 0.00 0.0 0 1.8 7 20 M M 3 M M
3 79 54 67 -4 0 2 0.00 0.0 0 1.5 6 300 M M 1 14 0
4 81 55 68 -3 0 3 0.00 0.0 0 3.9 10 160 M M 3 1 16 170
5 73 64 69 -2 0 4 0.07 0.0 0 8.0 13 180 M M 5 1 21 180
6 84 63 74 3 0 9 0.00 0.0 0 4.7 10 240 M M 3 12 14 280
7 86 70 78 7 0 13 0.00 0.0 0 7.7 14 210 M M 4 1 22 190
8 79 66 73 2 0 8 4.20 0.0 0 9.7 24 200 M M 6 1 39 200
9 82 68 75 4 0 10 0.06 0.0 0 5.1 10 340 M M 5 12 21 170
10 86 70 78 7 0 13 0.00 0.0 0 6.1 13 240 M M 3 1 20 300
11 86 63 75 4 0 10 0.00 0.0 0 8.6 14 290 M M 4 1 20 260
12 84 59 72 1 0 7 0.00 0.0 0 6.5 16 330 M M 1 22 300
13 79 55 67 -4 0 2 0.00 0.0 0 4.9 12 320 M M 1 15 310
14 79 52 66 -5 0 1 0.00 0.0 0 3.4 7 160 M M 0 M M
15 79 55 67 -3 0 2 0.00 0.0 0 5.9 12 150 M M 0 17 140
16 79 57 68 -2 0 3 0.00 0.0 0 6.3 9 130 M M 1 16 190
17 82 57 70 0 0 5 0.00 0.0 0 7.0 14 170 M M 1 18 190
18 84 64 74 4 0 9 0.00 0.0 0 6.5 10 140 M M 2 8 16 150
19 86 64 75 5 0 10 0.00 0.0 0 4.5 8 140 M M 2 8 13 99
20 86 68 77 7 0 12 0.27 0.0 0 9.7 18 150 M M 3 18 41 160
21 73 55 64 -6 1 0 0.20 0.0 0 7.6 17 310 M M 3 1 23 290
22 75 52 64 -6 1 0 0.00 0.0 0 7.0 13 100 M M 1 18 100
23 81 66 74 5 0 9 0.53 0.0 0 6.8 14 160 M M 7 21 160
24 82 66 74 5 0 9 0.65 0.0 0 9.8 20 100 M M 4 1 29 60
25 84 66 75 6 0 10 0.00 0.0 0 5.6 12 330 M M 5 18 330
26 75 66 71 2 0 6 T 0.0 0 6.7 13 40 M M 3 1 23 210
27 84 66 75 6 0 10 0.74 0.0 0 11.1 18 350 M M 7 36 100
28 84 68 76 8 0 11 0.40 0.0 0 9.7 15 70 M M 3 23 70
29 77 61 69 1 0 4 0.20 0.0 0 7.6 22 310 M M 3 30 310
30 79 55 67 -1 0 2 0.00 0.0 0 1.3 6 300 M M 1 1 M M
31 77 61 69 1 0 4 0.00 0.0 0 6.1 13 100 M M 3 21 70
================================================================================
SM 2497 1895 2 189 7.32 0.0 198.7 M 89
================================================================================
AV 80.5 61.1 6.4 FASTST M M 3 MAX(MPH)
MISC ----> 24 200 41 160
================================================================================
NOTES:
# LAST OF SEVERAL OCCURRENCES
COLUMN 17 PEAK WIND IN M.P.H.
PRELIMINARY LOCAL CLIMATOLOGICAL DATA (WS FORM: F-6) , PAGE 2
STATION: CHARLES_CITY IA
MONTH: AUGUST
YEAR: 2021
LATITUDE: 43 4 N
LONGITUDE: 92 37 W
[TEMPERATURE DATA] [PRECIPITATION DATA] SYMBOLS USED IN COLUMN 16
AVERAGE MONTHLY: 70.8 TOTAL FOR MONTH: 7.32 1 = FOG OR MIST
DPTR FM NORMAL: 0.7 DPTR FM NORMAL: 3.17 2 = FOG REDUCING VISIBILITY
HIGHEST: 86 ON 20,19 GRTST 24HR 4.20 ON 8- 8 TO 1/4 MILE OR LESS
LOWEST: 52 ON 22,14 3 = THUNDER
SNOW, ICE PELLETS, HAIL 4 = ICE PELLETS
TOTAL MONTH: 0.0 INCH 5 = HAIL
GRTST 24HR 0.0 6 = FREEZING RAIN OR DRIZZLE
GRTST DEPTH: 0 7 = DUSTSTORM OR SANDSTORM:
VSBY 1/2 MILE OR LESS
8 = SMOKE OR HAZE
[NO. OF DAYS WITH] [WEATHER - DAYS WITH] 9 = BLOWING SNOW
X = TORNADO
MAX 32 OR BELOW: 0 0.01 INCH OR MORE: 10
MAX 90 OR ABOVE: 0 0.10 INCH OR MORE: 8
MIN 32 OR BELOW: 0 0.50 INCH OR MORE: 4
MIN 0 OR BELOW: 0 1.00 INCH OR MORE: 1
[HDD (BASE 65) ]
TOTAL THIS MO. 2 CLEAR (SCALE 0-3) 18
DPTR FM NORMAL -18 PTCLDY (SCALE 4-7) 13
TOTAL FM JUL 1 2 CLOUDY (SCALE 8-10) 0
DPTR FM NORMAL -27
[CDD (BASE 65) ]
TOTAL THIS MO. 189
DPTR FM NORMAL 11 [PRESSURE DATA]
TOTAL FM JAN 1 758 HIGHEST SLP M ON M
DPTR FM NORMAL 160 LOWEST SLP M ON M
[REMARKS]
#FINAL-08-21#