000
CXUS56 KSLC 081344
CF6CDC
PRELIMINARY LOCAL CLIMATOLOGICAL DATA (WS FORM: F-6)
STATION: CEDAR CITY UT
MONTH: AUGUST
YEAR: 2021
LATITUDE: 37 42 N
LONGITUDE: 113 6 W
TEMPERATURE IN F: :PCPN: SNOW: WIND :SUNSHINE: SKY :PK WND
================================================================================
1 2 3 4 5 6A 6B 7 8 9 10 11 12 13 14 15 16 17 18
12Z AVG MX 2MIN
DY MAX MIN AVG DEP HDD CDD WTR SNW DPTH SPD SPD DIR MIN PSBL S-S WX SPD DR
================================================================================
1 81 58 70 -4 0 5 0.18 M M 6.7 23 220 M M 3 3 30 220
2 86 57 72 -2 0 7 0.00 M M 3.8 13 50 M M 1 15 50
3 89 59 74 0 0 9 0.00 M M 5.6 20 30 M M 0 27 20
4 93 58 76 2 0 11 0.00 M M 4.7 14 100 M M 0 16 10
5 95 65 80 6 0 15 0.00 M M 10.3 26 210 M M 0 32 190
6 91 61 76 2 0 11 0.00 M 0 15.2 30 200 M M 1 8 38 190
7 87 53 70 -4 0 5 0.00 M M 3.3 12 120 M M 8 8 14 340
8 90 55 73 -1 0 8 0.00 M M 9.1 24 190 M M 2 8 33 200
9 91 60 76 2 0 11 0.00 M M 7.0 23 230 M M 0 28 230
10 92 57 75 2 0 10 0.00 M M 6.1 18 210 M M 0 22 220
11 92 56 74 1 0 9 0.00 M M 5.8 16 250 M M 0 20 240
12 92 58 75 2 0 10 0.00 M M 5.9 24 240 M M 0 28 240
13 93 65 79 6 0 14 T M M 5.4 29 170 M M 0 36 160
14 95 58 77 4 0 12 0.00 M M 6.7 35 120 M M 0 8 43 130
15 95 58 77 5 0 12 0.00 M M 5.2 14 350 M M 0 19 30
16 92 57 75 3 0 10 0.00 M M 3.6 12 130 M M 0 8 14 330
17 90 61 76 4 0 11 0.00 M M 15.6 36 210 M M 0 3 42 230
18 83 51 67 -5 0 2 0.83 M M 21.3 37 210 M M 3 138 48 210
19 70 50 60 -12 5 0 0.04 M M 7.5 23 210 M M 7 13 28 200
20 78 45 62 -10 3 0 0.00 M M 4.6 17 230 M M 2 18 23 240
21 81 58 70 -1 0 5 0.00 M M 12.9 32 200 M M 1 40 240
22 84 57 71 0 0 6 0.00 M M 8.9 22 190 M M 0 32 260
23 84 56 70 -1 0 5 0.00 M M 11.1 25 220 M M 0 32 230
24 85 56 71 1 0 6 0.00 M M 11.1 28 210 M M 0 33 210
25 86 57 72 2 0 7 T M M 10.2 33 220 M M 2 38 45 210
26 89 55 72 2 0 7 0.00 M M 9.1 23 200 M M 0 32 200
27 89 51 70 0 0 5 0.00 M M 8.3 23 210 M M 0 35 220
28 90 51 71 1 0 6 0.00 M M 4.3 12 340 M M 0 17 330
29 91 53 72 3 0 7 0.00 M M 4.4 13 340 M M 0 14 350
30 91 57 74 5 0 9 0.03 M M 7.2 22 240 M M 0 28 270
31 83 67 75 6 0 10 T M M 6.1 21 120 M M 6 8 25 120
================================================================================
SM 2728 1760 8 245 1.08 M 247.0 M 36
================================================================================
AV 88.0 56.8 8.0 FASTST M M 1 MAX(MPH)
MISC ----> 37 210 48 210
================================================================================
NOTES:
# LAST OF SEVERAL OCCURRENCES
COLUMN 17 PEAK WIND IN M.P.H.
PRELIMINARY LOCAL CLIMATOLOGICAL DATA (WS FORM: F-6) , PAGE 2
STATION: CEDAR CITY UT
MONTH: AUGUST
YEAR: 2021
LATITUDE: 37 42 N
LONGITUDE: 113 6 W
[TEMPERATURE DATA] [PRECIPITATION DATA] SYMBOLS USED IN COLUMN 16
AVERAGE MONTHLY: 72.4 TOTAL FOR MONTH: 1.08 1 = FOG OR MIST
DPTR FM NORMAL: 0.3 DPTR FM NORMAL: 0.22 2 = FOG REDUCING VISIBILITY
HIGHEST: 95 ON 15,14 GRTST 24HR 0.86 ON 18-19 TO 1/4 MILE OR LESS
LOWEST: 45 ON 20 3 = THUNDER
SNOW, ICE PELLETS, HAIL 4 = ICE PELLETS
TOTAL MONTH: M 5 = HAIL
GRTST 24HR M ON M 6 = FREEZING RAIN OR DRIZZLE
GRTST DEPTH: 0 7 = DUSTSTORM OR SANDSTORM:
VSBY 1/2 MILE OR LESS
8 = SMOKE OR HAZE
[NO. OF DAYS WITH] [WEATHER - DAYS WITH] 9 = BLOWING SNOW
X = TORNADO
MAX 32 OR BELOW: 0 0.01 INCH OR MORE: 4
MAX 90 OR ABOVE: 16 0.10 INCH OR MORE: 2
MIN 32 OR BELOW: 0 0.50 INCH OR MORE: 1
MIN 0 OR BELOW: 0 1.00 INCH OR MORE: 0
[HDD (BASE 65) ]
TOTAL THIS MO. 8 CLEAR (SCALE 0-3) 27
DPTR FM NORMAL 4 PTCLDY (SCALE 4-7) 3
TOTAL FM JUL 1 8 CLOUDY (SCALE 8-10) 1
DPTR FM NORMAL 5
[CDD (BASE 65) ]
TOTAL THIS MO. 245
DPTR FM NORMAL 22 [PRESSURE DATA]
TOTAL FM JAN 1 870 HIGHEST SLP 30.20 ON 2
DPTR FM NORMAL 242 LOWEST SLP 29.58 ON 18
[REMARKS]
#FINAL-08-21#