000
CXUS55 KCYS 011633
CF6CDR
PRELIMINARY LOCAL CLIMATOLOGICAL DATA (WS FORM: F-6)
STATION: CHADRON NEBRASKA AIRPORT
MONTH: SEPTEMBER
YEAR: 2023
LATITUDE: 42 50 N
LONGITUDE: 103 6 W
TEMPERATURE IN F: :PCPN: SNOW: WIND :SUNSHINE: SKY :PK WND
================================================================================
1 2 3 4 5 6A 6B 7 8 9 10 11 12 13 14 15 16 17 18
12Z AVG MX 2MIN
DY MAX MIN AVG DEP HDD CDD WTR SNW DPTH SPD SPD DIR MIN PSBL S-S WX SPD DR
================================================================================
1 99 54 77 8 0 12 0.00 M M 4.2 21 270 M M 0 30 270
2 101 64 83 15 0 18 0.00 M M 8.2 21 290 M M 0 28 320
3 98 62 80 12 0 15 T M M 12.8 36 220 M M 2 3 47 230
4 93 57 75 7 0 10 0.46 M M 8.8 23 320 M M 3 138 36 320
5 71 47 59 -8 6 0 T M M 11.9 31 290 M M 4 18 44 290
6 84 43 64 -3 1 0 0.00 M M 6.0 21 180 M M 0 18 27 190
7 92 53 73 6 0 8 0.00 M M 9.7 33 360 M M 0 8 43 340
8 92 49 71 5 0 6 T M M 8.7 25 30 M M 0 138 33 30
9 80 58 69 3 0 4 0.19 M M 10.5 31 100 M M 1 13 38 100
10 69 55 62 -3 3 0 1.21 M M 6.9 22 150 M M 8 13 27 150
11 73 54 64 -1 1 0 0.00 M M 4.7 10 150 M M 5 1 13 170
12 80 49 65 0 0 0 0.00 M M 10.5 25 180 M M 0 33 180
13 82 53 68 4 0 3 0.00 M M 11.1 25 180 M M 1 31 190
14 67 56 62 -2 3 0 0.17 M M 4.6 14 360 M M 8 1 19 320
15 77 47 62 -1 3 0 0.00 M M 4.9 10 270 M M 0 15 320
16 80 44 62 -1 3 0 0.00 M M 4.0 10 60 M M 0 14 70
17 87 44 66 4 0 1 0.00 M M 3.0 13 210 M M 0 15 210
18 89 47 68 6 0 3 0.00 M M 4.8 13 240 M M 0 18 250
19 87 48 68 6 0 3 0.00 M M 6.6 16 290 M M 0 22 280
20 84 49 67 6 0 2 0.02 M M 3.5 21 290 M M 1 8 26 290
21 80 52 66 5 0 1 T M M 8.5 28 120 M M 3 36 90
22 68 48 58 -2 7 0 0.88 M M 8.2 29 60 M M 7 123 36 60
23 66 44 55 -5 10 0 0.09 M M 11.5 26 300 M M 3 13 37 300
24 73 46 60 1 5 0 0.00 M M 10.8 22 300 M M 0 30 280
25 77 39 58 -1 7 0 0.00 M M 3.7 10 30 M M 0 18 13 30
26 78 41 60 2 5 0 0.00 M M 4.7 14 130 M M 0 20 120
27 87 52 70 12 0 5 0.00 M M 11.3 32 180 M M 0 43 170
28 75 54 65 8 0 0 0.00 M M 10.0 30 180 M M 0 40 180
29 74 51 63 7 2 0 0.00 M M 4.3 13 70 M M 2 17 70
30 83 48 66 10 0 1 0.00 M M 6.2 17 150 M M 1 1 23 150
================================================================================
SM 2446 1508 56 92 3.02 M 224.6 M 49
================================================================================
AV 81.5 50.3 7.5 FASTST M M 2 MAX(MPH)
MISC ----> 36 220 47 230
================================================================================
NOTES:
# LAST OF SEVERAL OCCURRENCES
COLUMN 17 PEAK WIND IN M.P.H.
PRELIMINARY LOCAL CLIMATOLOGICAL DATA (WS FORM: F-6) , PAGE 2
STATION: CHADRON NEBRASKA AIRPORT
MONTH: SEPTEMBER
YEAR: 2023
LATITUDE: 42 50 N
LONGITUDE: 103 6 W
[TEMPERATURE DATA] [PRECIPITATION DATA] SYMBOLS USED IN COLUMN 16
AVERAGE MONTHLY: 65.9 TOTAL FOR MONTH: 3.02 1 = FOG OR MIST
DPTR FM NORMAL: 3.1 DPTR FM NORMAL: 1.43 2 = FOG REDUCING VISIBILITY
HIGHEST: 101 ON 2 GRTST 24HR 1.39 ON 9-10 TO 1/4 MILE OR LESS
LOWEST: 39 ON 25 3 = THUNDER
SNOW, ICE PELLETS, HAIL 4 = ICE PELLETS
TOTAL MONTH: M 5 = HAIL
GRTST 24HR M ON M 6 = FREEZING RAIN OR DRIZZLE
GRTST DEPTH: M ON M 7 = DUSTSTORM OR SANDSTORM:
VSBY 1/2 MILE OR LESS
8 = SMOKE OR HAZE
[NO. OF DAYS WITH] [WEATHER - DAYS WITH] 9 = BLOWING SNOW
X = TORNADO
MAX 32 OR BELOW: 0 0.01 INCH OR MORE: 7
MAX 90 OR ABOVE: 6 0.10 INCH OR MORE: 5
MIN 32 OR BELOW: 0 0.50 INCH OR MORE: 2
MIN 0 OR BELOW: 0 1.00 INCH OR MORE: 1
[HDD (BASE 65) ]
TOTAL THIS MO. 56 CLEAR (SCALE 0-3) 25
DPTR FM NORMAL -85 PTCLDY (SCALE 4-7) 5
TOTAL FM JUL 1 79 CLOUDY (SCALE 8-10) 0
DPTR FM NORMAL -85
[CDD (BASE 65) ]
TOTAL THIS MO. 92
DPTR FM NORMAL 16 [PRESSURE DATA]
TOTAL FM JAN 1 734 HIGHEST SLP 30.31 ON 10
DPTR FM NORMAL -70 LOWEST SLP 29.50 ON 4
[REMARKS]
#FINAL-09-23#
SEPTEMBER 2... RECORD HIGH TEMPERATURE TIED: 101F (PREVIOUS IN 1960)
SEPTEMBER 10... RECORD DAILY MAXIMUM PRECIPITATION: 1.21" (PREVIOUS: 0.65" IN 2019)
SEPTEMBER 22... RECORD DAILY MAXIMUM PRECIPITAITON: 0.88" (PREVIOUS: 0.42 IN 1985 AND 2006)