000
CXUS56 KEKA 011330
CF6CEC
PRELIMINARY LOCAL CLIMATOLOGICAL DATA (WS FORM: F-6)
STATION: CRESCENT CITY CA
MONTH: DECEMBER
YEAR: 2020
LATITUDE: 41 46 N
LONGITUDE: 124 14 W
TEMPERATURE IN F: :PCPN: SNOW: WIND :SUNSHINE: SKY :PK WND
================================================================================
1 2 3 4 5 6A 6B 7 8 9 10 11 12 13 14 15 16 17 18
12Z AVG MX 2MIN
DY MAX MIN AVG DEP HDD CDD WTR SNW DPTH SPD SPD DIR MIN PSBL S-S WX SPD DR
================================================================================
1 56 41 49 1 16 0 0.00 M M 6.6 13 150 M M 0 18 16 40
2 51 37 44 -4 21 0 0.00 M M 4.3 12 190 M M 4 18 13 180
3 59 40 50 2 15 0 0.00 0.0 0 3.9 10 310 M M 5 28 13 320
4 56 36 46 -2 19 0 0.00 0.0 0 3.0 8 330 M M 3 28 10 170
5 54 37 46 -2 19 0 0.69 0.0 0 11.0 29 180 M M 5 28 37 180
6 57 42 50 2 15 0 0.03 0.0 0 6.5 13 60 M M 3 28 17 350
7 63 37 50 2 15 0 0.00 0.0 0 5.5 12 330 M M 2 18 16 90
8 61 41 51 4 14 0 0.05 0.0 0 3.5 12 310 M M 5 28 14 310
9 55 45 50 3 15 0 0.04 0.0 0 9.6 20 340 M M 3 28 28 340
10 51 37 44 -3 21 0 0.17 M M 4.7 12 180 M M 3 28 13 160
11 48 39 44 -3 21 0 0.09 M M 6.8 17 180 M M 6 18 23 180
12 57 37 47 0 18 0 0.06 M M 9.2 25 160 M M 3 18 34 170
13 53 43 48 1 17 0 1.17 M M 9.9 24 180 M M 10 18 28 180
14 50 38 44 -3 21 0 0.21 M M 3.1 15 40 M M 4 18 20 40
15 51 41 46 -1 19 0 0.26 M M 10.1 29 150 M M 10 1 36 160
16 54 49 52 5 13 0 1.69 M M 10.4 31 180 M M 10 18 38 180
17 52 38 45 -3 20 0 0.07 M M 6.1 21 330 M M 6 18 27 330
18 52 37 45 -3 20 0 0.04 M M 7.6 18 170 M M 3 18 22 170
19 55 49 52 4 13 0 0.25 0.0 0 11.4 16 160 M M 10 18 21 160
20 60 48 54 6 11 0 T 0.0 0 6.9 14 160 M M 10 18 19 170
21 56 42 49 1 16 0 0.53 0.0 0 9.7 28 260 M M 9 18 35 260
22 51 36 44 -4 21 0 0.00 0.0 0 7.1 16 340 M M 0 18 23 340
23 59 35 47 -1 18 0 0.00 0.0 0 5.9 10 120 M M 0 18 15 70
24 65 35 50 2 15 0 0.00 0.0 0 8.8 21 180 M M 0 27 180
25 59 49 54 6 11 0 1.48 M M 20.7 38 160 M M 10 18 54 170
26 53 41 47 -1 18 0 0.14 M M 8.5 23 170 M M 6 18 28 180
27 53 35 44 -4 21 0 0.00 M M 5.4 10 170 M M 0 18 13 170
28 54 32 43 -5 22 0 0.00 M M 5.3 9 70 M M 0 8 14 40
29 54 33 44 -4 21 0 0.00 M M 3.8 10 90 M M 0 18 15 80
30 51 45 48 0 17 0 0.49 M M 13.7 35 190 M M 9 18 43 190
31 51 46 49 1 16 0 0.13 M M 3.4 10 180 M M 9 1 13 280
================================================================================
SM 1701 1241 539 0 7.59 0.0 232.4 M 148
================================================================================
AV 54.9 40.0 7.5 FASTST M M 5 MAX(MPH)
MISC ----> 38 160 54 170
================================================================================
NOTES:
# LAST OF SEVERAL OCCURRENCES
COLUMN 17 PEAK WIND IN M.P.H.
PRELIMINARY LOCAL CLIMATOLOGICAL DATA (WS FORM: F-6) , PAGE 2
STATION: CRESCENT CITY CA
MONTH: DECEMBER
YEAR: 2020
LATITUDE: 41 46 N
LONGITUDE: 124 14 W
[TEMPERATURE DATA] [PRECIPITATION DATA] SYMBOLS USED IN COLUMN 16
AVERAGE MONTHLY: 47.5 TOTAL FOR MONTH: 7.59 1 = FOG OR MIST
DPTR FM NORMAL: -0.1 DPTR FM NORMAL: -3.68 2 = FOG REDUCING VISIBILITY
HIGHEST: 65 ON 24 GRTST 24HR 1.76 ON 16-17 TO 1/4 MILE OR LESS
LOWEST: 32 ON 28 3 = THUNDER
SNOW, ICE PELLETS, HAIL 4 = ICE PELLETS
TOTAL MONTH: 0.0 INCH 5 = HAIL
GRTST 24HR 0.0 6 = FREEZING RAIN OR DRIZZLE
GRTST DEPTH: 0 7 = DUSTSTORM OR SANDSTORM:
VSBY 1/2 MILE OR LESS
8 = SMOKE OR HAZE
[NO. OF DAYS WITH] [WEATHER - DAYS WITH] 9 = BLOWING SNOW
X = TORNADO
MAX 32 OR BELOW: 0 0.01 INCH OR MORE: 19
MAX 90 OR ABOVE: 0 0.10 INCH OR MORE: 12
MIN 32 OR BELOW: 1 0.50 INCH OR MORE: 5
MIN 0 OR BELOW: 0 1.00 INCH OR MORE: 3
[HDD (BASE 65) ]
TOTAL THIS MO. 539 CLEAR (SCALE 0-3) 12
DPTR FM NORMAL 0 PTCLDY (SCALE 4-7) 10
TOTAL FM JUL 1 1847 CLOUDY (SCALE 8-10) 9
DPTR FM NORMAL -309
[CDD (BASE 65) ]
TOTAL THIS MO. 0
DPTR FM NORMAL 0 [PRESSURE DATA]
TOTAL FM JAN 1 28 HIGHEST SLP 30.48 ON 6
DPTR FM NORMAL 28 LOWEST SLP 29.73 ON 25
[REMARKS]
#FINAL-12-20#