000
CXUS56 KEKA 041649
CF6CEC
PRELIMINARY LOCAL CLIMATOLOGICAL DATA (WS FORM: F-6)
STATION: CRESCENT CITY CA
MONTH: AUGUST
YEAR: 2023
LATITUDE: 41 46 N
LONGITUDE: 124 14 W
TEMPERATURE IN F: :PCPN: SNOW: WIND :SUNSHINE: SKY :PK WND
================================================================================
1 2 3 4 5 6A 6B 7 8 9 10 11 12 13 14 15 16 17 18
12Z AVG MX 2MIN
DY MAX MIN AVG DEP HDD CDD WTR SNW DPTH SPD SPD DIR MIN PSBL S-S WX SPD DR
================================================================================
1 59 54 57 -1 8 0 0.00 M M 6.7 15 170 M M 10 1 20 160
2 63 56 60 2 5 0 0.00 M M 4.8 10 220 M M 10 1 15 250
3 68 57 63 5 2 0 0.00 M M 4.9 12 190 M M 8 18 17 180
4 65 57 61 3 4 0 0.00 M M 5.5 22 170 M M 4 12 31 170
5 63 54 59 1 6 0 0.00 M M 6.8 17 150 M M 8 1 26 350
6 66 56 61 3 4 0 0.00 M M 8.9 21 340 M M 4 12 32 340
7 65 54 60 2 5 0 0.00 M M 8.6 17 160 M M 4 12 27 360
8 63 55 59 0 6 0 0.00 M M 6.7 18 180 M M 8 128 24 170
9 69 58 64 5 1 0 0.00 M M 3.7 9 230 M M 8 1 13 220
10 67 56 62 3 3 0 0.00 M M 5.8 15 170 M M 7 12 21 180
11 64 56 60 1 5 0 0.00 M M 7.2 17 170 M M 5 128 25 160
12 66 54 60 1 5 0 0.00 M M 6.9 16 170 M M 2 12 22 170
13 64 52 58 -1 7 0 0.00 M M 5.6 14 150 M M 3 12 21 170
14 65 54 60 1 5 0 0.00 M M 4.6 12 160 M M 7 128 15 180
15 71 56 64 5 1 0 T M M 4.7 17 180 M M 1 123 22 180
16 69 55 62 3 3 0 0.00 M M 6.7 17 180 M M 2 12 20 190
17 67 57 62 3 3 0 0.00 M M 5.7 13 170 M M 7 12 18 160
18 66 57 62 3 3 0 0.00 M M 6.0 15 180 M M 9 12 M M
19 M M M M M M 0.00 M M M M M M M M M M
20 66 54 60 1 5 0 0.00 M M 5.1 15 160 M M 9 12 20 160
21 62 52 57 -2 8 0 0.00 M M 11.6 26 150 M M 10 18 37 160
22 64 52 58 0 7 0 0.00 M M 5.0 10 330 M M 6 18 17 320
23 65 53 59 1 6 0 0.00 M M 5.4 12 350 M M 7 128 19 350
24 66 53 60 2 5 0 T M M 5.0 16 170 M M 9 138 21 170
25 63 55 59 1 6 0 0.00 M M 6.2 17 180 M M 10 1 22 180
26 62 57 60 2 5 0 0.00 M M 1.7 7 270 M M 10 18 10 250
27 63 57 60 2 5 0 0.00 M M 4.1 9 310 M M 10 18 12 310
28 66 55 61 3 4 0 0.00 M M 2.8 9 290 M M 7 18 14 280
29 67 51 59 1 6 0 0.00 M M 7.6 18 320 M M 4 28 27 310
30 66 50 58 0 7 0 0.00 M M 9.1 24 330 M M 2 2 38 320
31 62 55 59 1 6 0 0.01 M M 4.7 9 320 M M 10 2 15 120
================================================================================
SM 1952 1642 146 0 0.01 M 178.1 M 201
================================================================================
AV 65.1 54.7 5.9 FASTST M M 7 MAX(MPH)
MISC ----> 26 150 38 320
================================================================================
NOTES:
# LAST OF SEVERAL OCCURRENCES
COLUMN 17 PEAK WIND IN M.P.H.
PRELIMINARY LOCAL CLIMATOLOGICAL DATA (WS FORM: F-6) , PAGE 2
STATION: CRESCENT CITY CA
MONTH: AUGUST
YEAR: 2023
LATITUDE: 41 46 N
LONGITUDE: 124 14 W
[TEMPERATURE DATA] [PRECIPITATION DATA] SYMBOLS USED IN COLUMN 16
AVERAGE MONTHLY: 59.9 TOTAL FOR MONTH: 0.01 1 = FOG OR MIST
DPTR FM NORMAL: 1.4 DPTR FM NORMAL: -0.36 2 = FOG REDUCING VISIBILITY
HIGHEST: 71 ON 15 GRTST 24HR 0.01 ON 31-31 TO 1/4 MILE OR LESS
LOWEST: 50 ON 30 3 = THUNDER
SNOW, ICE PELLETS, HAIL 4 = ICE PELLETS
TOTAL MONTH: M 5 = HAIL
GRTST 24HR M ON M 6 = FREEZING RAIN OR DRIZZLE
GRTST DEPTH: M ON M 7 = DUSTSTORM OR SANDSTORM:
VSBY 1/2 MILE OR LESS
8 = SMOKE OR HAZE
[NO. OF DAYS WITH] [WEATHER - DAYS WITH] 9 = BLOWING SNOW
X = TORNADO
MAX 32 OR BELOW: 0 0.01 INCH OR MORE: 1
MAX 90 OR ABOVE: 0 0.10 INCH OR MORE: 0
MIN 32 OR BELOW: 0 0.50 INCH OR MORE: 0
MIN 0 OR BELOW: 0 1.00 INCH OR MORE: 0
[HDD (BASE 65) ]
TOTAL THIS MO. 146 CLEAR (SCALE 0-3) 4
DPTR FM NORMAL -56 PTCLDY (SCALE 4-7) 13
TOTAL FM JUL 1 387 CLOUDY (SCALE 8-10) 14
DPTR FM NORMAL -48
[CDD (BASE 65) ]
TOTAL THIS MO. 0
DPTR FM NORMAL -1 [PRESSURE DATA]
TOTAL FM JAN 1 1 HIGHEST SLP 30.21 ON 29
DPTR FM NORMAL 0 LOWEST SLP 29.67 ON 21
[REMARKS]
#FINAL-08-23#