776
CXUS55 KGJT 011000
CF6CEZ
PRELIMINARY LOCAL CLIMATOLOGICAL DATA (WS FORM: F-6)
STATION: CORTEZ CO
MONTH: JULY
YEAR: 2020
LATITUDE: 37 17 N
LONGITUDE: 108 38 W
TEMPERATURE IN F: :PCPN: SNOW: WIND :SUNSHINE: SKY :PK WND
================================================================================
1 2 3 4 5 6A 6B 7 8 9 10 11 12 13 14 15 16 17 18
12Z AVG MX 2MIN
DY MAX MIN AVG DEP HDD CDD WTR SNW DPTH SPD SPD DIR MIN PSBL S-S WX SPD DR
================================================================================
1 87 36 62 -7 3 0 0.00 M M 7.6 21 210 M M 0 33 190
2 89 47 68 -1 0 3 0.00 M M 7.8 20 190 M M 0 28 200
3 87 51 69 -1 0 4 T M M 9.2 30 290 M M 1 42 280
4 92 53 73 3 0 8 0.01 M M 6.1 22 10 M M 1 30 10
5 95 47 71 1 0 6 0.00 M M 6.4 20 290 M M 0 26 290
6 96 54 75 5 0 10 0.00 M M 6.8 23 70 M M 0 33 70
7 94 51 73 3 0 8 0.00 M M 8.2 22 200 M M 0 32 220
8 93 45 69 -2 0 4 0.00 M M 7.4 26 210 M M 0 40 200
9 95 49 72 1 0 7 0.00 M M 7.6 23 250 M M 0 39 260
10 95 47 71 0 0 6 0.00 M M 8.8 21 310 M M 0 29 300
11 99 44 72 1 0 7 0.00 M M 6.6 21 290 M M 0 8 29 290
12 101 57 79 8 0 14 0.00 M M 9.2 26 270 M M 0 39 280
13 97 58 78 6 0 13 0.01 M M 8.6 33 200 M M 1 8 54 260
14 95 54 75 3 0 10 0.01 M M 7.9 23 220 M M 0 32 240
15 96 56 76 4 0 11 0.00 M M 6.9 24 230 M M 1 3 38 230
16 90 64 77 5 0 12 T M M 7.5 23 150 M M 2 3 33 160
17 89 63 76 4 0 11 0.01 M M 6.2 29 140 M M 3 3 40 130
18 95 53 74 2 0 9 0.03 M M 5.9 24 30 M M 0 3 35 30
19 95 50 73 1 0 8 T M M 5.8 21 20 M M 1 31 360
20 95 52 74 2 0 9 0.01 M M 5.3 30 360 M M 1 3 50 360
21 96 51 74 2 0 9 T M M 7.9 29 70 M M 1 3 39 10
22 83 62 73 1 0 8 0.02 M M 4.6 20 130 M M 5 30 170
23 90 52 71 -1 0 6 0.06 M M 4.8 30 130 M M 3 13 47 130
24 76 60 68 -4 0 3 0.01 M M 2.3 8 60 M M 8 10 300
25 75 61 68 -4 0 3 0.30 M M 4.0 13 50 M M 9 138 16 70
26 84 59 72 0 0 7 T M M 3.7 16 70 M M 4 13 21 10
27 89 60 75 3 0 10 0.66 M M 7.5 30 160 M M 5 13 40 170
28 88 56 72 0 0 7 T M M 4.8 15 280 M M 1 21 290
29 94 53 74 2 0 9 0.00 M M 5.7 20 290 M M 0 28 280
30 95 51 73 1 0 8 0.00 M M 6.8 23 300 M M 0 32 330
31 96 49 73 1 0 8 0.00 M M 5.8 21 40 M M 0 31 40
================================================================================
SM 2841 1645 3 238 1.13 M 203.7 M 47
================================================================================
AV 91.7 53.1 6.6 FASTST M M 2 MAX(MPH)
MISC ----> # 33 200 # 54 260
================================================================================
NOTES:
# LAST OF SEVERAL OCCURRENCES
COLUMN 17 PEAK WIND IN M.P.H.
PRELIMINARY LOCAL CLIMATOLOGICAL DATA (WS FORM: F-6) , PAGE 2
STATION: CORTEZ CO
MONTH: JULY
YEAR: 2020
LATITUDE: 37 17 N
LONGITUDE: 108 38 W
[TEMPERATURE DATA] [PRECIPITATION DATA] SYMBOLS USED IN COLUMN 16
AVERAGE MONTHLY: 72.4 TOTAL FOR MONTH: 1.13 1 = FOG OR MIST
DPTR FM NORMAL: 1.0 DPTR FM NORMAL: -0.16 2 = FOG REDUCING VISIBILITY
HIGHEST: 101 ON 12 GRTST 24HR 0.66 ON 27-27 TO 1/4 MILE OR LESS
LOWEST: 36 ON 1 3 = THUNDER
SNOW, ICE PELLETS, HAIL 4 = ICE PELLETS
TOTAL MONTH: M 5 = HAIL
GRTST 24HR M ON M 6 = FREEZING RAIN OR DRIZZLE
GRTST DEPTH: M ON M 7 = DUSTSTORM OR SANDSTORM:
VSBY 1/2 MILE OR LESS
8 = SMOKE OR HAZE
[NO. OF DAYS WITH] [WEATHER - DAYS WITH] 9 = BLOWING SNOW
X = TORNADO
MAX 32 OR BELOW: 0 0.01 INCH OR MORE: 11
MAX 90 OR ABOVE: 21 0.10 INCH OR MORE: 2
MIN 32 OR BELOW: 0 0.50 INCH OR MORE: 1
MIN 0 OR BELOW: 0 1.00 INCH OR MORE: 0
[HDD (BASE 65) ]
TOTAL THIS MO. 3 CLEAR (SCALE 0-3) 26
DPTR FM NORMAL 0 PTCLDY (SCALE 4-7) 4
TOTAL FM JUL 1 3 CLOUDY (SCALE 8-10) 1
DPTR FM NORMAL 0
[CDD (BASE 65) ]
TOTAL THIS MO. 238
DPTR FM NORMAL 37 [PRESSURE DATA]
TOTAL FM JAN 1 397 HIGHEST SLP 30.10 ON 11
DPTR FM NORMAL 133 LOWEST SLP 29.73 ON 13
[REMARKS]
#FINAL-07-20#