000
CXUS53 KPAH 010700
CF6CGI
PRELIMINARY LOCAL CLIMATOLOGICAL DATA (WS FORM: F-6)
STATION: CAPE GIRARDEAU MO
MONTH: JANUARY
YEAR: 2023
LATITUDE: 37 13 N
LONGITUDE: 89 35 W
TEMPERATURE IN F: :PCPN: SNOW: WIND :SUNSHINE: SKY :PK WND
================================================================================
1 2 3 4 5 6A 6B 7 8 9 10 11 12 13 14 15 16 17 18
12Z AVG MX 2MIN
DY MAX MIN AVG DEP HDD CDD WTR SNW DPTH SPD SPD DIR MIN PSBL S-S WX SPD DR
================================================================================
1 57 44 51 16 14 0 T M M 4.3 9 200 M M 10 12 13 200
2 66 53 60 25 5 0 0.75 M M 6.3 16 130 M M 10 123 21 150
3 67 53 60 25 5 0 0.72 M M 15.5 33 180 M M 6 1 47 180
4 54 37 46 11 19 0 0.00 M M 9.4 18 240 M M 1 26 240
5 51 32 42 7 23 0 0.00 M M 9.0 22 280 M M 1 28 280
6 51 27 39 4 26 0 0.00 M M 3.1 12 200 M M 2 16 200
7 55 42 49 14 16 0 0.01 M M 7.9 14 50 M M 10 18 50
8 46 28 37 3 28 0 0.00 M M 8.0 15 360 M M 8 18 25 340
9 50 24 37 3 28 0 0.00 M M 4.7 12 190 M M 3 128 16 190
10 60 34 47 13 18 0 0.00 M M 6.4 14 260 M M 0 1 18 190
11 65 53 59 25 6 0 0.00 M M 7.8 15 220 M M 8 1 19 230
12 62 35 49 15 16 0 0.33 M M 15.6 31 340 M M 10 1238 43 340
13 35 31 33 -1 32 0 0.00 M M 13.9 22 340 M M 10 29 350
14 41 24 33 -1 32 0 0.00 M M 2.2 12 350 M M 1 18 15 350
15 53 29 41 7 24 0 0.00 M M 11.3 20 160 M M 3 25 180
16 59 48 54 20 11 0 0.03 M M 15.6 28 190 M M 10 18 37 190
17 64 43 54 20 11 0 0.00 M M 4.7 10 240 M M 4 12 14 230
18 57 45 51 17 14 0 1.87 M M 8.9 21 280 M M 7 138 25 280
19 51 40 46 12 19 0 0.00 M M 13.5 38 270 M M 8 1 50 270
20 46 28 37 3 28 0 0.00 M M 6.5 17 300 M M 3 25 310
21 46 25 36 2 29 0 0.01 M M 3.2 12 40 M M 2 1 14 30
22 43 35 39 5 26 0 0.02 M M 5.1 14 10 M M 10 1 16 10
23 47 32 40 6 25 0 0.00 M M 5.9 12 330 M M 4 17 340
24 46 26 36 1 29 0 0.32 M M 4.8 17 110 M M 5 18 25 120
25 38 33 36 1 29 0 0.43 M M 10.9 20 50 M M 10 1 26 50
26 38 28 33 -2 32 0 0.00 M M 10.1 18 280 M M 6 23 280
27 53 28 41 6 24 0 0.00 M M 12.0 24 210 M M 2 35 240
28 52 38 45 10 20 0 0.07 M M 9.8 26 210 M M 6 1 39 190
29 48 31 40 5 25 0 0.00 M M 9.5 18 20 M M 10 1 25 330
30 31 20 26 -9 39 0 T M M 13.1 20 360 M M 10 146 24 10
31 24 19 22 -14 43 0 T M M 12.6 21 10 M M 10 16 27 10
================================================================================
SM 1556 1065 696 0 4.56 M 271.6 M 190
================================================================================
AV 50.2 34.4 8.8 FASTST M M 6 MAX(MPH)
MISC ----> 38 270 50 270
================================================================================
NOTES:
# LAST OF SEVERAL OCCURRENCES
COLUMN 17 PEAK WIND IN M.P.H.
PRELIMINARY LOCAL CLIMATOLOGICAL DATA (WS FORM: F-6) , PAGE 2
STATION: CAPE GIRARDEAU MO
MONTH: JANUARY
YEAR: 2023
LATITUDE: 37 13 N
LONGITUDE: 89 35 W
[TEMPERATURE DATA] [PRECIPITATION DATA] SYMBOLS USED IN COLUMN 16
AVERAGE MONTHLY: 42.3 TOTAL FOR MONTH: 4.56 1 = FOG OR MIST
DPTR FM NORMAL: 7.7 DPTR FM NORMAL: 1.05 2 = FOG REDUCING VISIBILITY
HIGHEST: 67 ON 3 GRTST 24HR 2.06 ON 2- 3 TO 1/4 MILE OR LESS
LOWEST: 19 ON 31 3 = THUNDER
SNOW, ICE PELLETS, HAIL 4 = ICE PELLETS
TOTAL MONTH: M 5 = HAIL
GRTST 24HR M ON M 6 = FREEZING RAIN OR DRIZZLE
GRTST DEPTH: M ON M 7 = DUSTSTORM OR SANDSTORM:
VSBY 1/2 MILE OR LESS
8 = SMOKE OR HAZE
[NO. OF DAYS WITH] [WEATHER - DAYS WITH] 9 = BLOWING SNOW
X = TORNADO
MAX 32 OR BELOW: 2 0.01 INCH OR MORE: 11
MAX 90 OR ABOVE: 0 0.10 INCH OR MORE: 6
MIN 32 OR BELOW: 16 0.50 INCH OR MORE: 3
MIN 0 OR BELOW: 0 1.00 INCH OR MORE: 1
[HDD (BASE 65) ]
TOTAL THIS MO. 696 CLEAR (SCALE 0-3) 10
DPTR FM NORMAL -246 PTCLDY (SCALE 4-7) 9
TOTAL FM JUL 1 2415 CLOUDY (SCALE 8-10) 12
DPTR FM NORMAL -190
[CDD (BASE 65) ]
TOTAL THIS MO. 0
DPTR FM NORMAL 0 [PRESSURE DATA]
TOTAL FM JAN 1 0 HIGHEST SLP M ON M
DPTR FM NORMAL 0 LOWEST SLP 29.55 ON 18
[REMARKS]
#FINAL-01-23#