000
CXUS54 KMRX 011717
CLMCHA
CLIMATE REPORT
NATIONAL WEATHER SERVICE MORRISTOWN, TN
1217 PM EST THU FEB 01 2024
...................................
...THE CHATTANOOGA AIRPORT CLIMATE SUMMARY FOR THE MONTH OF JANUARY 2024...
CLIMATE NORMAL PERIOD: 1991 TO 2020
CLIMATE RECORD PERIOD: 1879 TO 2024
WEATHER OBSERVED NORMAL DEPART
VALUE DATE(S) VALUE FROM
NORMAL
................................................
TEMPERATURE (F)
HIGHEST 69 01/25
01/26
LOWEST 11 01/17
AVG. MAXIMUM 48.3 51.0 -2.7
AVG. MINIMUM 30.0 32.4 -2.4
MEAN 39.1 41.7 -2.6
DAYS MAX >= 90 0
DAYS MAX <= 32 3
DAYS MIN <= 32 20
DAYS MIN <= 0 0
PRECIPITATION (INCHES)
RECORD
MAXIMUM 12.67 1882
MINIMUM 0.90 1986
TOTALS 6.47 5.02 1.45
DAYS >= .01 14
DAYS >= .10 10
DAYS >= .50 5
DAYS >= 1.00 1
GREATEST
24 HR. TOTAL 2.86 01/08 TO 01/09
SNOWFALL (INCHES)
TOTALS 2.1 1.0 1.1
SINCE 7/1 2.1
SNOWDEPTH AVG. T
DAYS >= TRACE 5
GREATEST
SNOW DEPTH T 01/16
DEGREE DAYS
HEATING TOTAL 794 722 72
SINCE 7/1 1767 1932 -165
COOLING TOTAL 0 0 0
SINCE 1/1 0 0 0
................................................
WEATHER CONDITIONS. NUMBER OF DAYS WITH
THUNDERSTORM 3 RAIN 8
SNOW 0 FOG 14
FOG W/VIS <= 1/4 MILE 1
- INDICATES NEGATIVE NUMBERS.
R INDICATES RECORD WAS SET OR TIED.
MM INDICATES DATA IS MISSING.
T INDICATES TRACE AMOUNT.
$$