000
CXUS55 KDVN 011100
CF6CID
PRELIMINARY LOCAL CLIMATOLOGICAL DATA (WS FORM: F-6)
STATION: CEDAR RAPIDS IA
MONTH: DECEMBER
YEAR: 2020
LATITUDE: 41 52 N
LONGITUDE: 91 42 W
TEMPERATURE IN F: :PCPN: SNOW: WIND :SUNSHINE: SKY :PK WND
================================================================================
1 2 3 4 5 6A 6B 7 8 9 10 11 12 13 14 15 16 17 18
12Z AVG MX 2MIN
DY MAX MIN AVG DEP HDD CDD WTR SNW DPTH SPD SPD DIR MIN PSBL S-S WX SPD DR
================================================================================
1 36 10 23 -6 42 0 0.00 M M 3.7 8 330 M M 0 11 300
2 45 14 30 2 35 0 0.00 M M 4.0 12 320 M M 0 18 13 320
3 41 17 29 1 36 0 0.00 M M 8.6 15 260 M M 1 18 19 270
4 46 22 34 7 31 0 0.00 M M 7.6 14 330 M M 0 19 330
5 45 20 33 6 32 0 0.00 M M 3.0 8 40 M M 1 10 50
6 41 25 33 7 32 0 T M M 6.1 12 320 M M 6 18 14 320
7 32 29 31 5 34 0 0.00 M M 3.5 13 310 M M 10 1 17 320
8 35 29 32 6 33 0 0.00 M M 8.0 13 190 M M 7 1 M M
9 54 27 41 16 24 0 0.00 M M 5.8 12 340 M M 0 14 340
10 58 26 42 17 23 0 0.00 M M 6.3 15 200 M M 0 18 21 200
11 39 32 36 12 29 0 0.36 M M 15.9 24 50 M M 8 1 33 40
12 32 17 25 1 40 0 0.15 M M 14.2 25 40 M M 8 1 36 40
13 24 12 18 -6 47 0 T M M 10.0 22 300 M M 6 1 27 280
14 20 7 14 -9 51 0 0.00 M M 8.7 17 340 M M 1 23 330
15 23 14 19 -4 46 0 0.00 M M 9.1 14 50 M M 2 19 50
16 26 11 19 -4 46 0 0.00 M M 5.1 12 80 M M 5 128 16 40
17 30 12 21 -1 44 0 0.00 M M 4.1 10 160 M M 8 128 12 150
18 37 26 32 10 33 0 0.00 M M 13.5 21 150 M M 4 18 27 160
19 36 27 32 10 33 0 0.00 M M 10.1 17 330 M M 9 1 22 330
20 34 20 27 5 38 0 0.00 M M 7.4 13 140 M M 3 18 18 150
21 43 29 36 14 29 0 0.00 M M 17.5 31 290 M M 3 42 270
22 43 20 32 11 33 0 0.00 M M 12.6 25 170 M M 2 39 160
23 55 11 33 12 32 0 T M M 24.3 41 300 M M 8 18 55 190
24 12 3 8 -13 57 0 T M M 21.5 39 300 M M 5 8 51 290
25 24 1 13 -8 52 0 0.00 M M 10.2 17 290 M M 0 23 250
26 35 14 25 5 40 0 0.00 M M 6.8 12 100 M M 0 17 330
27 31 22 27 7 38 0 0.02 M M 11.1 20 320 M M 5 126 25 320
28 25 8 17 -3 48 0 0.00 M M 10.6 21 320 M M 5 28 320
29 30 8 19 -1 46 0 1.15 M M 12.9 30 150 M M 7 1236 43 130
30 31 21 26 6 39 0 0.00 M M 15.9 31 300 M M 8 1 38 300
31 24 12 18 -2 47 0 0.00 M M 6.6 15 300 M M 9 18 20 300
================================================================================
SM 1087 546 1190 0 1.68 M 304.7 M 131
================================================================================
AV 35.1 17.6 9.8 FASTST M M 4 MAX(MPH)
MISC ----> 41 300 55 190
================================================================================
NOTES:
# LAST OF SEVERAL OCCURRENCES
COLUMN 17 PEAK WIND IN M.P.H.
PRELIMINARY LOCAL CLIMATOLOGICAL DATA (WS FORM: F-6) , PAGE 2
STATION: CEDAR RAPIDS IA
MONTH: DECEMBER
YEAR: 2020
LATITUDE: 41 52 N
LONGITUDE: 91 42 W
[TEMPERATURE DATA] [PRECIPITATION DATA] SYMBOLS USED IN COLUMN 16
AVERAGE MONTHLY: 26.3 TOTAL FOR MONTH: 1.68 1 = FOG OR MIST
DPTR FM NORMAL: 3.0 DPTR FM NORMAL: 0.26 2 = FOG REDUCING VISIBILITY
HIGHEST: 58 ON 10 GRTST 24HR 1.15 ON 29-29 TO 1/4 MILE OR LESS
LOWEST: 1 ON 25 3 = THUNDER
SNOW, ICE PELLETS, HAIL 4 = ICE PELLETS
TOTAL MONTH: M 5 = HAIL
GRTST 24HR M ON M 6 = FREEZING RAIN OR DRIZZLE
GRTST DEPTH: M ON M 7 = DUSTSTORM OR SANDSTORM:
VSBY 1/2 MILE OR LESS
8 = SMOKE OR HAZE
[NO. OF DAYS WITH] [WEATHER - DAYS WITH] 9 = BLOWING SNOW
X = TORNADO
MAX 32 OR BELOW: 14 0.01 INCH OR MORE: 4
MAX 90 OR ABOVE: 0 0.10 INCH OR MORE: 3
MIN 32 OR BELOW: 31 0.50 INCH OR MORE: 1
MIN 0 OR BELOW: 0 1.00 INCH OR MORE: 1
[HDD (BASE 65) ]
TOTAL THIS MO. 1190 CLEAR (SCALE 0-3) 14
DPTR FM NORMAL -103 PTCLDY (SCALE 4-7) 12
TOTAL FM JUL 1 2632 CLOUDY (SCALE 8-10) 5
DPTR FM NORMAL -107
[CDD (BASE 65) ]
TOTAL THIS MO. 0
DPTR FM NORMAL 0 [PRESSURE DATA]
TOTAL FM JAN 1 792 HIGHEST SLP 30.54 ON 29
DPTR FM NORMAL 44 LOWEST SLP 29.28 ON 23
[REMARKS]
#FINAL-12-20#