000
CXUS55 KOHX 011210
CF6CKV
PRELIMINARY LOCAL CLIMATOLOGICAL DATA (WS FORM: F-6)
STATION: CLARKSVILLE
MONTH: FEBRUARY
YEAR: 2024
LATITUDE: 36 37 N
LONGITUDE: 87 25 W
TEMPERATURE IN F: :PCPN: SNOW: WIND :SUNSHINE: SKY :PK WND
================================================================================
1 2 3 4 5 6A 6B 7 8 9 10 11 12 13 14 15 16 17 18
12Z AVG MX 2MIN
DY MAX MIN AVG DEP HDD CDD WTR SNW DPTH SPD SPD DIR MIN PSBL S-S WX SPD DR
================================================================================
1 61 26 44 6 21 0 0.00 M M 4.8 12 190 M M 0 1 18 210
2 68 42 55 17 10 0 0.00 M M 4.3 9 80 M M 2 13 90
3 63 37 50 12 15 0 0.00 M M 9.2 15 80 M M 0 21 70
4 57 42 50 12 15 0 0.00 M M 8.1 14 50 M M 1 17 50
5 61 35 48 9 17 0 0.00 M M 9.4 17 360 M M 0 22 350
6 58 32 45 6 20 0 0.00 M M 5.6 9 60 M M 0 16 20
7 68 28 48 9 17 0 0.00 M M 3.4 9 250 M M 0 18 14 210
8 67 45 56 17 9 0 0.00 M M 12.8 23 190 M M 4 33 190
9 64 56 60 21 5 0 0.00 M M 10.2 18 200 M M 9 18 24 200
10 64 44 54 14 11 0 0.84 M M 7.8 18 210 M M 9 13 27 190
11 51 42 47 7 18 0 0.03 M M 7.2 17 10 M M 9 1 24 10
12 55 39 47 7 18 0 0.89 M M 11.3 26 340 M M 10 13 34 350
13 48 33 41 1 24 0 M M M 7.8 15 310 M M 0 M M
14 64 31 48 8 17 0 M M M 4.6 15 200 M M 0 20 190
15 67 40 54 13 11 0 0.00 M M 8.6 16 310 M M 1 25 260
16 62 30 46 5 19 0 0.16 M M 11.3 28 340 M M 5 13 35 360
17 35 19 27 -14 38 0 0.00 M M 9.1 24 350 M M 3 29 350
18 49 16 33 -8 32 0 0.00 M M 5.0 14 210 M M 0 20 250
19 58 23 41 -1 24 0 0.00 M M 2.3 12 220 M M 0 8 17 240
20 63 34 49 7 16 0 0.00 M M 3.6 13 210 M M 2 16 130
21 73 32 53 11 12 0 0.00 M M 8.4 18 200 M M 0 26 200
22 61 53 57 15 8 0 0.66 M M 10.4 22 200 M M 7 138 30 200
23 62 43 53 10 12 0 0.00 M M 10.0 24 310 M M 2 1 32 320
24 49 29 39 -4 26 0 0.00 M M 9.2 25 350 M M 3 32 360
25 70 27 49 6 16 0 0.00 M M 9.0 23 220 M M 3 34 210
26 77 57 67 23 0 2 0.00 M M 12.0 23 200 M M 3 32 190
27 75 63 69 25 0 4 T M M 15.9 28 200 M M 4 42 210
28 74 30 52 8 13 0 0.29 M M 14.6 30 310 M M 3 13 46 310
29 50 25 38 -6 27 0 0.00 M M 6.4 14 80 M M 0 20 80
================================================================================
SM 1774 1053 471 6 2.87 M 242.3 M 80
================================================================================
AV 61.2 36.3 8.4 FASTST M M 3 MAX(MPH)
MISC ----> 30 310 46 310
================================================================================
NOTES:
# LAST OF SEVERAL OCCURRENCES
COLUMN 17 PEAK WIND IN M.P.H.
PRELIMINARY LOCAL CLIMATOLOGICAL DATA (WS FORM: F-6) , PAGE 2
STATION: CLARKSVILLE
MONTH: FEBRUARY
YEAR: 2024
LATITUDE: 36 37 N
LONGITUDE: 87 25 W
[TEMPERATURE DATA] [PRECIPITATION DATA] SYMBOLS USED IN COLUMN 16
AVERAGE MONTHLY: 48.7 TOTAL FOR MONTH: 2.87 1 = FOG OR MIST
DPTR FM NORMAL: 8.0 DPTR FM NORMAL: -1.00 2 = FOG REDUCING VISIBILITY
HIGHEST: 77 ON 26 GRTST 24HR 0.89 ON 12-12 TO 1/4 MILE OR LESS
LOWEST: 16 ON 18 3 = THUNDER
SNOW, ICE PELLETS, HAIL 4 = ICE PELLETS
TOTAL MONTH: M 5 = HAIL
GRTST 24HR M ON M 6 = FREEZING RAIN OR DRIZZLE
GRTST DEPTH: M ON M 7 = DUSTSTORM OR SANDSTORM:
VSBY 1/2 MILE OR LESS
8 = SMOKE OR HAZE
[NO. OF DAYS WITH] [WEATHER - DAYS WITH] 9 = BLOWING SNOW
X = TORNADO
MAX 32 OR BELOW: 0 0.01 INCH OR MORE: 6
MAX 90 OR ABOVE: 0 0.10 INCH OR MORE: 5
MIN 32 OR BELOW: 13 0.50 INCH OR MORE: 3
MIN 0 OR BELOW: 0 1.00 INCH OR MORE: 0
[HDD (BASE 65) ]
TOTAL THIS MO. 471 CLEAR (SCALE 0-3) 20
DPTR FM NORMAL -211 PTCLDY (SCALE 4-7) 5
TOTAL FM JUL 1 2279 CLOUDY (SCALE 8-10) 4
DPTR FM NORMAL -846
[CDD (BASE 65) ]
TOTAL THIS MO. 6
DPTR FM NORMAL 5 [PRESSURE DATA]
TOTAL FM JAN 1 6 HIGHEST SLP 30.58 ON 29
DPTR FM NORMAL 5 LOWEST SLP 29.52 ON 27
[REMARKS]
#FINAL-02-24#