000
CXUS54 KHGX 011647
CLMCLL
CLIMATE REPORT
NATIONAL WEATHER SERVICE HOUSTON/GALVESTON TX
1147 AM CDT MON APR 01 2024
...................................
...THE COLLEGE STATION CLIMATE SUMMARY FOR THE MONTH OF MARCH 2024...
CLIMATE NORMAL PERIOD: 1991 TO 2020
CLIMATE RECORD PERIOD: 1888 TO 2024
WEATHER OBSERVED NORMAL DEPART LAST YEAR`S
VALUE DATE(S) VALUE FROM VALUE DATE(S)
NORMAL
................................................................
TEMPERATURE (F)
RECORD
HIGH 96 03/30/1946
LOW 17 03/05/2002
03/05/1989
03/03/1943
HIGHEST 90 03/05 MM MM 88 03/31
LOWEST 41 03/10 MM MM 36 03/20
03/19
AVG. MAXIMUM 75.4 72.5 2.9 75.8
AVG. MINIMUM 55.9 51.7 4.2 55.5
MEAN 65.6 62.1 3.5 65.7
DAYS MAX >= 90 1 0.0 1.0 0
DAYS MAX <= 32 0 0.0 0.0 0
DAYS MIN <= 32 0 1.1 -1.1 0
DAYS MIN <= 0 0 0.0 0.0 0
PRECIPITATION (INCHES)
RECORD
MAXIMUM 8.66 2012
TOTALS 1.62 3.41 -1.79 1.37
DAILY AVG. 0.05 0.11 -0.06 0.04
DAYS >= .01 3 8.1 -5.1 6
DAYS >= .10 3 4.8 -1.8 2
DAYS >= .50 1 2.3 -1.3 1
DAYS >= 1.00 0 1.1 -1.1 0
GREATEST
24 HR. TOTAL 0.97 03/21 TO 03/21 0.65 03/17 TO 03/17
SNOWFALL (INCHES)
RECORDS
TOTAL 0.1 2008
TOTALS 0.0
SINCE 7/1 T
LIQUID 7/1 -0.10
DAYS >= TRACE 0
GREATEST
24 HR TOTAL MM
DEGREE DAYS
HEATING TOTAL 78 157 -79 92
SINCE 7/1 1253 1498 -245 MM
COOLING TOTAL 104 67 37 120
SINCE 1/1 144 100 44 MM
................................................................
WIND (MPH)
AVERAGE WIND SPEED 8.8
HIGHEST WIND SPEED/DIRECTION 28/330 DATE 03/08
28/160 03/24
HIGHEST GUST SPEED/DIRECTION 40/150 DATE 03/24
SKY COVER
AVERAGE SKY COVER 0.48
AVERAGE RH (PERCENT) 68
WEATHER CONDITIONS. NUMBER OF DAYS WITH
THUNDERSTORM 3 MIXED PRECIP 0
HEAVY RAIN 3 RAIN 3
LIGHT RAIN 10 FREEZING RAIN 0
LT FREEZING RAIN 0 HAIL 0
HEAVY SNOW 0 SNOW 0
LIGHT SNOW 0 SLEET 0
FOG 14 FOG W/VIS <= 1/4 MILE 1
HAZE 2
- INDICATES NEGATIVE NUMBERS.
R INDICATES RECORD WAS SET OR TIED.
MM INDICATES DATA IS MISSING.
T INDICATES TRACE AMOUNT.
$$