000
CXUS52 KGSP 011343
CLMCLT
CLIMATE REPORT
NATIONAL WEATHER SERVICE GREENVILLE-SPARTANBURG SC
843 AM EST FRI DEC 01 2023
...................................
...THE CHARLOTTE NC CLIMATE SUMMARY FOR THE MONTH OF NOVEMBER 2023...
CLIMATE NORMAL PERIOD 1991 TO 2020
CLIMATE RECORD PERIOD 1878 TO 2023
WEATHER OBSERVED NORMAL DEPART LAST YEAR`S
VALUE DATE(S) VALUE FROM VALUE DATE(S)
NORMAL
................................................................
TEMPERATURE (F)
RECORD
HIGH 85 11/02/1961
LOW 11 11/26/1950
HIGHEST 83 11/09 MM MM 82 11/07
LOWEST 23 11/29 MM MM 23 11/21
AVG. MAXIMUM 64.7 62.9 1.8 65.5
AVG. MINIMUM 40.8 39.8 1.0 44.2
MEAN 52.8 51.4 1.4 54.8
DAYS MAX >= 90 0 0.0 0.0 0
DAYS MAX <= 32 0 0.0 0.0 0
DAYS MIN <= 32 7 7.4 -0.4 7
DAYS MIN <= 0 0 0.0 0.0 0
PRECIPITATION (INCHES)
RECORD
MAXIMUM 10.04 2015
MINIMUM 0.23 1890
TOTALS 2.49 3.31 -0.82 5.82
DAILY AVG. 0.08 0.11 -0.03 0.19
DAYS >= .01 5 8.1 -3.1 9
DAYS >= .10 2 5.3 -3.3 8
DAYS >= .50 1 2.5 -1.5 5
DAYS >= 1.00 1 0.8 0.2 2
GREATEST
24 HR. TOTAL 2.11 11/21 TO 11/22 1.36 11/27 TO 11/27
STORM TOTAL 2.05 1.36
(MM/DD(HH)) MM
SNOWFALL (INCHES)
RECORDS
TOTAL 2.5 2000
24 HR TOTAL 2.5 11/19/2000 TO 11/19/2000
SNOW DEPTH 2 11/12/1968
TOTALS 0.0 0.1 -0.1 0.0
LIQUID EQUIV 0.00 0.00 0.00 0.00
SINCE 7/1 0.0 0.1 -0.1 MM
LIQUID 7/1 0.00 0.00 0.00 MM
SNOWDEPTH AVG. 0 0
DAYS >= TRACE 0 0.0 0.0 0
DAYS >= 1.0 0 0.0 0.0 0
GREATEST
SNOW DEPTH 0 0 MM
24 HR TOTAL MM MM
STORM TOTAL 0.0 0.0
(MM/DD(HH)) MM
DEGREE DAYS
HEATING TOTAL 366 415 -49 330
SINCE 7/1 459 580 -121 MM
COOLING TOTAL 4 6 -2 31
SINCE 1/1 1831 1767 64 MM
FREEZE DATES
RECORD
EARLIEST MM
LATEST MM
EARLIEST 11/02 MM
LATEST 03/21
................................................................
WIND (MPH)
AVERAGE WIND SPEED 4.8
HIGHEST WIND SPEED/DIRECTION 22/350 DATE 11/10
HIGHEST GUST SPEED/DIRECTION 32/330 DATE 11/10
SKY COVER
POSSIBLE SUNSHINE (PERCENT) MM
AVERAGE SKY COVER 0.46
NUMBER OF DAYS FAIR 12
NUMBER OF DAYS PC 11
NUMBER OF DAYS CLOUDY 7
AVERAGE RH (PERCENT) 57
WEATHER CONDITIONS. NUMBER OF DAYS WITH
THUNDERSTORM 2 MIXED PRECIP 0
HEAVY RAIN 2 RAIN 2
LIGHT RAIN 7 FREEZING RAIN 0
LT FREEZING RAIN 0 HAIL 0
HEAVY SNOW 0 SNOW 0
LIGHT SNOW 0 SLEET 0
FOG 9 FOG W/VIS <= 1/4 MILE 2
HAZE 8
- INDICATES NEGATIVE NUMBERS.
R INDICATES RECORD WAS SET OR TIED.
MM INDICATES DATA IS MISSING.
T INDICATES TRACE AMOUNT.
$$