000
CXUS53 KILX 010900
CF6CMI
PRELIMINARY LOCAL CLIMATOLOGICAL DATA (WS FORM: F-6)
STATION: CHAMPAIGN IL AIRPORT
MONTH: AUGUST
YEAR: 2022
LATITUDE: 40 1 N
LONGITUDE: 88 17 W
TEMPERATURE IN F: :PCPN: SNOW: WIND :SUNSHINE: SKY :PK WND
================================================================================
1 2 3 4 5 6A 6B 7 8 9 10 11 12 13 14 15 16 17 18
12Z AVG MX 2MIN
DY MAX MIN AVG DEP HDD CDD WTR SNW DPTH SPD SPD DIR MIN PSBL S-S WX SPD DR
================================================================================
1 89 68 79 5 0 14 0.63 M M 9.7 38 280 M M 4 13 55 290
2 81 66 74 0 0 9 0.34 M M 7.0 20 170 M M 2 13 30 180
3 90 71 81 7 0 16 0.81 M M 10.6 32 280 M M 3 13 47 270
4 85 71 78 4 0 13 0.14 M M 4.5 12 110 M M 7 138 17 110
5 86 70 78 4 0 13 0.00 M M 4.4 8 120 M M 6 12 13 120
6 90 69 80 6 0 15 0.00 M M 6.3 12 190 M M 3 128 17 180
7 90 74 82 8 0 17 0.00 M M 6.6 13 220 M M 2 18 20 210
8 86 69 78 4 0 13 T M M 8.2 15 350 M M 4 13 22 350
9 79 62 71 -3 0 6 0.63 M M 7.4 14 50 M M 8 138 20 40
10 81 56 69 -4 0 4 0.00 M M 5.3 13 10 M M 0 1 17 330
11 83 59 71 -2 0 6 T M M 7.9 17 30 M M 1 1 24 20
12 78 57 68 -5 0 3 0.00 M M 6.7 12 70 M M 1 16 80
13 80 56 68 -5 0 3 T M M 7.7 15 180 M M 2 24 190
14 79 67 73 0 0 8 T M M 9.3 17 320 M M 8 1 23 330
15 79 66 73 0 0 8 0.00 M M 8.9 16 50 M M 6 18 22 40
16 82 62 72 -1 0 7 0.00 M M 7.9 13 80 M M 1 18 80
17 82 59 71 -2 0 6 0.00 M M 5.8 14 50 M M 0 19 60
18 83 57 70 -3 0 5 0.00 M M 3.5 8 330 M M 0 12 200
19 83 57 70 -3 0 5 0.00 M M 5.8 12 160 M M 1 18 170
20 82 66 74 1 0 9 0.86 M M 6.0 24 300 M M 7 13 34 300
21 81 63 72 0 0 7 0.00 M M 5.8 15 350 M M 6 12 21 340
22 81 59 70 -2 0 5 0.00 M M 4.9 12 360 M M 2 1 15 350
23 82 57 70 -2 0 5 0.00 M M 2.9 9 270 M M 2 12 270
24 84 57 71 -1 0 6 0.00 M M 2.4 7 290 M M 1 10 120
25 84 57 71 -1 0 6 0.03 M M 5.7 16 260 M M 4 13 25 230
26 84 63 74 2 0 9 0.00 M M 6.4 13 40 M M 3 12 18 360
27 84 61 73 1 0 8 0.00 M M 6.4 10 90 M M 1 15 130
28 89 66 78 6 0 13 0.15 M M 8.5 20 260 M M 3 13 28 260
29 89 69 79 8 0 14 0.52 M M 9.0 18 140 M M 5 138 29 360
30 80 58 69 -2 0 4 T M M 8.4 20 290 M M 3 12 27 290
31 81 54 68 -3 0 3 0.00 M M 4.9 12 310 M M 0 16 290
================================================================================
SM 2587 1946 0 260 4.11 M 204.8 M 96
================================================================================
AV 83.5 62.8 6.6 FASTST M M 3 MAX(MPH)
MISC ----> 38 280 55 290
================================================================================
NOTES:
# LAST OF SEVERAL OCCURRENCES
COLUMN 17 PEAK WIND IN M.P.H.
PRELIMINARY LOCAL CLIMATOLOGICAL DATA (WS FORM: F-6) , PAGE 2
STATION: CHAMPAIGN IL AIRPORT
MONTH: AUGUST
YEAR: 2022
LATITUDE: 40 1 N
LONGITUDE: 88 17 W
[TEMPERATURE DATA] [PRECIPITATION DATA] SYMBOLS USED IN COLUMN 16
AVERAGE MONTHLY: 73.1 TOTAL FOR MONTH: 4.11 1 = FOG OR MIST
DPTR FM NORMAL: 0.3 DPTR FM NORMAL: 0.99 2 = FOG REDUCING VISIBILITY
HIGHEST: 90 ON 7, 6 GRTST 24HR 0.95 ON 3- 4 TO 1/4 MILE OR LESS
LOWEST: 54 ON 31 3 = THUNDER
SNOW, ICE PELLETS, HAIL 4 = ICE PELLETS
TOTAL MONTH: M 5 = HAIL
GRTST 24HR M ON M 6 = FREEZING RAIN OR DRIZZLE
GRTST DEPTH: M ON M 7 = DUSTSTORM OR SANDSTORM:
VSBY 1/2 MILE OR LESS
8 = SMOKE OR HAZE
[NO. OF DAYS WITH] [WEATHER - DAYS WITH] 9 = BLOWING SNOW
X = TORNADO
MAX 32 OR BELOW: 0 0.01 INCH OR MORE: 9
MAX 90 OR ABOVE: 3 0.10 INCH OR MORE: 8
MIN 32 OR BELOW: 0 0.50 INCH OR MORE: 5
MIN 0 OR BELOW: 0 1.00 INCH OR MORE: 0
[HDD (BASE 65) ]
TOTAL THIS MO. 0 CLEAR (SCALE 0-3) 18
DPTR FM NORMAL -5 PTCLDY (SCALE 4-7) 12
TOTAL FM JUL 1 0 CLOUDY (SCALE 8-10) 1
DPTR FM NORMAL -2
[CDD (BASE 65) ]
TOTAL THIS MO. 260
DPTR FM NORMAL 13 [PRESSURE DATA]
TOTAL FM JAN 1 1054 HIGHEST SLP 30.25 ON 12
DPTR FM NORMAL 151 LOWEST SLP 29.81 ON 28
[REMARKS]
#FINAL-08-22#