000
CXUS53 KILX 011446
CLMCMI
CLIMATE REPORT
NATIONAL WEATHER SERVICE LINCOLN IL
946 AM CDT MON MAY 01 2023
...................................
...THE CHAMPAIGN IL AIRPORT CLIMATE SUMMARY FOR THE MONTH OF APRIL 2023...
CLIMATE NORMAL PERIOD 1991 TO 2020
CLIMATE RECORD PERIOD 9999 TO 9999
WEATHER OBSERVED NORMAL DEPART LAST YEAR`S
VALUE DATE(S) VALUE FROM VALUE
NORMAL
..............................................................
TEMPERATURE (F)
RECORD
HIGH MM MM
LOW 21 04/02/2021
HIGHEST 86 04/20 MM MM 85
LOWEST 25 04/24 MM MM 30
AVG. MAXIMUM 67.6 64.7 2.9 61.6
AVG. MINIMUM 39.0 40.9 -1.9 39.8
MEAN 53.3 52.8 0.5 50.7
DAYS MAX >= 90 0 0.0 0.0 0
DAYS MAX <= 32 0 0.0 0.0 0
DAYS MIN <= 32 4 5.4 -1.4 5
DAYS MIN <= 0 0 0.0 0.0 0
PRECIPITATION (INCHES)
RECORD
MAXIMUM 3.21 2022
MINIMUM 1.92 2021
TOTALS 0.72R 3.68 -2.96 3.21
DAILY AVG. 0.03 0.12 -0.09 0.11
DAYS >= .01 8 11.4 -3.4 15
DAYS >= .10 3 7.3 -4.3 7
DAYS >= .50 0 2.5 -2.5 3
DAYS >= 1.00 0 0.8 -0.8 0
GREATEST
24 HR. TOTAL 0.42 03/31 TO 03/31 0.85
DEGREE DAYS
HEATING TOTAL 358 378 -20 439
SINCE 7/1 4925 5443 -518 MM
COOLING TOTAL 14 12 2 14
SINCE 1/1 14 14 0 MM
..............................................................
WIND (MPH)
AVERAGE WIND SPEED 12.5
HIGHEST WIND SPEED/DIRECTION 47/200 DATE 04/15
HIGHEST GUST SPEED/DIRECTION 66/230 DATE 04/05
AVERAGE RH (PERCENT) 60
WEATHER CONDITIONS. NUMBER OF DAYS WITH
THUNDERSTORM 3 MIXED PRECIP 0
HEAVY RAIN 3 RAIN 6
LIGHT RAIN 10 FREEZING RAIN 0
LT FREEZING RAIN 0 HAIL 0
HEAVY SNOW 0 SNOW 0
LIGHT SNOW 0 SLEET 0
FOG 9 FOG W/VIS <= 1/4 MILE 0
HAZE 5
- INDICATES NEGATIVE NUMBERS.
R INDICATES RECORD WAS SET OR TIED.
MM INDICATES DATA IS MISSING.
T INDICATES TRACE AMOUNT.
$$