000
CXUS51 KGYX 020953
CF6CON
PRELIMINARY LOCAL CLIMATOLOGICAL DATA (WS FORM: F-6)
STATION: CONCORD NH
MONTH: JUNE
YEAR: 2021
LATITUDE: 43 12 N
LONGITUDE: 71 30 W
TEMPERATURE IN F: :PCPN: SNOW: WIND :SUNSHINE: SKY :PK WND
================================================================================
1 2 3 4 5 6A 6B 7 8 9 10 11 12 13 14 15 16 17 18
12Z AVG MX 2MIN
DY MAX MIN AVG DEP HDD CDD WTR SNW DPTH SPD SPD DIR MIN PSBL S-S WX SPD DR
================================================================================
1 78 41 60 -2 5 0 0.00 0.0 0 4.1 17 260 M M 1 1 24 250
2 83 44 64 2 1 0 0.00 0.0 0 4.1 14 270 M M 2 1 18 250
3 80 60 70 8 0 5 0.03 0.0 0 7.8 17 170 M M 5 1 23 170
4 80 59 70 8 0 5 0.04 0.0 0 3.9 13 290 M M 4 1 17 290
5 91 54 73 10 0 8 T 0.0 0 4.8 20 290 M M 1 1 25 270
6 93 62 78 15 0 13 0.00 0.0 0 5.0 15 250 M M 1 22 250
7 94 61 78 15 0 13 0.00 0.0 0 5.0 17 230 M M 1 1 25 250
8 93 69 81 17 0 16 0.14 0.0 0 4.8 17 200 M M 2 13 21 220
9 88 56 72 8 0 7 0.01 0.0 0 6.7 17 330 M M 2 1 23 300
10 79 52 66 2 0 1 0.00 0.0 0 4.8 13 140 M M 0 17 170
11 62 51 57 -7 8 0 T 0.0 0 2.9 10 150 M M 7 15 160
12 77 54 66 1 0 1 0.15 0.0 0 3.0 10 220 M M 5 1 13 10
13 84 49 67 2 0 2 0.00 0.0 0 3.7 10 220 M M 1 17 250
14 65 57 61 -4 4 0 0.22 0.0 0 4.8 15 180 M M 7 1 20 180
15 77 58 68 2 0 3 0.46 0.0 0 3.3 20 170 M M 8 123 25 180
16 72 46 59 -7 6 0 0.00 0.0 0 8.9 22 300 M M 2 26 310
17 77 42 60 -6 5 0 0.00 0.0 0 4.7 20 290 M M 0 26 280
18 83 43 63 -4 2 0 T 0.0 0 5.7 17 260 M M 1 24 270
19 87 65 76 9 0 11 0.00 0.0 0 7.6 18 270 M M 4 23 270
20 88 62 75 8 0 10 0.00 0.0 0 6.4 16 250 M M 1 20 250
21 91 60 76 9 0 11 0.00 0.0 0 8.5 21 180 M M 2 28 150
22 76 56 66 -2 0 1 0.12 0.0 0 6.3 17 310 M M 8 1 23 290
23 73 49 61 -7 4 0 0.00 0.0 0 7.0 17 320 M M 2 24 320
24 78 43 61 -7 4 0 0.00 0.0 0 5.1 17 170 M M 1 23 150
25 68 50 59 -9 6 0 0.01 0.0 0 2.9 9 170 M M 9 18 12 160
26 84 61 73 4 0 8 T 0.0 0 8.2 21 190 M M 5 28 180
27 92 70 81 12 0 16 0.00 0.0 0 9.0 17 200 M M 2 26 210
28 97 70 84 15 0 19 0.00 0.0 0 7.4 18 250 M M 1 24 230
29 96 74 85 16 0 20 0.00 0.0 0 6.9 17 290 M M 1 22 290
30 96 71 84 14 0 19 0.11 0.0 0 5.7 23 300 M M 2 3 31 330
================================================================================
SM 2482 1689 45 189 1.29 0.0 169.0 M 88
================================================================================
AV 82.7 56.3 5.6 FASTST M M 3 MAX(MPH)
MISC ----> 23 300 31 330
================================================================================
NOTES:
# LAST OF SEVERAL OCCURRENCES
COLUMN 17 PEAK WIND IN M.P.H.
PRELIMINARY LOCAL CLIMATOLOGICAL DATA (WS FORM: F-6) , PAGE 2
STATION: CONCORD NH
MONTH: JUNE
YEAR: 2021
LATITUDE: 43 12 N
LONGITUDE: 71 30 W
[TEMPERATURE DATA] [PRECIPITATION DATA] SYMBOLS USED IN COLUMN 16
AVERAGE MONTHLY: 69.5 TOTAL FOR MONTH: 1.29 1 = FOG OR MIST
DPTR FM NORMAL: 3.7 DPTR FM NORMAL: -2.48 2 = FOG REDUCING VISIBILITY
HIGHEST: 97 ON 28 GRTST 24HR 0.47 ON 14-15 TO 1/4 MILE OR LESS
LOWEST: 41 ON 1 3 = THUNDER
SNOW, ICE PELLETS, HAIL 4 = ICE PELLETS
TOTAL MONTH: 0.0 INCH 5 = HAIL
GRTST 24HR 0.0 6 = FREEZING RAIN OR DRIZZLE
GRTST DEPTH: 0 7 = DUSTSTORM OR SANDSTORM:
VSBY 1/2 MILE OR LESS
8 = SMOKE OR HAZE
[NO. OF DAYS WITH] [WEATHER - DAYS WITH] 9 = BLOWING SNOW
X = TORNADO
MAX 32 OR BELOW: 0 0.01 INCH OR MORE: 10
MAX 90 OR ABOVE: 9 0.10 INCH OR MORE: 6
MIN 32 OR BELOW: 0 0.50 INCH OR MORE: 0
MIN 0 OR BELOW: 0 1.00 INCH OR MORE: 0
[HDD (BASE 65) ]
TOTAL THIS MO. 45 CLEAR (SCALE 0-3) 20
DPTR FM NORMAL -26 PTCLDY (SCALE 4-7) 9
TOTAL FM JUL 1 6518 CLOUDY (SCALE 8-10) 1
DPTR FM NORMAL -463
[CDD (BASE 65) ]
TOTAL THIS MO. 189
DPTR FM NORMAL 95 [PRESSURE DATA]
TOTAL FM JAN 1 220 HIGHEST SLP 30.43 ON 24
DPTR FM NORMAL 104 LOWEST SLP 29.53 ON 22
[REMARKS]
#FINAL-06-21#