000
CXUS55 KPUB 011631
CF6COS
PRELIMINARY LOCAL CLIMATOLOGICAL DATA (WS FORM: F-6)
STATION: COLORADO SPRINGS CO
MONTH: JANUARY
YEAR: 2024
LATITUDE: 38 49 N
LONGITUDE: 104 43 W
TEMPERATURE IN F: :PCPN: SNOW: WIND :SUNSHINE: SKY :PK WND
================================================================================
1 2 3 4 5 6A 6B 7 8 9 10 11 12 13 14 15 16 17 18
12Z AVG MX 2MIN
DY MAX MIN AVG DEP HDD CDD WTR SNW DPTH SPD SPD DIR MIN PSBL S-S WX SPD DR
================================================================================
1 56 18 37 6 28 0 0.00 0.0 0 5.2 13 30 M M 3 15 180
2 45 22 34 3 31 0 0.00 0.0 0 7.2 18 160 M M 3 23 160
3 45 18 32 1 33 0 0.00 0.0 0 8.5 16 140 M M 3 23 120
4 37 26 32 1 33 0 0.13 1.4 0 6.0 17 340 M M 10 1 22 350
5 39 24 32 1 33 0 0.02 0.2 1 7.7 16 320 M M 7 1 22 320
6 35 18 27 -5 38 0 0.00 0.0 T 7.9 15 140 M M 6 22 140
7 39 17 28 -4 37 0 T T T 7.6 25 340 M M 9 33 340
8 28 18 23 -9 42 0 T T T 24.9 44 330 M M 6 9 58 330
9 43 12 28 -4 37 0 0.00 0.0 T 8.2 30 330 M M 3 43 310
10 39 26 33 1 32 0 T T 0 14.3 33 270 M M 4 47 280
11 37 6 22 -10 43 0 0.00 0.0 0 17.0 36 350 M M 7 47 350
12 35 4 20 -12 45 0 0.00 0.0 0 12.5 40 290 M M 4 52 300
13 26 -6 10 -22 55 0 0.01 T 0 10.2 18 180 M M 6 1 23 160
14 9 -8 1 -31 64 0 T T T 4.6 13 200 M M 7 1 17 190
15 13 -10 2 -30 63 0 T 0.3 0 9.8 33 360 M M 4 12 42 350
16 30 -9 11 -21 54 0 0.00 0.0 T 5.8 12 140 M M 4 16 150
17 58 17 38 6 27 0 0.00 0.0 0 7.2 23 330 M M 6 33 320
18 55 14 35 3 30 0 T T 0 12.7 33 290 M M 5 1 44 280
19 26 10 18 -14 47 0 0.01 1.7 2 3.2 10 170 M M 8 1 16 170
20 38 15 27 -5 38 0 0.00 0.0 T 4.3 10 150 M M 8 15 150
21 56 27 42 10 23 0 0.00 0.0 0 7.0 13 120 M M 7 16 120
22 53 28 41 9 24 0 0.00 0.0 0 6.4 14 310 M M 7 19 110
23 51 26 39 7 26 0 0.00 0.0 0 5.8 12 160 M M 4 17 150
24 53 26 40 8 25 0 T 0.0 0 7.3 14 190 M M 6 25 60
25 49 25 37 5 28 0 0.12 0.3 0 5.7 13 150 M M 6 1 18 120
26 43 30 37 5 28 0 0.33 3.2 3 7.8 15 10 M M 8 12 19 350
27 47 23 35 3 30 0 0.00 0.0 1 4.2 9 180 M M 1 11 310
28 56 25 41 9 24 0 0.00 0.0 T 5.0 13 30 M M 1 14 160
29 59 30 45 13 20 0 0.00 0.0 0 6.9 15 340 M M 4 19 30
30 60 29 45 13 20 0 0.00 0.0 0 5.5 14 170 M M 1 17 150
31 65 29 47 15 18 0 0.00 0.0 0 5.8 13 30 M M 5 15 160
================================================================================
SM 1325 530 1076 0 0.62 7.1 252.2 M 163
================================================================================
AV 42.7 17.1 8.1 FASTST M M 5 MAX(MPH)
MISC ----> 44 330 58 330
================================================================================
NOTES:
COLUMN 17 PEAK WIND IN M.P.H.
PRELIMINARY LOCAL CLIMATOLOGICAL DATA (WS FORM: F-6) , PAGE 2
STATION: COLORADO SPRINGS CO
MONTH: JANUARY
YEAR: 2024
LATITUDE: 38 49 N
LONGITUDE: 104 43 W
[TEMPERATURE DATA] [PRECIPITATION DATA] SYMBOLS USED IN COLUMN 16
AVERAGE MONTHLY: 29.9 TOTAL FOR MONTH: 0.62 1 = FOG OR MIST
DPTR FM NORMAL: -1.8 DPTR FM NORMAL: 0.33 2 = FOG REDUCING VISIBILITY
HIGHEST: 65 ON 31 GRTST 24HR 0.45 ON 25-26 TO 1/4 MILE OR LESS
LOWEST: -10 ON 15 3 = THUNDER
SNOW, ICE PELLETS, HAIL 4 = ICE PELLETS
TOTAL MONTH: 7.1 INCHES 5 = HAIL
GRTST 24HR 3.5 ON 25-26 6 = FREEZING RAIN OR DRIZZLE
GRTST DEPTH: 3 ON 26 7 = DUSTSTORM OR SANDSTORM:
VSBY 1/2 MILE OR LESS
8 = SMOKE OR HAZE
[NO. OF DAYS WITH] [WEATHER - DAYS WITH] 9 = BLOWING SNOW
X = TORNADO
MAX 32 OR BELOW: 6 0.01 INCH OR MORE: 6
MAX 90 OR ABOVE: 0 0.10 INCH OR MORE: 3
MIN 32 OR BELOW: 31 0.50 INCH OR MORE: 0
MIN 0 OR BELOW: 4 1.00 INCH OR MORE: 0
[HDD (BASE 65) ]
TOTAL THIS MO. 1076 CLEAR (SCALE 0-3) 7
DPTR FM NORMAL 45 PTCLDY (SCALE 4-7) 19
TOTAL FM JUL 1 3037 CLOUDY (SCALE 8-10) 5
DPTR FM NORMAL -383
[CDD (BASE 65) ]
TOTAL THIS MO. 0
DPTR FM NORMAL 0 [PRESSURE DATA]
TOTAL FM JAN 1 0 HIGHEST SLP 30.58 ON 19
DPTR FM NORMAL 0 LOWEST SLP 29.33 ON 11
[REMARKS]
#FINAL-01-24#