000
CXUS53 KLSX 011556
CF6COU
PRELIMINARY LOCAL CLIMATOLOGICAL DATA (WS FORM: F-6)
STATION: COLUMBIA ASOS
MONTH: OCTOBER
YEAR: 2021
LATITUDE: 38 49 N
LONGITUDE: 92 13 W
TEMPERATURE IN F: :PCPN: SNOW: WIND :SUNSHINE: SKY :PK WND
================================================================================
1 2 3 4 5 6A 6B 7 8 9 10 11 12 13 14 15 16 17 18
12Z AVG MX 2MIN
DY MAX MIN AVG DEP HDD CDD WTR SNW DPTH SPD SPD DIR MIN PSBL S-S WX SPD DR
================================================================================
1 80 64 72 9 0 7 0.00 0.0 0 6.3 12 150 M M 4 15 140
2 78 66 72 9 0 7 1.28 0.0 0 5.2 14 230 M M 8 13 17 210
3 74 62 68 5 0 3 0.50 0.0 0 7.7 18 330 M M 7 13 22 330
4 77 56 67 5 0 2 0.00 0.0 0 6.5 13 330 M M 0 18 16 340
5 73 58 66 4 0 1 T 0.0 0 6.3 13 30 M M 7 1 16 30
6 73 63 68 7 0 3 0.04 0.0 0 7.8 13 60 M M 8 1 18 40
7 73 59 66 5 0 1 0.00 0.0 0 4.1 7 170 M M 7 12 10 200
8 83 57 70 9 0 5 0.00 0.0 0 6.6 12 120 M M 1 1 18 170
9 83 63 73 13 0 8 0.00 0.0 0 9.9 16 180 M M 0 25 180
10 83 64 74 14 0 9 0.00 0.0 0 10.6 20 160 M M 1 27 160
11 73 56 65 5 0 0 0.71 0.0 0 12.4 30 200 M M 8 13 43 200
12 78 50 64 5 1 0 0.00 0.0 0 5.5 12 210 M M 0 17 210
13 76 62 69 10 0 4 1.05 0.0 0 10.6 22 250 M M 6 13 31 250
14 70 57 64 6 1 0 0.33 0.0 0 4.4 13 230 M M 9 1 19 300
15 64 46 55 -3 10 0 0.20 0.0 0 9.0 22 330 M M 7 13 30 340
16 65 43 54 -4 11 0 0.00 0.0 0 8.2 17 280 M M 0 25 280
17 71 40 56 -1 9 0 0.00 0.0 0 5.6 12 220 M M 0 17 200
18 74 46 60 3 5 0 0.00 0.0 0 7.9 15 220 M M 0 19 210
19 74 49 62 6 3 0 0.00 0.0 0 9.5 16 170 M M 0 22 170
20 74 52 63 7 2 0 0.00 0.0 0 9.9 21 210 M M 4 1 26 210
21 60 44 52 -4 13 0 0.00 0.0 0 9.6 18 280 M M 4 18 24 280
22 63 42 53 -2 12 0 0.00 0.0 0 5.2 12 290 M M 2 1 16 290
23 58 48 53 -2 12 0 0.02 0.0 0 8.4 13 130 M M 9 13 18 140
24 77 53 65 11 0 0 0.11 0.0 0 14.0 30 270 M M 7 138 44 280
25 55 43 49 -5 16 0 0.00 0.0 0 11.5 26 300 M M 9 42 280
26 63 38 51 -3 14 0 0.00 0.0 0 10.2 20 120 M M 2 1 29 130
27 65 50 58 5 7 0 0.40 0.0 0 11.1 20 130 M M 6 13 31 120
28 50 48 49 -4 16 0 0.81 0.0 0 14.5 25 350 M M 10 13 32 340
29 51 48 50 -2 15 0 0.20 0.0 0 15.9 24 340 M M 10 1 35 340
30 62 43 53 1 12 0 T 0.0 0 8.1 13 270 M M 2 18 290
31 60 40 50 -2 15 0 0.00 0.0 0 9.6 20 330 M M 2 27 330
================================================================================
SM 2160 1610 174 50 5.65 0.0 272.1 M 140
================================================================================
AV 69.7 51.9 8.8 FASTST M M 5 MAX(MPH)
MISC ----> # 30 200 44 280
================================================================================
NOTES:
# LAST OF SEVERAL OCCURRENCES
COLUMN 17 PEAK WIND IN M.P.H.
PRELIMINARY LOCAL CLIMATOLOGICAL DATA (WS FORM: F-6) , PAGE 2
STATION: COLUMBIA ASOS
MONTH: OCTOBER
YEAR: 2021
LATITUDE: 38 49 N
LONGITUDE: 92 13 W
[TEMPERATURE DATA] [PRECIPITATION DATA] SYMBOLS USED IN COLUMN 16
AVERAGE MONTHLY: 60.8 TOTAL FOR MONTH: 5.65 1 = FOG OR MIST
DPTR FM NORMAL: 3.3 DPTR FM NORMAL: 2.18 2 = FOG REDUCING VISIBILITY
HIGHEST: 83 ON 10, 9 GRTST 24HR 1.67 ON 2- 3 TO 1/4 MILE OR LESS
LOWEST: 38 ON 26 3 = THUNDER
SNOW, ICE PELLETS, HAIL 4 = ICE PELLETS
TOTAL MONTH: 0.0 INCH 5 = HAIL
GRTST 24HR 0.0 6 = FREEZING RAIN OR DRIZZLE
GRTST DEPTH: 0 7 = DUSTSTORM OR SANDSTORM:
VSBY 1/2 MILE OR LESS
8 = SMOKE OR HAZE
[NO. OF DAYS WITH] [WEATHER - DAYS WITH] 9 = BLOWING SNOW
X = TORNADO
MAX 32 OR BELOW: 0 0.01 INCH OR MORE: 12
MAX 90 OR ABOVE: 0 0.10 INCH OR MORE: 10
MIN 32 OR BELOW: 0 0.50 INCH OR MORE: 5
MIN 0 OR BELOW: 0 1.00 INCH OR MORE: 2
[HDD (BASE 65) ]
TOTAL THIS MO. 174 CLEAR (SCALE 0-3) 13
DPTR FM NORMAL -93 PTCLDY (SCALE 4-7) 10
TOTAL FM JUL 1 179 CLOUDY (SCALE 8-10) 8
DPTR FM NORMAL -136
[CDD (BASE 65) ]
TOTAL THIS MO. 50
DPTR FM NORMAL 16 [PRESSURE DATA]
TOTAL FM JAN 1 1681 HIGHEST SLP 30.32 ON 31
DPTR FM NORMAL 236 LOWEST SLP 29.35 ON 28
[REMARKS]
#FINAL-10-21#