000
CXUS52 KILM 011000
CF6CRE
PRELIMINARY LOCAL CLIMATOLOGICAL DATA (WS FORM: F-6)
STATION: N.MYRTLE BEACH SOUTH CAROLINA
MONTH: AUGUST
YEAR: 2022
LATITUDE: 33 49 N
LONGITUDE: 78 43 W
TEMPERATURE IN F: :PCPN: SNOW: WIND :SUNSHINE: SKY :PK WND
================================================================================
1 2 3 4 5 6A 6B 7 8 9 10 11 12 13 14 15 16 17 18
12Z AVG MX 2MIN
DY MAX MIN AVG DEP HDD CDD WTR SNW DPTH SPD SPD DIR MIN PSBL S-S WX SPD DR
================================================================================
1 91 79 85 5 0 20 T M M 9.8 24 240 M M 1 3 30 240
2 91 77 84 4 0 19 0.00 M M 9.3 18 200 M M 1 24 230
3 88 77 83 3 0 18 0.00 M M 7.1 15 200 M M 1 19 200
4 87 75 81 1 0 16 0.00 M M 7.4 16 200 M M 0 1 20 200
5 87 74 81 1 0 16 0.00 M M 4.7 14 140 M M 1 17 180
6 87 74 81 1 0 16 0.01 M M 4.6 14 150 M M 2 1 17 150
7 86 72 79 -1 0 14 0.00 M M 7.0 13 220 M M 2 3 17 150
8 85 73 79 -1 0 14 0.39 M M 8.4 16 210 M M 4 1 20 170
9 87 76 82 2 0 17 0.00 M M 12.0 24 210 M M 1 30 190
10 90 78 84 4 0 19 0.00 M M 11.9 21 220 M M 0 27 220
11 91 73 82 2 0 17 T M M 8.2 30 240 M M 1 39 240
12 82 69 76 -4 0 11 0.30 M M 5.8 20 230 M M 5 13 27 220
13 86 66 76 -4 0 11 0.00 M M 7.4 20 50 M M 1 23 50
14 87 65 76 -4 0 11 0.00 M M 6.1 16 50 M M 2 21 60
15 85 65 75 -5 0 10 1.11 M M 7.5 22 200 M M 3 13 27 210
16 82 69 76 -4 0 11 0.81 M M 5.4 18 140 M M 9 12 22 140
17 81 70 76 -4 0 11 T M M 5.2 12 30 M M 8 1 15 20
18 82 72 77 -3 0 12 T M M 7.3 14 110 M M 5 20 120
19 78 72 75 -4 0 10 2.86 M M 5.2 12 80 M M 8 13 15 70
20 83 71 77 -2 0 12 0.01 M M 5.3 12 170 M M 5 1 M M
21 83 74 79 0 0 14 0.39 M M 5.2 20 200 M M 4 13 25 190
22 82 73 78 -1 0 13 0.21 M M 9.1 18 190 M M 7 138 24 230
23 83 73 78 -1 0 13 T M M 4.3 13 200 M M 4 3 14 200
24 84 74 79 0 0 14 T M M 3.3 10 160 M M 2 1 13 160
25 84 71 78 -1 0 13 0.02 M M 3.5 12 200 M M 5 1 14 200
26 82 72 77 -2 0 12 0.10 M M 4.0 10 210 M M 4 18 13 210
27 86 72 79 0 0 14 0.00 M M 2.9 13 160 M M 1 1 17 170
28 86 71 79 0 0 14 0.00 M M 5.8 15 110 M M 3 1 22 90
29 81 73 77 -2 0 12 0.26 M M 5.1 13 110 M M 6 13 18 110
30 83 75 79 1 0 14 0.01 M M 8.7 21 210 M M 6 18 23 220
31 87 75 81 3 0 16 0.00 M M 5.7 13 200 M M 2 1 16 200
================================================================================
SM 2637 2250 0 434 6.48 M 203.2 M 104
================================================================================
AV 85.1 72.6 6.6 FASTST M M 3 MAX(MPH)
MISC ----> 30 240 39 240
================================================================================
NOTES:
# LAST OF SEVERAL OCCURRENCES
COLUMN 17 PEAK WIND IN M.P.H.
PRELIMINARY LOCAL CLIMATOLOGICAL DATA (WS FORM: F-6) , PAGE 2
STATION: N.MYRTLE BEACH SOUTH CAROLINA
MONTH: AUGUST
YEAR: 2022
LATITUDE: 33 49 N
LONGITUDE: 78 43 W
[TEMPERATURE DATA] [PRECIPITATION DATA] SYMBOLS USED IN COLUMN 16
AVERAGE MONTHLY: 78.8 TOTAL FOR MONTH: 6.48 1 = FOG OR MIST
DPTR FM NORMAL: -0.7 DPTR FM NORMAL: 0.23 2 = FOG REDUCING VISIBILITY
HIGHEST: 91 ON 11, 1 GRTST 24HR 2.86 ON 19-19 TO 1/4 MILE OR LESS
LOWEST: 65 ON 15,14 3 = THUNDER
SNOW, ICE PELLETS, HAIL 4 = ICE PELLETS
TOTAL MONTH: M 5 = HAIL
GRTST 24HR M ON M 6 = FREEZING RAIN OR DRIZZLE
GRTST DEPTH: M ON M 7 = DUSTSTORM OR SANDSTORM:
VSBY 1/2 MILE OR LESS
8 = SMOKE OR HAZE
[NO. OF DAYS WITH] [WEATHER - DAYS WITH] 9 = BLOWING SNOW
X = TORNADO
MAX 32 OR BELOW: 0 0.01 INCH OR MORE: 13
MAX 90 OR ABOVE: 4 0.10 INCH OR MORE: 9
MIN 32 OR BELOW: 0 0.50 INCH OR MORE: 3
MIN 0 OR BELOW: 0 1.00 INCH OR MORE: 2
[HDD (BASE 65) ]
TOTAL THIS MO. 0 CLEAR (SCALE 0-3) 17
DPTR FM NORMAL 0 PTCLDY (SCALE 4-7) 12
TOTAL FM JUL 1 0 CLOUDY (SCALE 8-10) 2
DPTR FM NORMAL 0
[CDD (BASE 65) ]
TOTAL THIS MO. 434
DPTR FM NORMAL -16 [PRESSURE DATA]
TOTAL FM JAN 1 1649 HIGHEST SLP 30.26 ON 6
DPTR FM NORMAL 89 LOWEST SLP 29.83 ON 15
[REMARKS]
#FINAL-08-22#