000
CXUS52 KILM 011100
CF6CRE
PRELIMINARY LOCAL CLIMATOLOGICAL DATA (WS FORM: F-6)
STATION: N.MYRTLE BEACH SOUTH CAROLINA
MONTH: JANUARY
YEAR: 2022
LATITUDE: 33 49 N
LONGITUDE: 78 43 W
TEMPERATURE IN F: :PCPN: SNOW: WIND :SUNSHINE: SKY :PK WND
================================================================================
1 2 3 4 5 6A 6B 7 8 9 10 11 12 13 14 15 16 17 18
12Z AVG MX 2MIN
DY MAX MIN AVG DEP HDD CDD WTR SNW DPTH SPD SPD DIR MIN PSBL S-S WX SPD DR
================================================================================
1 69 61 65 18 0 0 0.00 M M 14.2 25 210 M M 7 12 34 210
2 69 61 65 18 0 0 0.50 M M 12.1 24 220 M M 6 1 28 220
3 69 36 53 6 12 0 0.81 M M 14.3 43 210 M M 6 1 55 220
4 51 30 41 -6 24 0 0.00 M M 7.5 15 30 M M 3 22 10
5 57 42 50 3 15 0 0.01 M M 4.9 9 290 M M 7 1 13 320
6 58 39 49 2 16 0 0.00 M M 7.2 17 230 M M 1 1 23 230
7 61 36 49 3 16 0 T M M 9.8 24 240 M M 2 34 230
8 46 29 38 -8 27 0 0.00 M M 8.2 17 40 M M 0 21 50
9 69 37 53 7 12 0 0.01 M M 8.9 21 220 M M 2 1 25 210
10 64 30 47 1 18 0 0.04 M M 7.2 18 20 M M 6 1 26 360
11 47 28 38 -8 27 0 0.00 M M 6.0 18 30 M M 0 24 20
12 51 27 39 -7 26 0 0.00 M M 3.4 8 170 M M 0 1 12 160
13 55 31 43 -3 22 0 0.00 M M 2.3 10 190 M M 2 12 14 50
14 57 35 46 0 19 0 0.00 M M 5.8 16 350 M M 2 23 350
15 49 34 42 -4 23 0 0.00 M M 9.8 17 50 M M 3 22 60
16 60 33 47 1 18 0 2.50 M M 13.8 28 210 M M 9 1 34 240
17 49 37 43 -3 22 0 T M M 12.5 23 280 M M 4 36 280
18 50 30 40 -6 25 0 0.00 M M 3.8 12 180 M M 0 15 10
19 57 28 43 -3 22 0 0.00 M M 3.8 12 200 M M 0 12 16 200
20 67 45 56 10 9 0 0.04 M M 6.7 17 30 M M 3 1 23 30
21 45 29 37 -9 28 0 0.19 M M 12.0 20 10 M M 10 16 27 30
22 36 24 30 -16 35 0 0.16 M M 7.1 16 10 M M 6 16 23 360
23 45 19 32 -14 33 0 0.00 M M 4.2 13 210 M M 0 12 16 220
24 51 29 40 -6 25 0 0.00 M M 3.9 12 40 M M 0 1 14 50
25 55 33 44 -2 21 0 T M M 2.6 9 210 M M 6 1 11 210
26 49 33 41 -5 24 0 0.00 M M 10.6 20 40 M M 0 1 24 40
27 51 29 40 -6 25 0 0.00 M M 9.6 16 40 M M 0 22 30
28 47 29 38 -8 27 0 T M M 5.8 12 10 M M 4 15 20
29 40 27 34 -12 31 0 0.10 M M 7.7 21 340 M M 5 1 35 330
30 46 19 33 -13 32 0 0.00 M M 7.9 24 220 M M 0 30 220
31 56 34 45 -1 20 0 0.00 M M 5.4 13 160 M M 0 14 150
================================================================================
SM 1676 1034 654 0 4.36 M 239.0 M 94
================================================================================
AV 54.1 33.4 7.7 FASTST M M 3 MAX(MPH)
MISC ----> 43 210 55 220
================================================================================
NOTES:
# LAST OF SEVERAL OCCURRENCES
COLUMN 17 PEAK WIND IN M.P.H.
PRELIMINARY LOCAL CLIMATOLOGICAL DATA (WS FORM: F-6) , PAGE 2
STATION: N.MYRTLE BEACH SOUTH CAROLINA
MONTH: JANUARY
YEAR: 2022
LATITUDE: 33 49 N
LONGITUDE: 78 43 W
[TEMPERATURE DATA] [PRECIPITATION DATA] SYMBOLS USED IN COLUMN 16
AVERAGE MONTHLY: 43.7 TOTAL FOR MONTH: 4.36 1 = FOG OR MIST
DPTR FM NORMAL: -2.5 DPTR FM NORMAL: 1.35 2 = FOG REDUCING VISIBILITY
HIGHEST: 69 ON 9, 3 GRTST 24HR 2.50 ON 16-16 TO 1/4 MILE OR LESS
LOWEST: 19 ON 30,23 3 = THUNDER
SNOW, ICE PELLETS, HAIL 4 = ICE PELLETS
TOTAL MONTH: M 5 = HAIL
GRTST 24HR M ON M 6 = FREEZING RAIN OR DRIZZLE
GRTST DEPTH: M ON M 7 = DUSTSTORM OR SANDSTORM:
VSBY 1/2 MILE OR LESS
8 = SMOKE OR HAZE
[NO. OF DAYS WITH] [WEATHER - DAYS WITH] 9 = BLOWING SNOW
X = TORNADO
MAX 32 OR BELOW: 0 0.01 INCH OR MORE: 10
MAX 90 OR ABOVE: 0 0.10 INCH OR MORE: 6
MIN 32 OR BELOW: 16 0.50 INCH OR MORE: 3
MIN 0 OR BELOW: 0 1.00 INCH OR MORE: 1
[HDD (BASE 65) ]
TOTAL THIS MO. 654 CLEAR (SCALE 0-3) 18
DPTR FM NORMAL 71 PTCLDY (SCALE 4-7) 11
TOTAL FM JUL 1 1347 CLOUDY (SCALE 8-10) 2
DPTR FM NORMAL -82
[CDD (BASE 65) ]
TOTAL THIS MO. 0
DPTR FM NORMAL 0 [PRESSURE DATA]
TOTAL FM JAN 1 0 HIGHEST SLP 30.62 ON 8
DPTR FM NORMAL 0 LOWEST SLP 29.46 ON 16
[REMARKS]
#FINAL-01-22#