000
CXUS52 KILM 012019
CF6CRE
PRELIMINARY LOCAL CLIMATOLOGICAL DATA (WS FORM: F-6)
STATION: N.MYRTLE BEACH SOUTH CAROLINA
MONTH: OCTOBER
YEAR: 2020
LATITUDE: 33 49 N
LONGITUDE: 78 43 W
TEMPERATURE IN F: :PCPN: SNOW: WIND :SUNSHINE: SKY :PK WND
================================================================================
1 2 3 4 5 6A 6B 7 8 9 10 11 12 13 14 15 16 17 18
12Z AVG MX 2MIN
DY MAX MIN AVG DEP HDD CDD WTR SNW DPTH SPD SPD DIR MIN PSBL S-S WX SPD DR
================================================================================
1 77 57 67 -4 0 2 0.00 M M 6.1 14 210 M M 0 17 210
2 76 60 68 -2 0 3 0.00 M M 8.2 18 30 M M 1 24 40
3 74 59 67 -3 0 2 0.00 M M 8.8 18 50 M M 6 28 20
4 70 60 65 -5 0 0 0.01 M M 8.2 16 20 M M 9 22 10
5 77 59 68 -1 0 3 0.00 M M 5.0 13 40 M M 1 17 40
6 78 59 69 0 0 4 0.00 M M 7.9 17 60 M M 4 21 60
7 85 64 75 7 0 10 0.00 M M 5.9 14 220 M M 1 1 18 210
8 87 64 76 8 0 11 0.00 M M 3.4 12 40 M M 0 12 15 20
9 82 64 73 5 0 8 0.00 M M 6.9 16 90 M M 4 12 21 90
10 82 76 79 12 0 14 0.01 M M 7.3 14 150 M M 2 21 150
11 83 74 79 12 0 14 1.75 M M 8.7 17 170 M M 8 13 26 160
12 82 73 78 11 0 13 0.04 M M 3.7 13 190 M M 9 12 17 200
13 85 71 78 12 0 13 0.00 M M 3.9 9 320 M M 5 1 15 310
14 79 63 71 5 0 6 0.00 M M 6.9 14 40 M M 3 18 40
15 81 60 71 5 0 6 0.15 M M 2.6 8 240 M M 6 1 11 160
16 80 61 71 6 0 6 0.02 M M 5.3 16 20 M M 8 12 22 10
17 71 55 63 -2 2 0 0.00 M M 10.1 20 60 M M 2 25 60
18 79 54 67 2 0 2 0.00 M M 7.6 15 40 M M 1 21 40
19 81 61 71 7 0 6 0.00 M M 5.2 12 40 M M 3 1 14 20
20 85 65 75 11 0 10 0.00 M M 5.8 10 80 M M 3 1 14 90
21 84 68 76 12 0 11 T M M 6.7 14 100 M M 2 1 18 110
22 81 69 75 12 0 10 0.00 M M 6.6 14 110 M M 4 19 70
23 82 65 74 11 0 9 0.00 M M 4.1 15 110 M M 4 1 18 110
24 79 62 71 8 0 6 0.00 M M 2.9 12 170 M M 0 1 14 160
25 75 65 70 8 0 5 0.41 M M 4.2 13 40 M M 9 1 17 30
26 74 57 66 4 0 1 0.00 M M 5.6 13 10 M M 5 1 17 10
27 76 58 67 5 0 2 0.00 M M 1.7 9 190 M M 1 1 15 150
28 77 60 69 7 0 4 0.00 M M 4.4 10 190 M M 4 1 13 160
29 81 73 77 16 0 12 T M M 19.2 35 210 M M 5 44 220
30 77 54 66 5 0 1 T M M 10.7 28 220 M M 1 37 240
31 70 52 61 0 4 0 0.00 M M 11.1 17 30 M M 1 23 40
================================================================================
SM 2450 1942 6 194 2.39 M 204.7 M 112
================================================================================
AV 79.0 62.6 6.6 FASTST M M 4 MAX(MPH)
MISC ----> 35 210 44 220
================================================================================
NOTES:
# LAST OF SEVERAL OCCURRENCES
COLUMN 17 PEAK WIND IN M.P.H.
PRELIMINARY LOCAL CLIMATOLOGICAL DATA (WS FORM: F-6) , PAGE 2
STATION: N.MYRTLE BEACH SOUTH CAROLINA
MONTH: OCTOBER
YEAR: 2020
LATITUDE: 33 49 N
LONGITUDE: 78 43 W
[TEMPERATURE DATA] [PRECIPITATION DATA] SYMBOLS USED IN COLUMN 16
AVERAGE MONTHLY: 70.8 TOTAL FOR MONTH: 2.39 1 = FOG OR MIST
DPTR FM NORMAL: 5.4 DPTR FM NORMAL: -1.49 2 = FOG REDUCING VISIBILITY
HIGHEST: 87 ON 8 GRTST 24HR 1.76 ON 10-11 TO 1/4 MILE OR LESS
LOWEST: 52 ON 31 3 = THUNDER
SNOW, ICE PELLETS, HAIL 4 = ICE PELLETS
TOTAL MONTH: M 5 = HAIL
GRTST 24HR M ON M 6 = FREEZING RAIN OR DRIZZLE
GRTST DEPTH: M ON M 7 = DUSTSTORM OR SANDSTORM:
VSBY 1/2 MILE OR LESS
8 = SMOKE OR HAZE
[NO. OF DAYS WITH] [WEATHER - DAYS WITH] 9 = BLOWING SNOW
X = TORNADO
MAX 32 OR BELOW: 0 0.01 INCH OR MORE: 7
MAX 90 OR ABOVE: 0 0.10 INCH OR MORE: 3
MIN 32 OR BELOW: 0 0.50 INCH OR MORE: 1
MIN 0 OR BELOW: 0 1.00 INCH OR MORE: 1
[HDD (BASE 65) ]
TOTAL THIS MO. 6 CLEAR (SCALE 0-3) 14
DPTR FM NORMAL -80 PTCLDY (SCALE 4-7) 14
TOTAL FM JUL 1 9 CLOUDY (SCALE 8-10) 3
DPTR FM NORMAL -82
[CDD (BASE 65) ]
TOTAL THIS MO. 194
DPTR FM NORMAL 95 [PRESSURE DATA]
TOTAL FM JAN 1 2292 HIGHEST SLP 30.39 ON 31
DPTR FM NORMAL 409 LOWEST SLP 29.58 ON 30
[REMARKS]
#FINAL-10-20#