000
CXUS54 KFWD 010730
CF6CRS
PRELIMINARY LOCAL CLIMATOLOGICAL DATA (WS FORM: F-6)
STATION: CORSICANA
MONTH: AUGUST
YEAR: 2023
LATITUDE: 32 1 N
LONGITUDE: 96 24 W
TEMPERATURE IN F: :PCPN: SNOW: WIND :SUNSHINE: SKY :PK WND
================================================================================
1 2 3 4 5 6A 6B 7 8 9 10 11 12 13 14 15 16 17 18
12Z AVG MX 2MIN
DY MAX MIN AVG DEP HDD CDD WTR SNW DPTH SPD SPD DIR MIN PSBL S-S WX SPD DR
================================================================================
1 107 82 95 9 0 30 M M M 8.6 12 140 M M 0 M M
2 M M M M M M M M M M M M M M M M M
3 105 81 93 7 0 28 0.00 M M 9.3 16 160 M M 0 22 200
4 105 82 94 8 0 29 0.00 M M 9.4 17 210 M M 0 24 210
5 106 82 94 8 0 29 0.00 M M 8.9 18 220 M M 0 23 180
6 105 82 94 8 0 29 0.00 M M 9.1 18 150 M M 0 26 150
7 105 83 94 8 0 29 0.00 M M 10.4 17 220 M M 0 26 200
8 103 82 93 7 0 28 0.00 M M 10.7 20 140 M M 0 30 140
9 107 81 94 8 0 29 0.00 M M 17.1 28 210 M M 0 37 200
10 107 83 95 9 0 30 0.00 M M 12.5 22 180 M M 0 32 190
11 107 81 94 8 0 29 0.00 M M 13.7 23 200 M M 0 31 220
12 107 81 94 8 0 29 0.00 M M 13.6 23 210 M M 1 36 190
13 106 80 93 7 0 28 0.00 M M 12.2 21 200 M M 0 29 220
14 106 81 94 9 0 29 0.00 M M 9.0 20 10 M M 1 3 30 30
15 97 74 86 1 0 21 0.00 M M 7.2 16 10 M M 0 24 340
16 98 69 84 -1 0 19 0.00 M M 4.9 10 40 M M 0 20 290
17 109 72 91 6 0 26 0.00 M M 7.3 14 230 M M 0 25 200
18 109 79 94 9 0 29 0.00 M M 8.1 14 230 M M 0 22 200
19 107 81 94 9 0 29 0.00 M M 7.2 14 160 M M 1 19 150
20 110 79 95 10 0 30 0.00 M M 7.1 17 60 M M 0 26 80
21 106 82 94 9 0 29 0.00 M M 6.5 16 100 M M 0 22 90
22 104 81 93 9 0 28 0.00 M M 7.4 17 70 M M 1 28 110
23 105 80 93 9 0 28 0.00 M M 4.8 14 120 M M 1 19 120
24 109 82 96 12 0 31 0.00 M M 4.9 12 70 M M 1 8 19 50
25 110 82 96 12 0 31 0.00 M M 6.4 14 130 M M 0 20 150
26 109 83 96 12 0 31 0.00 M M 6.9 14 210 M M 0 20 220
27 105 76 91 7 0 26 0.46 M M 9.7 38 270 M M 2 3 53 280
28 92 75 84 1 0 19 0.36 M M 5.4 21 350 M M 3 13 29 350
29 97 76 87 4 0 22 0.00 M M 6.1 15 40 M M 1 24 50
30 99 73 86 3 0 21 0.00 M M 4.4 14 60 M M 0 21 50
31 98 73 86 3 0 21 0.00 M M 6.3 14 130 M M 1 18 120
================================================================================
SM 3140 2378 0 817 0.82 M 255.1 M 13
================================================================================
AV104.7 79.3 8.5 FASTST M M 0 MAX(MPH)
MISC ----> 38 270 53 280
================================================================================
NOTES:
# LAST OF SEVERAL OCCURRENCES
COLUMN 17 PEAK WIND IN M.P.H.
PRELIMINARY LOCAL CLIMATOLOGICAL DATA (WS FORM: F-6) , PAGE 2
STATION: CORSICANA
MONTH: AUGUST
YEAR: 2023
LATITUDE: 32 1 N
LONGITUDE: 96 24 W
[TEMPERATURE DATA] [PRECIPITATION DATA] SYMBOLS USED IN COLUMN 16
AVERAGE MONTHLY: 92.0 TOTAL FOR MONTH: 0.82 1 = FOG OR MIST
DPTR FM NORMAL: 7.2 DPTR FM NORMAL: -1.46 2 = FOG REDUCING VISIBILITY
HIGHEST: 110 ON 25,20 GRTST 24HR 0.82 ON 27-28 TO 1/4 MILE OR LESS
LOWEST: 69 ON 16 3 = THUNDER
SNOW, ICE PELLETS, HAIL 4 = ICE PELLETS
TOTAL MONTH: M 5 = HAIL
GRTST 24HR M ON M 6 = FREEZING RAIN OR DRIZZLE
GRTST DEPTH: M ON M 7 = DUSTSTORM OR SANDSTORM:
VSBY 1/2 MILE OR LESS
8 = SMOKE OR HAZE
[NO. OF DAYS WITH] [WEATHER - DAYS WITH] 9 = BLOWING SNOW
X = TORNADO
MAX 32 OR BELOW: 0 0.01 INCH OR MORE: 2
MAX 90 OR ABOVE: 30 0.10 INCH OR MORE: 2
MIN 32 OR BELOW: 0 0.50 INCH OR MORE: 0
MIN 0 OR BELOW: 0 1.00 INCH OR MORE: 0
[HDD (BASE 65) ]
TOTAL THIS MO. 0 CLEAR (SCALE 0-3) 29
DPTR FM NORMAL 0 PTCLDY (SCALE 4-7) 1
TOTAL FM JUL 1 0 CLOUDY (SCALE 8-10) 1
DPTR FM NORMAL 0
[CDD (BASE 65) ]
TOTAL THIS MO. 817
DPTR FM NORMAL 202 [PRESSURE DATA]
TOTAL FM JAN 1 2665 HIGHEST SLP M ON M
DPTR FM NORMAL 509 LOWEST SLP 29.68 ON 9
[REMARKS]
#FINAL-08-23#