000
CXUS52 KFFC 011010
CF6CSG
PRELIMINARY LOCAL CLIMATOLOGICAL DATA (WS FORM: F-6)
STATION: COLUMBUS
MONTH: APRIL
YEAR: 2022
LATITUDE: 32 31 N
LONGITUDE: 84 56 W
TEMPERATURE IN F: :PCPN: SNOW: WIND :SUNSHINE: SKY :PK WND
================================================================================
1 2 3 4 5 6A 6B 7 8 9 10 11 12 13 14 15 16 17 18
12Z AVG MX 2MIN
DY MAX MIN AVG DEP HDD CDD WTR SNW DPTH SPD SPD DIR MIN PSBL S-S WX SPD DR
================================================================================
1 73 47 60 -2 5 0 0.00 0.0 M 5.7 16 320 M M 0 24 310
2 69 45 57 -5 8 0 0.00 0.0 M 2.1 12 90 M M 0 15 90
3 77 45 61 -2 4 0 0.00 0.0 M 5.5 16 330 M M 0 24 320
4 80 44 62 -1 3 0 0.00 0.0 M 1.9 9 160 M M 0 15 290
5 66 52 59 -4 6 0 2.47 0.0 M 5.5 18 230 M M 7 123 25 220
6 83 62 73 10 0 8 1.43 0.0 M 6.1 36 330 M M 10 1238 53 320
7 73 56 65 1 0 0 0.25 0.0 M 12.7 23 270 M M 4 13 33 270
8 67 44 56 -8 9 0 0.00 0.0 M 12.7 29 320 M M 4 44 280
9 63 41 52 -12 13 0 0.00 0.0 M 10.0 26 300 M M 3 34 320
10 76 37 57 -7 8 0 0.00 0.0 M 3.2 15 180 M M 0 20 190
11 74 47 61 -4 4 0 0.00 0.0 M 3.8 15 210 M M 1 21 200
12 82 52 67 2 0 2 0.00 0.0 M 5.5 18 230 M M 0 25 220
13 79 61 70 5 0 5 0.00 0.0 M 8.0 21 180 M M 2 27 200
14 80 62 71 6 0 6 0.09 0.0 M 8.5 17 170 M M 3 13 27 280
15 81 45 63 -3 2 0 0.00 0.0 M 5.3 18 90 M M 0 26 80
16 74 62 68 2 0 3 0.76 0.0 M 5.4 14 250 M M 5 13 19 250
17 75 62 69 3 0 4 0.96 0.0 M 2.9 23 340 M M 7 123 32 350
18 77 53 65 -1 0 0 0.38 0.0 M 9.8 22 310 M M 6 13 34 330
19 69 45 57 -10 8 0 0.00 0.0 M 4.5 16 30 M M 0 24 340
20 76 43 60 -7 5 0 0.00 0.0 M 7.8 22 150 M M 0 29 140
21 80 56 68 1 0 3 0.00 0.0 M 6.8 16 170 M M 1 27 160
22 83 56 70 2 0 5 0.00 0.0 M 4.8 15 120 M M 0 20 150
23 83 55 69 1 0 4 0.00 0.0 M 6.4 15 170 M M 1 24 170
24 82 60 71 3 0 6 0.00 0.0 M 5.1 12 180 M M 1 8 18 160
25 86 59 73 5 0 8 T 0.0 M 4.0 18 170 M M 3 23 160
26 78 59 69 0 0 4 T 0.0 M 7.7 17 340 M M 5 22 330
27 80 51 66 -3 0 1 0.00 0.0 M 4.8 12 80 M M 0 18 90
28 81 49 65 -4 0 0 0.00 0.0 M 4.8 16 160 M M 0 26 140
29 82 60 71 1 0 6 0.00 0.0 M 6.3 16 160 M M 4 23 160
30 85 60 73 3 0 8 0.01 0.0 M 5.7 26 250 M M 3 3 44 240
================================================================================
SM 2314 1570 75 73 6.35 0.0 183.3 M 70
================================================================================
AV 77.1 52.3 6.1 FASTST M M 2 MAX(MPH)
MISC ----> 36 330 53 320
================================================================================
NOTES:
# LAST OF SEVERAL OCCURRENCES
COLUMN 17 PEAK WIND IN M.P.H.
PRELIMINARY LOCAL CLIMATOLOGICAL DATA (WS FORM: F-6) , PAGE 2
STATION: COLUMBUS
MONTH: APRIL
YEAR: 2022
LATITUDE: 32 31 N
LONGITUDE: 84 56 W
[TEMPERATURE DATA] [PRECIPITATION DATA] SYMBOLS USED IN COLUMN 16
AVERAGE MONTHLY: 64.7 TOTAL FOR MONTH: 6.35 1 = FOG OR MIST
DPTR FM NORMAL: -1.1 DPTR FM NORMAL: 2.32 2 = FOG REDUCING VISIBILITY
HIGHEST: 86 ON 25 GRTST 24HR 2.48 ON 5- 6 TO 1/4 MILE OR LESS
LOWEST: 37 ON 10 3 = THUNDER
SNOW, ICE PELLETS, HAIL 4 = ICE PELLETS
TOTAL MONTH: 0.0 INCH 5 = HAIL
GRTST 24HR 0.0 6 = FREEZING RAIN OR DRIZZLE
GRTST DEPTH: M ON M 7 = DUSTSTORM OR SANDSTORM:
VSBY 1/2 MILE OR LESS
8 = SMOKE OR HAZE
[NO. OF DAYS WITH] [WEATHER - DAYS WITH] 9 = BLOWING SNOW
X = TORNADO
MAX 32 OR BELOW: 0 0.01 INCH OR MORE: 8
MAX 90 OR ABOVE: 0 0.10 INCH OR MORE: 6
MIN 32 OR BELOW: 0 0.50 INCH OR MORE: 4
MIN 0 OR BELOW: 0 1.00 INCH OR MORE: 2
[HDD (BASE 65) ]
TOTAL THIS MO. 75 CLEAR (SCALE 0-3) 20
DPTR FM NORMAL 4 PTCLDY (SCALE 4-7) 9
TOTAL FM JUL 1 1699 CLOUDY (SCALE 8-10) 1
DPTR FM NORMAL -237
[CDD (BASE 65) ]
TOTAL THIS MO. 73
DPTR FM NORMAL -23 [PRESSURE DATA]
TOTAL FM JAN 1 122 HIGHEST SLP 30.41 ON 22
DPTR FM NORMAL -14 LOWEST SLP 29.61 ON 6
[REMARKS]
#FINAL-04-22#