000
CXUS54 KOUN 010810
CF6CSM
PRELIMINARY LOCAL CLIMATOLOGICAL DATA (WS FORM: F-6)
STATION: CLINTON
MONTH: JUNE
YEAR: 2023
LATITUDE: 35 20 N
LONGITUDE: 99 12 W
TEMPERATURE IN F: :PCPN: SNOW: WIND :SUNSHINE: SKY :PK WND
================================================================================
1 2 3 4 5 6A 6B 7 8 9 10 11 12 13 14 15 16 17 18
12Z AVG MX 2MIN
DY MAX MIN AVG DEP HDD CDD WTR SNW DPTH SPD SPD DIR MIN PSBL S-S WX SPD DR
================================================================================
1 83 64 74 -1 0 9 0.14 M M 9.3 21 160 M M 3 138 26 150
2 83 60 72 -3 0 7 3.75 M M 11.2 26 310 M M 5 13 38 310
3 80 61 71 -4 0 6 0.02 M M 5.0 23 50 M M 6 1 28 70
4 79 61 70 -6 0 5 0.08 M M 7.0 21 110 M M 3 13 31 70
5 88 61 75 -1 0 10 0.25 0.0 M 7.3 15 140 M M 3 13 31 220
6 84 60 72 -4 0 7 0.09 0.0 M 5.5 23 80 M M 3 13 32 140
7 85 62 74 -2 0 9 T 0.0 M 5.9 10 220 M M 0 13 10 220
8 87 61 74 -3 0 9 0.00 M M 2.7 9 180 M M 1 9 180
9 92 63 78 1 0 13 0.00 M M 5.3 9 360 M M 0 9 360
10 89 61 75 -2 0 10 0.49 M M 3.7 6 260 M M 2 13 10 80
11 89 66 78 1 0 13 0.00 M M 3.1 6 40 M M 0 7 140
12 67 58 63 -15 2 0 1.15 M M 8.1 29 60 M M 7 13 36 80
13 76 62 69 -9 0 4 T M M 7.2 16 140 M M 9 13 16 140
14 88 61 75 -3 0 10 0.00 M M 7.7 14 320 M M 1 1 29 360
15 90 60 75 -3 0 10 0.06 M M 10.6 30 130 M M 2 13 37 130
16 87 59 73 -5 0 8 0.00 M M 7.6 14 10 M M 0 18 330
17 87 59 73 -6 0 8 0.40 M M 10.2 37 330 M M 2 13 46 330
18 87 58 73 -6 0 8 0.02 M M 7.8 16 310 M M 1 3 22 310
19 93 63 78 -1 0 13 0.00 M M 12.7 21 110 M M 0 1 28 130
20 94 75 85 6 0 20 0.00 M M 11.1 18 130 M M 3 18 25 140
21 85 73 79 0 0 14 0.03 M M 12.4 23 80 M M 7 1 29 90
22 86 67 77 -3 0 12 0.42 M M 8.4 36 330 M M 2 13 44 340
23 85 64 75 -5 0 10 1.28 M M 13.3 48 290 M M 2 123 63 290
24 95 66 81 1 0 16 0.00 M M 7.9 18 180 M M 0 1 25 180
25 90 70 80 0 0 15 0.00 M M 11.8 23 20 M M 0 1 28 30
26 89 67 78 -2 0 13 0.00 M M 10.6 22 100 M M 2 28 50
27 92 69 81 1 0 16 0.11 M M 13.8 24 260 M M 1 13 31 140
28 107 70 89 8 0 24 0.00 M M 15.5 28 210 M M 0 38 220
29 103 73 88 7 0 23 0.00 M M 13.3 23 180 M M 0 28 190
30 96 68 82 1 0 17 0.77 M M 12.9 21 180 M M 2 13 27 170
================================================================================
SM 2636 1922 2 339 9.06 0.0 268.8 M 67
================================================================================
AV 87.9 64.1 9.0 FASTST M M 2 MAX(MPH)
MISC ----> 48 290 63 290
================================================================================
NOTES:
# LAST OF SEVERAL OCCURRENCES
COLUMN 17 PEAK WIND IN M.P.H.
PRELIMINARY LOCAL CLIMATOLOGICAL DATA (WS FORM: F-6) , PAGE 2
STATION: CLINTON
MONTH: JUNE
YEAR: 2023
LATITUDE: 35 20 N
LONGITUDE: 99 12 W
[TEMPERATURE DATA] [PRECIPITATION DATA] SYMBOLS USED IN COLUMN 16
AVERAGE MONTHLY: 76.0 TOTAL FOR MONTH: 9.06 1 = FOG OR MIST
DPTR FM NORMAL: -2.1 DPTR FM NORMAL: 5.78 2 = FOG REDUCING VISIBILITY
HIGHEST: 107 ON 28 GRTST 24HR 3.77 ON 2- 3 TO 1/4 MILE OR LESS
LOWEST: 58 ON 18,12 3 = THUNDER
SNOW, ICE PELLETS, HAIL 4 = ICE PELLETS
TOTAL MONTH: 0.0 INCH 5 = HAIL
GRTST 24HR 0.0 6 = FREEZING RAIN OR DRIZZLE
GRTST DEPTH: M ON M 7 = DUSTSTORM OR SANDSTORM:
VSBY 1/2 MILE OR LESS
8 = SMOKE OR HAZE
[NO. OF DAYS WITH] [WEATHER - DAYS WITH] 9 = BLOWING SNOW
X = TORNADO
MAX 32 OR BELOW: 0 0.01 INCH OR MORE: 16
MAX 90 OR ABOVE: 10 0.10 INCH OR MORE: 10
MIN 32 OR BELOW: 0 0.50 INCH OR MORE: 4
MIN 0 OR BELOW: 0 1.00 INCH OR MORE: 3
[HDD (BASE 65) ]
TOTAL THIS MO. 2 CLEAR (SCALE 0-3) 23
DPTR FM NORMAL 1 PTCLDY (SCALE 4-7) 6
TOTAL FM JUL 1 3723 CLOUDY (SCALE 8-10) 1
DPTR FM NORMAL -27
[CDD (BASE 65) ]
TOTAL THIS MO. 339
DPTR FM NORMAL -57 [PRESSURE DATA]
TOTAL FM JAN 1 528 HIGHEST SLP M ON M
DPTR FM NORMAL -73 LOWEST SLP 29.57 ON 15
[REMARKS]
#FINAL-06-23#