000
CXUS54 KOUN 010910
CF6CSM
PRELIMINARY LOCAL CLIMATOLOGICAL DATA (WS FORM: F-6)
STATION: CLINTON
MONTH: OCTOBER
YEAR: 2020
LATITUDE: 35 20 N
LONGITUDE: 99 12 W
TEMPERATURE IN F: :PCPN: SNOW: WIND :SUNSHINE: SKY :PK WND
================================================================================
1 2 3 4 5 6A 6B 7 8 9 10 11 12 13 14 15 16 17 18
12Z AVG MX 2MIN
DY MAX MIN AVG DEP HDD CDD WTR SNW DPTH SPD SPD DIR MIN PSBL S-S WX SPD DR
================================================================================
1 74 50 62 -6 3 0 0.00 M M 11.0 23 30 M M 0 29 30
2 73 44 59 -8 6 0 0.00 M M 12.4 22 190 M M 0 29 170
3 73 48 61 -6 4 0 0.00 M M 11.4 28 20 M M 0 33 20
4 74 43 59 -7 6 0 0.00 M M 7.0 14 150 M M 0 17 120
5 80 52 66 0 0 1 0.00 M M 15.1 24 170 M M 0 33 160
6 86 48 67 1 0 2 0.00 M M 6.0 20 170 M M 0 24 170
7 90 53 72 7 0 7 0.00 0.0 M 7.7 15 160 M M 0 19 160
8 87 61 74 9 0 9 0.00 M M 13.5 21 170 M M 0 26 170
9 82 57 70 6 0 5 0.00 M M 13.8 23 160 M M 0 29 160
10 85 62 74 10 0 9 0.00 M M 9.6 18 180 M M 4 12 24 180
11 94 62 78 14 0 13 0.00 M M 15.0 36 340 M M 1 8 47 350
12 75 51 63 0 2 0 0.00 M M 10.9 29 340 M M 1 8 38 350
13 82 48 65 2 0 0 0.00 M 0 13.0 24 170 M M 0 32 180
14 95 56 76 14 0 11 0.00 0.0 0 17.3 32 20 M M 0 43 20
15 69 44 57 -5 8 0 0.00 0.0 0 18.7 36 10 M M 1 46 360
16 66 37 52 -9 13 0 0.00 0.0 0 9.3 18 170 M M 0 25 180
17 77 49 63 2 2 0 0.00 0.0 0 18.6 33 190 M M 0 46 180
18 63 43 53 -8 12 0 T 0.0 0 16.9 33 10 M M 8 12 41 10
19 60 42 51 -9 14 0 0.00 M M 6.8 15 10 M M 6 19 10
20 69 46 58 -2 7 0 0.00 M M 10.3 17 50 M M 6 1 21 190
21 85 52 69 10 0 4 0.00 M M 15.5 30 170 M M 4 12 37 170
22 83 51 67 8 0 2 T M M 21.9 31 180 M M 1 3 42 200
23 51 34 43 -16 22 0 0.01 M M 20.2 33 10 M M 7 45 360
24 54 27 41 -17 24 0 0.00 M M 8.2 15 110 M M 0 20 180
25 42 31 37 -21 28 0 0.10 M M 18.6 29 20 M M 8 16 36 10
26 31 23 27 -30 38 0 0.64 M M 22.9 32 10 M M 10 1369 39 10
27 30 22 26 -31 39 0 0.43 M M 18.3 28 40 M M 10 136 35 40
28 34 30 32 -25 33 0 0.07 M M 10.1 23 30 M M 10 16 27 30
29 56 34 45 -11 20 0 0.01 M M 14.7 31 350 M M 3 1 41 330
30 63 34 49 -7 16 0 0.00 M M 10.5 17 180 M M 0 22 180
31 69 42 56 1 9 0 0.00 M M 12.1 25 190 M M 0 32 180
================================================================================
SM 2152 1376 306 63 1.26 0.0 417.3 M 80
================================================================================
AV 69.4 44.4 13.5 FASTST M M 3 MAX(MPH)
MISC ----> # 36 340 47 350
================================================================================
NOTES:
# LAST OF SEVERAL OCCURRENCES
COLUMN 17 PEAK WIND IN M.P.H.
PRELIMINARY LOCAL CLIMATOLOGICAL DATA (WS FORM: F-6) , PAGE 2
STATION: CLINTON
MONTH: OCTOBER
YEAR: 2020
LATITUDE: 35 20 N
LONGITUDE: 99 12 W
[TEMPERATURE DATA] [PRECIPITATION DATA] SYMBOLS USED IN COLUMN 16
AVERAGE MONTHLY: 56.9 TOTAL FOR MONTH: 1.26 1 = FOG OR MIST
DPTR FM NORMAL: -4.6 DPTR FM NORMAL: -1.30 2 = FOG REDUCING VISIBILITY
HIGHEST: 95 ON 14 GRTST 24HR 0.71 ON 25-26 TO 1/4 MILE OR LESS
LOWEST: 22 ON 27 3 = THUNDER
SNOW, ICE PELLETS, HAIL 4 = ICE PELLETS
TOTAL MONTH: 0.0 INCH 5 = HAIL
GRTST 24HR 0.0 6 = FREEZING RAIN OR DRIZZLE
GRTST DEPTH: 0 7 = DUSTSTORM OR SANDSTORM:
VSBY 1/2 MILE OR LESS
8 = SMOKE OR HAZE
[NO. OF DAYS WITH] [WEATHER - DAYS WITH] 9 = BLOWING SNOW
X = TORNADO
MAX 32 OR BELOW: 2 0.01 INCH OR MORE: 6
MAX 90 OR ABOVE: 3 0.10 INCH OR MORE: 3
MIN 32 OR BELOW: 5 0.50 INCH OR MORE: 1
MIN 0 OR BELOW: 0 1.00 INCH OR MORE: 0
[HDD (BASE 65) ]
TOTAL THIS MO. 306 CLEAR (SCALE 0-3) 20
DPTR FM NORMAL 133 PTCLDY (SCALE 4-7) 7
TOTAL FM JUL 1 343 CLOUDY (SCALE 8-10) 4
DPTR FM NORMAL 153
[CDD (BASE 65) ]
TOTAL THIS MO. 63
DPTR FM NORMAL -2 [PRESSURE DATA]
TOTAL FM JAN 1 1968 HIGHEST SLP 30.44 ON 16
DPTR FM NORMAL -2 LOWEST SLP 29.55 ON 11
[REMARKS]
#FINAL-10-20#