812
CXUS54 KOUN 010700
CF6CSM
PRELIMINARY LOCAL CLIMATOLOGICAL DATA (WS FORM: F-6)
STATION: CLINTON
MONTH: AUGUST
YEAR: 2020
LATITUDE: 35 20 N
LONGITUDE: 99 12 W
TEMPERATURE IN F: :PCPN: SNOW: WIND :SUNSHINE: SKY :PK WND
================================================================================
1 2 3 4 5 6A 6B 7 8 9 10 11 12 13 14 15 16 17 18
12Z AVG MX 2MIN
DY MAX MIN AVG DEP HDD CDD WTR SNW DPTH SPD SPD DIR MIN PSBL S-S WX SPD DR
================================================================================
1 91 61 76 -7 0 11 0.00 0.0 0 7.5 17 10 M M 0 22 20
2 91 66 79 -4 0 14 0.00 0.0 0 7.4 15 150 M M 3 3 20 110
3 84 66 75 -8 0 10 0.00 0.0 0 8.0 15 40 M M 2 18 50
4 86 63 75 -8 0 10 T 0.0 0 13.6 20 110 M M 2 26 120
5 86 61 74 -9 0 9 0.17 0.0 0 11.6 22 60 M M 1 13 26 120
6 94 69 82 -1 0 17 T 0.0 0 14.5 25 160 M M 4 1 31 190
7 97 74 86 3 0 21 0.00 0.0 0 20.3 30 180 M M 0 40 180
8 98 77 88 5 0 23 0.00 0.0 0 18.3 26 170 M M 0 39 140
9 98 74 86 4 0 21 0.00 0.0 0 16.7 26 180 M M 0 35 170
10 98 67 83 1 0 18 0.40 0.0 0 17.6 37 330 M M 0 138 48 330
11 95 66 81 -1 0 16 0.00 0.0 0 8.1 22 110 M M 0 28 110
12 98 69 84 2 0 19 0.00 0.0 0 13.7 24 160 M M 0 31 170
13 103 74 89 7 0 24 0.00 0.0 0 14.0 25 160 M M 0 33 160
14 98 68 83 1 0 18 0.00 0.0 0 9.6 18 30 M M 2 1 22 40
15 95 73 84 2 0 19 0.00 0.0 0 10.3 18 60 M M 0 23 60
16 89 67 78 -3 0 13 0.00 0.0 0 11.0 31 40 M M 1 38 37 50
17 92 64 78 -3 0 13 0.00 0.0 0 7.7 15 70 M M 0 22 340
18 93 64 79 -2 0 14 0.00 0.0 0 6.8 12 120 M M 0 15 80
19 90 62 76 -5 0 11 0.00 0.0 0 6.9 17 110 M M 1 21 120
20 92 67 80 0 0 15 T 0.0 0 8.0 15 150 M M 1 23 180
21 90 67 79 -1 0 14 0.00 0.0 0 12.3 23 80 M M 2 29 80
22 94 63 79 -1 0 14 0.00 0.0 0 7.7 17 160 M M 1 22 140
23 94 67 81 1 0 16 0.00 0.0 0 9.7 16 140 M M 0 21 150
24 94 66 80 0 0 15 0.00 0.0 0 10.4 20 140 M M 0 25 130
25 93 66 80 1 0 15 0.00 0.0 0 9.2 16 100 M M 0 21 130
26 94 66 80 1 0 15 0.00 0.0 0 9.8 21 150 M M 1 24 130
27 94 67 81 2 0 16 T 0.0 0 9.7 18 120 M M 0 22 130
28 105 70 88 9 0 23 0.00 0.0 M 10.6 17 230 M M 0 23 240
29 90 69 80 2 0 15 0.09 0.0 0 15.9 35 340 M M 0 138 46 330
30 91 68 80 2 0 15 0.22 0.0 0 9.0 28 120 M M 2 13 34 120
31 91 72 82 4 0 17 0.01 0.0 0 8.8 25 270 M M 1 3 33 270
================================================================================
SM 2898 2093 0 491 0.89 0.0 344.7 M 24
================================================================================
AV 93.5 67.5 11.1 FASTST M M 1 MAX(MPH)
MISC ----> # 37 330 # 48 330
================================================================================
NOTES:
# LAST OF SEVERAL OCCURRENCES
COLUMN 17 PEAK WIND IN M.P.H.
PRELIMINARY LOCAL CLIMATOLOGICAL DATA (WS FORM: F-6) , PAGE 2
STATION: CLINTON
MONTH: AUGUST
YEAR: 2020
LATITUDE: 35 20 N
LONGITUDE: 99 12 W
[TEMPERATURE DATA] [PRECIPITATION DATA] SYMBOLS USED IN COLUMN 16
AVERAGE MONTHLY: 80.5 TOTAL FOR MONTH: 0.89 1 = FOG OR MIST
DPTR FM NORMAL: -0.6 DPTR FM NORMAL: -2.27 2 = FOG REDUCING VISIBILITY
HIGHEST: 105 ON 28 GRTST 24HR 0.40 ON 10-10 TO 1/4 MILE OR LESS
LOWEST: 61 ON 5, 1 3 = THUNDER
SNOW, ICE PELLETS, HAIL 4 = ICE PELLETS
TOTAL MONTH: 0.0 INCH 5 = HAIL
GRTST 24HR 0.0 6 = FREEZING RAIN OR DRIZZLE
GRTST DEPTH: 0 7 = DUSTSTORM OR SANDSTORM:
VSBY 1/2 MILE OR LESS
8 = SMOKE OR HAZE
[NO. OF DAYS WITH] [WEATHER - DAYS WITH] 9 = BLOWING SNOW
X = TORNADO
MAX 32 OR BELOW: 0 0.01 INCH OR MORE: 5
MAX 90 OR ABOVE: 27 0.10 INCH OR MORE: 3
MIN 32 OR BELOW: 0 0.50 INCH OR MORE: 0
MIN 0 OR BELOW: 0 1.00 INCH OR MORE: 0
[HDD (BASE 65) ]
TOTAL THIS MO. 0 CLEAR (SCALE 0-3) 30
DPTR FM NORMAL 0 PTCLDY (SCALE 4-7) 1
TOTAL FM JUL 1 0 CLOUDY (SCALE 8-10) 0
DPTR FM NORMAL 0
[CDD (BASE 65) ]
TOTAL THIS MO. 491
DPTR FM NORMAL -8 [PRESSURE DATA]
TOTAL FM JAN 1 1721 HIGHEST SLP M ON M
DPTR FM NORMAL 83 LOWEST SLP 28.40 ON 31
[REMARKS]
#FINAL-08-20#