000
CXUS51 KILN 010633
CF6CVG
PRELIMINARY LOCAL CLIMATOLOGICAL DATA (WS FORM: F-6)
STATION: CINCINNATI OH
MONTH: APRIL
YEAR: 2021
LATITUDE: 39 2 N
LONGITUDE: 84 40 W
TEMPERATURE IN F: :PCPN: SNOW: WIND :SUNSHINE: SKY :PK WND
================================================================================
1 2 3 4 5 6A 6B 7 8 9 10 11 12 13 14 15 16 17 18
12Z AVG MX 2MIN
DY MAX MIN AVG DEP HDD CDD WTR SNW DPTH SPD SPD DIR MIN PSBL S-S WX SPD DR
================================================================================
1 38 29 34 -15 31 0 0.01 T 0 13.0 26 310 M M 7 18 34 320
2 48 24 36 -14 29 0 0.00 0.0 0 4.8 12 340 M M 0 17 340
3 63 30 47 -3 18 0 0.00 0.0 0 9.7 18 190 M M 1 27 210
4 74 45 60 10 5 0 0.00 0.0 0 5.2 14 270 M M 2 17 260
5 76 45 61 10 4 0 0.00 0.0 0 6.9 17 200 M M 5 24 190
6 77 48 63 12 2 0 0.00 0.0 0 6.6 17 260 M M 5 22 250
7 81 54 68 17 0 3 0.00 0.0 0 7.7 18 180 M M 6 22 180
8 69 57 63 11 2 0 0.02 0.0 0 13.0 28 150 M M 9 8 35 160
9 80 51 66 14 0 1 T 0.0 0 12.2 26 310 M M 6 33 200
10 68 53 61 9 4 0 0.51 0.0 0 11.5 30 150 M M 8 1 38 140
11 56 48 52 -1 13 0 0.05 0.0 0 11.7 22 240 M M 9 1 28 190
12 67 48 58 5 7 0 0.00 0.0 0 9.8 22 270 M M 7 1 29 280
13 67 43 55 2 10 0 T 0.0 0 3.9 13 280 M M 7 16 250
14 62 46 54 0 11 0 T 0.0 0 7.0 15 210 M M 7 19 210
15 55 40 48 -6 17 0 0.00 0.0 0 11.4 20 290 M M 6 25 320
16 61 31 46 -8 19 0 0.00 0.0 0 4.6 14 290 M M 3 1 18 300
17 56 42 49 -6 16 0 0.01 0.0 0 5.2 13 320 M M 8 15 290
18 64 36 50 -5 15 0 0.00 0.0 0 6.7 21 310 M M 3 1 24 300
19 67 43 55 0 10 0 0.00 0.0 0 8.8 21 270 M M 4 27 260
20 68 33 51 -5 14 0 0.36 0.4 0 10.5 25 330 M M 8 18 30 340
21 45 32 39 -17 26 0 0.23 2.4 2 9.2 26 290 M M 7 18 31 290
22 54 31 43 -13 22 0 T T 0 8.0 24 270 M M 6 1 33 310
23 59 32 46 -11 19 0 0.00 0.0 0 5.4 17 170 M M 7 20 170
24 53 47 50 -7 15 0 0.23 0.0 0 7.2 14 100 M M 10 1 17 100
25 64 43 54 -3 11 0 0.00 0.0 0 6.3 18 290 M M 6 128 23 290
26 73 43 58 0 7 0 0.00 0.0 0 8.4 20 170 M M 3 24 180
27 81 56 69 11 0 4 0.00 0.0 0 11.1 24 190 M M 6 31 180
28 81 64 73 15 0 8 0.18 0.0 0 9.2 17 290 M M 9 138 21 240
29 70 52 61 2 4 0 1.34 0.0 0 11.9 25 300 M M 9 1 31 300
30 71 44 58 -1 7 0 0.00 0.0 0 13.8 36 290 M M 1 44 310
================================================================================
SM 1948 1290 338 16 2.94 2.8 260.7 M 175
================================================================================
AV 64.9 43.0 8.7 FASTST M M 6 MAX(MPH)
MISC ----> 36 290 44 310
================================================================================
NOTES:
# LAST OF SEVERAL OCCURRENCES
COLUMN 17 PEAK WIND IN M.P.H.
PRELIMINARY LOCAL CLIMATOLOGICAL DATA (WS FORM: F-6) , PAGE 2
STATION: CINCINNATI OH
MONTH: APRIL
YEAR: 2021
LATITUDE: 39 2 N
LONGITUDE: 84 40 W
[TEMPERATURE DATA] [PRECIPITATION DATA] SYMBOLS USED IN COLUMN 16
AVERAGE MONTHLY: 54.0 TOTAL FOR MONTH: 2.94 1 = FOG OR MIST
DPTR FM NORMAL: -0.2 DPTR FM NORMAL: -0.95 2 = FOG REDUCING VISIBILITY
HIGHEST: 81 ON 28,27 GRTST 24HR 1.52 ON 28-29 TO 1/4 MILE OR LESS
LOWEST: 24 ON 2 3 = THUNDER
SNOW, ICE PELLETS, HAIL 4 = ICE PELLETS
TOTAL MONTH: 2.8 INCHES 5 = HAIL
GRTST 24HR 2.4 ON 21-21 6 = FREEZING RAIN OR DRIZZLE
GRTST DEPTH: 2 ON 21 7 = DUSTSTORM OR SANDSTORM:
VSBY 1/2 MILE OR LESS
8 = SMOKE OR HAZE
[NO. OF DAYS WITH] [WEATHER - DAYS WITH] 9 = BLOWING SNOW
X = TORNADO
MAX 32 OR BELOW: 0 0.01 INCH OR MORE: 10
MAX 90 OR ABOVE: 0 0.10 INCH OR MORE: 6
MIN 32 OR BELOW: 7 0.50 INCH OR MORE: 2
MIN 0 OR BELOW: 0 1.00 INCH OR MORE: 1
[HDD (BASE 65) ]
TOTAL THIS MO. 338 CLEAR (SCALE 0-3) 6
DPTR FM NORMAL -3 PTCLDY (SCALE 4-7) 19
TOTAL FM JUL 1 4491 CLOUDY (SCALE 8-10) 5
DPTR FM NORMAL -343
[CDD (BASE 65) ]
TOTAL THIS MO. 16
DPTR FM NORMAL -2 [PRESSURE DATA]
TOTAL FM JAN 1 16 HIGHEST SLP M ON M
DPTR FM NORMAL -2 LOWEST SLP 29.42 ON 11
[REMARKS]
#FINAL-04-21#