000
CXUS51 KILN 020125
CLMCVG
CLIMATE REPORT
NATIONAL WEATHER SERVICE WILMINGTON OH
925 PM EDT SUN OCT 01 2023
...................................
...THE CINCINNATI OH CLIMATE SUMMARY FOR THE MONTH OF SEPTEMBER 2023...
CLIMATE NORMAL PERIOD: 1991 TO 2020
CLIMATE RECORD PERIOD: 1869 TO 2023
WEATHER OBSERVED NORMAL DEPART LAST YEAR`S
VALUE DATE(S) VALUE FROM VALUE DATE(S)
NORMAL
................................................................
TEMPERATURE (F)
RECORD
HIGH 102 09/02/1953
09/01/1953
LOW 31 09/30/1993
HIGHEST 93 09/04 78 15 93 09/21
09/05
LOWEST 48 09/19 56 -8 40 09/28
AVG. MAXIMUM 80.6 78.9 1.7 77.6
AVG. MINIMUM 59.4 57.3 2.1 58.6
MEAN 70.0 68.1 1.9 68.1
DAYS MAX >= 90 4 3.1 0.9 1
DAYS MAX <= 32 0 0.0 0.0 0
DAYS MIN <= 32 0 0.0 0.0 0
DAYS MIN <= 0 0 0.0 0.0 0
PRECIPITATION (INCHES)
TOTALS 0.94 3.11 -2.17 1.94
DAILY AVG. 0.03 0.10 -0.07 0.06
DAYS >= .01 6 8.3 -2.3 11
DAYS >= .10 4 4.8 -0.8 5
DAYS >= .50 0 1.9 -1.9 2
DAYS >= 1.00 0 0.8 -0.8 0
GREATEST
24 HR. TOTAL 0.43 09/26 TO 09/27 0.55 09/11 TO 09/11
SNOWFALL (INCHES)
TOTALS 0.0 0.0 0.0 0.0
SINCE 7/1 T 0.0 T 0.0
DAYS >= TRACE 0 0.0 0.0 0
DAYS >= 1.0 0 0.0 0.0 0
GREATEST
24 HR TOTAL 0.0 MM 0.0
DEGREE DAYS
HEATING TOTAL 2 53 -51 53
SINCE 7/1 2 55 -53 53
COOLING TOTAL 159 146 13 155
SINCE 1/1 1059 1137 -78 1319
................................................................
WIND (MPH)
AVERAGE WIND SPEED 6.5
RESULTANT WIND SPEED/DIRECTION 2/060
HIGHEST WIND SPEED/DIRECTION 22/230 DATE 09/05
HIGHEST GUST SPEED/DIRECTION 26/240 DATE 09/05
SKY COVER
AVERAGE SKY COVER 0.44
AVERAGE RH (PERCENT) 70
WEATHER CONDITIONS. NUMBER OF DAYS WITH
THUNDERSTORM 3 MIXED PRECIP 0
HEAVY RAIN 1 RAIN 3
LIGHT RAIN 7 FREEZING RAIN 0
LT FREEZING RAIN 0 HAIL 0
HEAVY SNOW 0 SNOW 0
LIGHT SNOW 0 SLEET 0
FOG 17 FOG W/VIS <= 1/4 MILE 2
HAZE 9
- INDICATES NEGATIVE NUMBERS.
R INDICATES RECORD WAS SET OR TIED.
MM INDICATES DATA IS MISSING.
T INDICATES TRACE AMOUNT.
$$