000
CXUS53 KUNR 011030
CF6D07
PRELIMINARY LOCAL CLIMATOLOGICAL DATA (WS FORM: F-6)
STATION: FAITH SD
MONTH: OCTOBER
YEAR: 2020
LATITUDE: 45 1 N
LONGITUDE: 102 1 W
TEMPERATURE IN F: :PCPN: SNOW: WIND :SUNSHINE: SKY :PK WND
================================================================================
1 2 3 4 5 6A 6B 7 8 9 10 11 12 13 14 15 16 17 18
12Z AVG MX 2MIN
DY MAX MIN AVG DEP HDD CDD WTR SNW DPTH SPD SPD DIR MIN PSBL S-S WX SPD DR
================================================================================
1 55 30 43 -10 22 0 0.00 M M 9.8 17 340 M M M 25 330
2 54 32 43 -9 22 0 0.06 M M 8.8 16 190 M M M 21 180
3 64 36 50 -2 15 0 0.00 M M 10.2 17 10 M M M 22 130
4 71 35 53 2 12 0 0.00 M M 14.5 22 160 M M M 29 170
5 73 49 61 10 4 0 0.00 M M 13.7 31 330 M M M 43 340
6 84 47 66 16 0 1 0.00 M M 14.0 29 300 M M M 37 280
7 73 43 58 8 7 0 0.00 M M 8.6 16 120 M M M 23 120
8 76 42 59 9 6 0 0.00 M M 13.8 33 160 M M M 42 170
9 78 49 64 15 1 0 0.00 M M 10.7 22 340 M M M 31 340
10 79 40 60 11 5 0 0.00 M M 19.9 37 160 M M 0 48 160
11 68 38 53 4 12 0 0.00 M M 18.3 38 330 M M M 50 330
12 69 35 52 4 13 0 0.00 M M 15.0 33 320 M M M 43 320
13 62 37 50 2 15 0 0.00 M M 15.0 25 350 M M M 34 350
14 57 29 43 -5 22 0 0.05 M M 19.7 44 320 M M M 60 310
15 47 29 38 -9 27 0 0.02 M M 13.8 35 330 M M M 50 330
16 51 29 40 -7 25 0 0.03 M M 10.5 24 250 M M M 30 260
17 48 24 36 -10 29 0 0.01 M M 15.6 29 330 M M M 38 330
18 34 14 24 -22 41 0 0.01 M M 7.7 16 330 M M M 21 330
19 31 26 29 -17 36 0 0.10 M M 9.2 18 160 M M M 24 150
20 47 28 38 -7 27 0 0.16 M M 11.6 28 320 M M M 39 320
21 32 27 30 -15 35 0 0.49 M M 9.6 18 60 M M M 25 120
22 27 20 24 -21 41 0 0.11 M M 15.9 24 350 M M M 30 350
23 23 5 14 -30 51 0 0.00 M M 9.0 20 350 M M M 23 350
24 22 18 20 -24 45 0 0.34 M M 16.7 25 80 M M M 32 80
25 18 10 14 -29 51 0 0.00 M M 11.9 20 320 M M M 23 340
26 14 1 8 -35 57 0 0.00 M M 11.5 20 190 M M M 23 190
27 41 6 24 -18 41 0 0.00 M M 14.2 23 260 M M M 31 270
28 42 31 37 -5 28 0 0.00 M M 11.2 23 290 M M 0 29 280
29 45 29 37 -5 28 0 0.00 M M 12.2 18 180 M M M 22 300
30 52 32 42 1 23 0 0.00 M M 15.0 26 310 M M M 35 310
31 52 27 40 -1 25 0 0.00 M M 21.0 48 300 M M M 66 300
================================================================================
SM 1589 898 766 1 1.38 M 408.6 M 0
================================================================================
AV 51.3 29.0 13.2 FASTST M M 0 MAX(MPH)
MISC ----> 48 300 66 300
================================================================================
NOTES:
# LAST OF SEVERAL OCCURRENCES
COLUMN 17 PEAK WIND IN M.P.H.
PRELIMINARY LOCAL CLIMATOLOGICAL DATA (WS FORM: F-6) , PAGE 2
STATION: FAITH SD
MONTH: OCTOBER
YEAR: 2020
LATITUDE: 45 1 N
LONGITUDE: 102 1 W
[TEMPERATURE DATA] [PRECIPITATION DATA] SYMBOLS USED IN COLUMN 16
AVERAGE MONTHLY: 40.1 TOTAL FOR MONTH: 1.38 1 = FOG OR MIST
DPTR FM NORMAL: -6.7 DPTR FM NORMAL: -0.17 2 = FOG REDUCING VISIBILITY
HIGHEST: 84 ON 6 GRTST 24HR 0.55 ON 21-22 TO 1/4 MILE OR LESS
LOWEST: 1 ON 26 3 = THUNDER
SNOW, ICE PELLETS, HAIL 4 = ICE PELLETS
TOTAL MONTH: M 5 = HAIL
GRTST 24HR M ON M 6 = FREEZING RAIN OR DRIZZLE
GRTST DEPTH: M ON M 7 = DUSTSTORM OR SANDSTORM:
VSBY 1/2 MILE OR LESS
8 = SMOKE OR HAZE
[NO. OF DAYS WITH] [WEATHER - DAYS WITH] 9 = BLOWING SNOW
X = TORNADO
MAX 32 OR BELOW: 7 0.01 INCH OR MORE: 11
MAX 90 OR ABOVE: 0 0.10 INCH OR MORE: 5
MIN 32 OR BELOW: 20 0.50 INCH OR MORE: 0
MIN 0 OR BELOW: 0 1.00 INCH OR MORE: 0
[HDD (BASE 65) ]
TOTAL THIS MO. 766 CLEAR (SCALE 0-3) 2
DPTR FM NORMAL 199 PTCLDY (SCALE 4-7) 0
TOTAL FM JUL 1 947 CLOUDY (SCALE 8-10) 29
DPTR FM NORMAL 148
[CDD (BASE 65) ]
TOTAL THIS MO. 1
DPTR FM NORMAL 0 [PRESSURE DATA]
TOTAL FM JAN 1 646 HIGHEST SLP 30.65 ON 23
DPTR FM NORMAL 11 LOWEST SLP 29.32 ON 11
[REMARKS]
#FINAL-10-20#