000
CXUS51 KRNK 010552
CF6DAN
PRELIMINARY LOCAL CLIMATOLOGICAL DATA (WS FORM: F-6)
STATION: DANVILLE VA
MONTH: JULY
YEAR: 2022
LATITUDE: 36 34 N
LONGITUDE: 79 20 W
TEMPERATURE IN F: :PCPN: SNOW: WIND :SUNSHINE: SKY :PK WND
================================================================================
1 2 3 4 5 6A 6B 7 8 9 10 11 12 13 14 15 16 17 18
12Z AVG MX 2MIN
DY MAX MIN AVG DEP HDD CDD WTR SNW DPTH SPD SPD DIR MIN PSBL S-S WX SPD DR
================================================================================
1 92 66 79 2 0 14 0.00 0.0 0 3.9 12 190 M M 1 18 200
2 91 69 80 3 0 15 T 0.0 0 3.8 10 360 M M 3 3 15 230
3 90 68 79 2 0 14 0.00 0.0 0 4.6 15 40 M M 3 1 19 30
4 90 68 79 2 0 14 0.00 0.0 0 2.8 10 60 M M 5 16 60
5 93 71 82 4 0 17 0.50 0.0 0 3.9 33 350 M M 4 13 40 350
6 95 68 82 4 0 17 0.00 0.0 0 5.6 17 270 M M 1 1 23 280
7 92 73 83 5 0 18 0.23 0.0 0 4.3 21 10 M M 4 13 28 350
8 85 74 80 2 0 15 T 0.0 0 2.4 9 50 M M 7 12 50
9 89 69 79 1 0 14 0.14 0.0 0 7.0 15 50 M M 5 1 22 50
10 70 65 68 -10 0 3 0.60 0.0 0 7.8 17 50 M M 10 1 21 70
11 84 58 71 -7 0 6 0.00 0.0 0 2.6 9 60 M M 1 1 11 50
12 90 63 77 -1 0 12 0.00 0.0 0 6.0 15 240 M M 1 20 240
13 88 68 78 0 0 13 0.36 0.0 0 3.6 10 240 M M 4 13 16 190
14 87 67 77 -1 0 12 0.00 0.0 0 2.4 9 320 M M 3 1 12 310
15 88 67 78 0 0 13 0.00 0.0 0 2.2 12 60 M M 1 1 14 60
16 89 69 79 1 0 14 0.09 0.0 0 1.7 29 330 M M 4 13 37 330
17 89 67 78 0 0 13 0.24 0.0 0 3.4 21 230 M M 2 13 40 220
18 91 70 81 3 0 16 0.00 0.0 0 6.2 16 350 M M 2 22 240
19 88 71 80 2 0 15 T 0.0 0 5.1 14 240 M M 3 16 240
20 92 68 80 2 0 15 0.00 0.0 0 6.3 15 230 M M 2 20 230
21 89 73 81 3 0 16 0.02 0.0 0 5.1 15 240 M M 4 13 20 260
22 89 70 80 2 0 15 0.00 0.0 0 3.3 8 220 M M 0 12 220
23 96 69 83 5 0 18 0.00 0.0 0 2.1 9 250 M M 0 1 13 270
24 96 67 82 4 0 17 0.00 0.0 0 3.8 14 250 M M 1 17 200
25 92 72 82 4 0 17 0.09 0.0 0 4.8 18 270 M M 2 13 24 280
26 88 71 80 2 0 15 0.41 0.0 0 4.9 21 240 M M 5 13 35 230
27 91 71 81 3 0 16 0.56 0.0 0 4.7 32 360 M M 4 123 41 360
28 92 71 82 4 0 17 T 0.0 0 5.0 13 280 M M 2 18 290
29 92 73 83 5 0 18 T 0.0 0 5.9 23 250 M M 3 3 27 270
30 87 72 80 2 0 15 0.00 0.0 0 4.8 12 320 M M 3 15 300
31 88 71 80 2 0 15 0.07 0.0 0 2.2 12 230 M M 7 13 18 150
================================================================================
SM 2773 2139 0 449 3.31 0.0 132.2 M 97
================================================================================
AV 89.5 69.0 4.3 FASTST M M 3 MAX(MPH)
MISC ----> 33 350 41 360
================================================================================
NOTES:
# LAST OF SEVERAL OCCURRENCES
COLUMN 17 PEAK WIND IN M.P.H.
PRELIMINARY LOCAL CLIMATOLOGICAL DATA (WS FORM: F-6) , PAGE 2
STATION: DANVILLE VA
MONTH: JULY
YEAR: 2022
LATITUDE: 36 34 N
LONGITUDE: 79 20 W
[TEMPERATURE DATA] [PRECIPITATION DATA] SYMBOLS USED IN COLUMN 16
AVERAGE MONTHLY: 79.2 TOTAL FOR MONTH: 3.31 1 = FOG OR MIST
DPTR FM NORMAL: 1.3 DPTR FM NORMAL: -1.57 2 = FOG REDUCING VISIBILITY
HIGHEST: 96 ON 24,23 GRTST 24HR 0.74 ON 9-10 TO 1/4 MILE OR LESS
LOWEST: 58 ON 11 3 = THUNDER
SNOW, ICE PELLETS, HAIL 4 = ICE PELLETS
TOTAL MONTH: 0.0 INCH 5 = HAIL
GRTST 24HR 0.0 6 = FREEZING RAIN OR DRIZZLE
GRTST DEPTH: 0 7 = DUSTSTORM OR SANDSTORM:
VSBY 1/2 MILE OR LESS
8 = SMOKE OR HAZE
[NO. OF DAYS WITH] [WEATHER - DAYS WITH] 9 = BLOWING SNOW
X = TORNADO
MAX 32 OR BELOW: 0 0.01 INCH OR MORE: 12
MAX 90 OR ABOVE: 16 0.10 INCH OR MORE: 8
MIN 32 OR BELOW: 0 0.50 INCH OR MORE: 3
MIN 0 OR BELOW: 0 1.00 INCH OR MORE: 0
[HDD (BASE 65) ]
TOTAL THIS MO. 0 CLEAR (SCALE 0-3) 18
DPTR FM NORMAL 0 PTCLDY (SCALE 4-7) 12
TOTAL FM JUL 1 0 CLOUDY (SCALE 8-10) 1
DPTR FM NORMAL 0
[CDD (BASE 65) ]
TOTAL THIS MO. 449
DPTR FM NORMAL 49 [PRESSURE DATA]
TOTAL FM JAN 1 925 HIGHEST SLP M ON M
DPTR FM NORMAL 109 LOWEST SLP 29.75 ON 20
[REMARKS]
#FINAL-07-22#