000
CXUS53 KILX 011000
CF6DEC
PRELIMINARY LOCAL CLIMATOLOGICAL DATA (WS FORM: F-6)
STATION: DECATUR IL AIRPORT
MONTH: FEBRUARY
YEAR: 2022
LATITUDE: 39 49 N
LONGITUDE: 88 51 W
TEMPERATURE IN F: :PCPN: SNOW: WIND :SUNSHINE: SKY :PK WND
================================================================================
1 2 3 4 5 6A 6B 7 8 9 10 11 12 13 14 15 16 17 18
12Z AVG MX 2MIN
DY MAX MIN AVG DEP HDD CDD WTR SNW DPTH SPD SPD DIR MIN PSBL S-S WX SPD DR
================================================================================
1 51 33 42 14 23 0 0.48 M M 13.9 21 200 M M 7 1 28 200
2 33 16 25 -3 40 0 0.82 M M 18.1 25 360 M M 10 126 34 10
3 20 13 17 -11 48 0 0.28 M M 17.3 25 20 M M 8 18 33 10
4 22 9 16 -12 49 0 T M M 11.1 23 310 M M 4 18 34 290
5 19 0 10 -19 55 0 0.00 M M 10.9 23 180 M M 1 29 180
6 36 14 25 -4 40 0 0.00 M M 12.6 21 200 M M 0 26 180
7 29 10 20 -9 45 0 0.00 M M 8.6 20 300 M M 2 31 310
8 43 10 27 -2 38 0 0.00 M M 11.6 21 210 M M 2 28 200
9 42 31 37 7 28 0 T M M 9.2 21 270 M M 5 27 280
10 37 30 34 4 31 0 0.00 M M 10.4 18 200 M M 5 26 280
11 42 25 34 4 31 0 0.63 M M 16.0 26 300 M M 9 1 37 300
12 25 13 19 -12 46 0 T M M 11.4 23 300 M M 5 8 33 300
13 23 11 17 -14 48 0 T M M 6.3 20 350 M M 5 18 25 360
14 32 12 22 -9 43 0 0.00 M M 6.2 14 150 M M 0 17 180
15 48 17 33 1 32 0 0.00 M M 11.5 23 180 M M 0 1 35 180
16 56 44 50 18 15 0 0.09 M M 20.9 32 190 M M 5 1 47 190
17 55 14 35 3 30 0 1.02 M M 18.0 31 20 M M 3 126 42 360
18 35 5 20 -12 45 0 0.00 M M 13.9 24 210 M M 0 18 32 200
19 35 14 25 -8 40 0 0.00 M M 11.4 26 320 M M 0 39 310
20 53 23 38 5 27 0 0.00 M M 17.6 29 200 M M 0 42 180
21 60 38 49 15 16 0 0.00 M M 14.4 25 180 M M 2 13 35 180
22 59 22 41 7 24 0 0.12 M M 15.9 28 290 M M 5 13 42 300
23 23 16 20 -14 45 0 T M M 12.4 20 300 M M 7 1 32 300
24 30 23 27 -8 38 0 0.25 M M 12.4 26 70 M M 10 16 31 70
25 28 21 25 -10 40 0 0.00 M M 10.4 17 300 M M 9 1 25 300
26 33 13 23 -12 42 0 0.00 M M 5.2 12 230 M M 0 1 17 160
27 46 21 34 -2 31 0 0.00 M M 6.4 14 230 M M 0 1 19 250
28 55 26 41 5 24 0 0.00 M M 9.8 23 190 M M 0 29 200
================================================================================
SM 1070 524 1014 0 3.69 M 343.8 M 104
================================================================================
AV 38.2 18.7 12.3 FASTST M M 4 MAX(MPH)
MISC ----> 32 190 47 190
================================================================================
NOTES:
# LAST OF SEVERAL OCCURRENCES
COLUMN 17 PEAK WIND IN M.P.H.
PRELIMINARY LOCAL CLIMATOLOGICAL DATA (WS FORM: F-6) , PAGE 2
STATION: DECATUR IL AIRPORT
MONTH: FEBRUARY
YEAR: 2022
LATITUDE: 39 49 N
LONGITUDE: 88 51 W
[TEMPERATURE DATA] [PRECIPITATION DATA] SYMBOLS USED IN COLUMN 16
AVERAGE MONTHLY: 28.5 TOTAL FOR MONTH: 3.69 1 = FOG OR MIST
DPTR FM NORMAL: -3.1 DPTR FM NORMAL: 1.85 2 = FOG REDUCING VISIBILITY
HIGHEST: 60 ON 21 GRTST 24HR 1.02 ON 17-17 TO 1/4 MILE OR LESS
LOWEST: 0 ON 5 3 = THUNDER
SNOW, ICE PELLETS, HAIL 4 = ICE PELLETS
TOTAL MONTH: M 5 = HAIL
GRTST 24HR M ON M 6 = FREEZING RAIN OR DRIZZLE
GRTST DEPTH: M ON M 7 = DUSTSTORM OR SANDSTORM:
VSBY 1/2 MILE OR LESS
8 = SMOKE OR HAZE
[NO. OF DAYS WITH] [WEATHER - DAYS WITH] 9 = BLOWING SNOW
X = TORNADO
MAX 32 OR BELOW: 10 0.01 INCH OR MORE: 8
MAX 90 OR ABOVE: 0 0.10 INCH OR MORE: 7
MIN 32 OR BELOW: 25 0.50 INCH OR MORE: 3
MIN 0 OR BELOW: 1 1.00 INCH OR MORE: 1
[HDD (BASE 65) ]
TOTAL THIS MO. 1014 CLEAR (SCALE 0-3) 14
DPTR FM NORMAL 79 PTCLDY (SCALE 4-7) 9
TOTAL FM JUL 1 3946 CLOUDY (SCALE 8-10) 5
DPTR FM NORMAL -227
[CDD (BASE 65) ]
TOTAL THIS MO. 0
DPTR FM NORMAL 0 [PRESSURE DATA]
TOTAL FM JAN 1 0 HIGHEST SLP 30.61 ON 26
DPTR FM NORMAL 0 LOWEST SLP 29.64 ON 11
[REMARKS]
#FINAL-02-22#