000
CXUS53 KILX 020219
CF6DEC
PRELIMINARY LOCAL CLIMATOLOGICAL DATA (WS FORM: F-6)
STATION: DECATUR IL AIRPORT
MONTH: NOVEMBER
YEAR: 2020
LATITUDE: 39 49 N
LONGITUDE: 88 51 W
TEMPERATURE IN F: :PCPN: SNOW: WIND :SUNSHINE: SKY :PK WND
================================================================================
1 2 3 4 5 6A 6B 7 8 9 10 11 12 13 14 15 16 17 18
12Z AVG MX 2MIN
DY MAX MIN AVG DEP HDD CDD WTR SNW DPTH SPD SPD DIR MIN PSBL S-S WX SPD DR
================================================================================
1 54 31 43 -6 22 0 0.00 M M 16.2 30 300 M M 0 46 300
2 54 22 38 -11 27 0 0.00 M M 9.2 20 210 M M 0 26 250
3 70 33 52 4 13 0 0.00 M M 10.6 21 210 M M 0 26 200
4 73 48 61 13 4 0 0.00 M M 13.8 21 200 M M 0 29 200
5 69 52 61 13 4 0 0.00 M M 11.1 18 220 M M 0 25 220
6 74 46 60 13 5 0 0.00 M M 8.4 15 210 M M 0 24 210
7 73 40 57 10 8 0 0.00 M M 8.8 20 210 M M 0 8 28 190
8 78 48 63 17 2 0 0.00 M M 10.8 22 180 M M 3 29 170
9 77 62 70 24 0 5 0.00 M M 13.3 26 190 M M 6 36 210
10 75 43 59 13 6 0 0.21 M M 17.8 32 240 M M 9 1 49 220
11 48 31 40 -5 25 0 0.00 M M 6.7 20 300 M M 3 28 280
12 54 26 40 -5 25 0 0.00 M M 4.9 15 130 M M 3 12 20 110
13 47 23 35 -9 30 0 0.00 M M 8.4 26 310 M M 1 18 39 310
14 55 20 38 -6 27 0 0.55 M M 15.1 28 160 M M 7 13 39 160
15 57 40 49 6 16 0 0.02 M M 18.8 36 280 M M 6 49 290
16 59 33 46 3 19 0 0.00 M M 12.6 29 230 M M 0 37 230
17 46 28 37 -5 28 0 0.00 M M 8.7 22 320 M M 2 38 320
18 52 26 39 -3 26 0 0.00 M M 15.2 25 180 M M 0 37 180
19 67 45 56 15 9 0 0.00 M M 22.3 38 210 M M 0 51 200
20 67 49 58 17 7 0 0.02 M M 11.6 23 200 M M 6 33 220
21 49 41 45 5 20 0 0.23 M M 12.5 24 60 M M 9 1 31 30
22 47 39 43 3 22 0 0.25 M M 13.0 22 60 M M 8 1 29 60
23 46 30 38 -1 27 0 0.05 M M 3.8 8 230 M M 2 1 12 260
24 51 39 45 6 20 0 0.53 M M 14.3 24 160 M M 9 1 34 150
25 54 45 50 12 15 0 0.17 M M 11.2 29 90 M M 10 1 35 100
26 46 39 43 5 22 0 0.00 M M 8.8 13 270 M M 9 M M
27 50 29 40 3 25 0 0.00 M M 5.7 15 320 M M 4 128 19 310
28 49 24 37 0 28 0 0.00 M M 6.9 15 200 M M 0 20 200
29 49 30 40 4 25 0 0.02 M M 9.5 23 330 M M 2 32 330
30 37 26 32 -4 33 0 T M M 16.3 24 330 M M 9 35 350
================================================================================
SM 1727 1088 540 5 2.05 M 346.3 M 108
================================================================================
AV 57.6 36.3 11.5 FASTST M M 4 MAX(MPH)
MISC ----> 38 210 51 200
================================================================================
NOTES:
# LAST OF SEVERAL OCCURRENCES
COLUMN 17 PEAK WIND IN M.P.H.
PRELIMINARY LOCAL CLIMATOLOGICAL DATA (WS FORM: F-6) , PAGE 2
STATION: DECATUR IL AIRPORT
MONTH: NOVEMBER
YEAR: 2020
LATITUDE: 39 49 N
LONGITUDE: 88 51 W
[TEMPERATURE DATA] [PRECIPITATION DATA] SYMBOLS USED IN COLUMN 16
AVERAGE MONTHLY: 46.9 TOTAL FOR MONTH: 2.05 1 = FOG OR MIST
DPTR FM NORMAL: 4.0 DPTR FM NORMAL: -1.38 2 = FOG REDUCING VISIBILITY
HIGHEST: 78 ON 8 GRTST 24HR 0.64 ON 24-25 TO 1/4 MILE OR LESS
LOWEST: 20 ON 14 3 = THUNDER
SNOW, ICE PELLETS, HAIL 4 = ICE PELLETS
TOTAL MONTH: M 5 = HAIL
GRTST 24HR M ON M 6 = FREEZING RAIN OR DRIZZLE
GRTST DEPTH: M ON M 7 = DUSTSTORM OR SANDSTORM:
VSBY 1/2 MILE OR LESS
8 = SMOKE OR HAZE
[NO. OF DAYS WITH] [WEATHER - DAYS WITH] 9 = BLOWING SNOW
X = TORNADO
MAX 32 OR BELOW: 0 0.01 INCH OR MORE: 10
MAX 90 OR ABOVE: 0 0.10 INCH OR MORE: 6
MIN 32 OR BELOW: 13 0.50 INCH OR MORE: 2
MIN 0 OR BELOW: 0 1.00 INCH OR MORE: 0
[HDD (BASE 65) ]
TOTAL THIS MO. 540 CLEAR (SCALE 0-3) 18
DPTR FM NORMAL -123 PTCLDY (SCALE 4-7) 6
TOTAL FM JUL 1 985 CLOUDY (SCALE 8-10) 6
DPTR FM NORMAL -98
[CDD (BASE 65) ]
TOTAL THIS MO. 5
DPTR FM NORMAL 5 [PRESSURE DATA]
TOTAL FM JAN 1 1116 HIGHEST SLP 30.59 ON 17
DPTR FM NORMAL 68 LOWEST SLP 29.43 ON 15
[REMARKS]
#FINAL-11-20#