000
CXUS53 KARX 181946
CF6DEH
PRELIMINARY LOCAL CLIMATOLOGICAL DATA (WS FORM: F-6)
STATION: DECORAH IA
MONTH: JANUARY
YEAR: 2024
LATITUDE: 43 16 N
LONGITUDE: 91 44 W
TEMPERATURE IN F: :PCPN: SNOW: WIND :SUNSHINE: SKY :PK WND
================================================================================
1 2 3 4 5 6A 6B 7 8 9 10 11 12 13 14 15 16 17 18
12Z AVG MX 2MIN
DY MAX MIN AVG DEP HDD CDD WTR SNW DPTH SPD SPD DIR MIN PSBL S-S WX SPD DR
================================================================================
1 25 21 23 M 42 0 0.00 0.0 M 5.5 8 230 M M 9 18 230
2 34 23 29 M 36 0 0.00 0.0 M 6.0 10 220 M M 8 1 21 210
3 34 27 31 M 34 0 0.00 0.0 M 7.5 14 340 M M 10 17 340
4 27 21 24 M 41 0 0.00 0.0 M 2.4 8 320 M M 10 M M
5 36 21 29 M 36 0 0.00 0.0 M 5.2 8 160 M M 6 16 180
6 30 27 29 M 36 0 0.00 0.0 M 1.7 7 100 M M 9 1 M M
7 30 23 27 M 38 0 0.00 0.0 M 3.9 9 300 M M 10 13 300
8 32 21 27 M 38 0 M M M 9.2 15 90 M M 10 23 130
9 32 30 31 M 34 0 M M M 14.6 22 20 M M 10 1 32 350
10 30 21 26 M 39 0 M M M 6.4 10 130 M M 10 1 16 150
11 23 12 18 M 47 0 M M M 4.9 8 10 M M 8 1 12 99
12 23 14 19 M 46 0 M M M 14.5 22 340 M M 9 32 340
13 18 -9 5 M 60 0 M M M 12.2 18 320 M M 10 18 29 290
14 -4 -13 -8 M 73 0 M M M 8.6 13 300 M M 7 8 21 290
15 0 -13 -6 M 71 0 0.00 0.0 M 6.3 9 260 M M 3 18 270
16 3 -9 -3 M 68 0 0.00 0.0 M 9.1 13 270 M M 1 24 250
17 12 -2 5 M 60 0 0.00 0.0 M 5.3 10 240 M M 3 17 230
18 10 1 6 M 59 0 M M M 5.8 14 340 M M 3 23 330
19 5 -4 1 M 64 0 M M M 9.1 16 330 M M 5 8 22 330
20 9 -8 1 M 64 0 0.00 0.0 M 4.1 9 330 M M 0 M M
21 21 -4 9 M 56 0 0.00 0.0 M 11.5 16 170 M M 5 27 180
22 32 21 27 M 38 0 0.00 0.0 M 8.4 16 180 M M 8 25 180
23 34 30 32 M 33 0 0.00 0.0 M 5.5 8 80 M M 10 1 13 60
24 36 32 34 M 31 0 0.00 0.0 M 3.0 8 150 M M 10 12 M M
25 36 34 35 M 30 0 0.11 0.0 M 1.2 6 160 M M 10 12 M M
26 37 34 36 M 29 0 0.30 0.0 M 1.5 5 30 M M 10 12 M M
27 36 30 33 M 32 0 0.00 0.0 M 4.7 12 340 M M 10 12 14 350
28 32 28 30 M 35 0 0.00 0.0 M 6.4 14 340 M M 10 12 16 10
29 45 28 37 M 28 0 0.01 0.0 M 6.0 13 320 M M 6 12 23 99
30 37 34 36 M 29 0 M M M 9.4 18 330 M M 10 24 330
31 48 30 39 M 26 0 0.00 0.0 M 6.3 12 220 M M 5 12 17 220
================================================================================
SM 803 501 1353 0 0.42 0.0 206.2 M 235
================================================================================
AV 25.9 16.2 6.7 FASTST M M 8 MAX(MPH)
MISC ----> # 22 20 # 32 350
================================================================================
NOTES:
# LAST OF SEVERAL OCCURRENCES
COLUMN 17 PEAK WIND IN M.P.H.
PRELIMINARY LOCAL CLIMATOLOGICAL DATA (WS FORM: F-6) , PAGE 2
STATION: DECORAH IA
MONTH: JANUARY
YEAR: 2024
LATITUDE: 43 16 N
LONGITUDE: 91 44 W
[TEMPERATURE DATA] [PRECIPITATION DATA] SYMBOLS USED IN COLUMN 16
AVERAGE MONTHLY: 21.0 TOTAL FOR MONTH: 0.42 1 = FOG OR MIST
DPTR FM NORMAL: 0.0 DPTR FM NORMAL: M 2 = FOG REDUCING VISIBILITY
HIGHEST: 48 ON 31 GRTST 24HR 0.30 ON 26-26 TO 1/4 MILE OR LESS
LOWEST: -13 ON 15,14 3 = THUNDER
SNOW, ICE PELLETS, HAIL 4 = ICE PELLETS
TOTAL MONTH: 0.0 INCH 5 = HAIL
GRTST 24HR 0.0 6 = FREEZING RAIN OR DRIZZLE
GRTST DEPTH: M ON M 7 = DUSTSTORM OR SANDSTORM:
VSBY 1/2 MILE OR LESS
8 = SMOKE OR HAZE
[NO. OF DAYS WITH] [WEATHER - DAYS WITH] 9 = BLOWING SNOW
X = TORNADO
MAX 32 OR BELOW: 20 0.01 INCH OR MORE: 3
MAX 90 OR ABOVE: 0 0.10 INCH OR MORE: 2
MIN 32 OR BELOW: 28 0.50 INCH OR MORE: 0
MIN 0 OR BELOW: 8 1.00 INCH OR MORE: 0
[HDD (BASE 65) ]
TOTAL THIS MO. 1353 CLEAR (SCALE 0-3) 3
DPTR FM NORMAL M PTCLDY (SCALE 4-7) 10
TOTAL FM JUL 1 3560 CLOUDY (SCALE 8-10) 18
DPTR FM NORMAL M
[CDD (BASE 65) ]
TOTAL THIS MO. 0
DPTR FM NORMAL M [PRESSURE DATA]
TOTAL FM JAN 1 0 HIGHEST SLP M ON M
DPTR FM NORMAL M LOWEST SLP M ON M
[REMARKS]
#FINAL-01-24#