000
CXUS55 KBOU 011743 CCA
CF6DEN
PRELIMINARY LOCAL CLIMATOLOGICAL DATA (WS FORM: F-6)
STATION: DENVER CO
MONTH: FEBRUARY
YEAR: 2022
LATITUDE: 39 52 N
LONGITUDE: 104 40 W
TEMPERATURE IN F: :PCPN: SNOW: WIND :SUNSHINE: SKY :PK WND
================================================================================
1 2 3 4 5 6A 6B 7 8 9 10 11 12 13 14 15 16 17 18
12Z AVG MX 2MIN
DY MAX MIN AVG DEP HDD CDD WTR SNW DPTH SPD SPD DIR MIN PSBL S-S WX SPD DR
================================================================================
1 30 16 23 -8 42 0 0.08 0.8 T 12.8 24 100 M M 8 1 32 90
2 16 -4 6 -25 59 0 0.11 2.7 2 10.4 20 140 M M 10 1 25 120
3 22 -11 6 -25 59 0 0.00 0.0 1 5.1 13 210 M M 2 18 14 210
4 35 1 18 -13 47 0 0.00 0.0 1 10.3 18 220 M M 1 21 220
5 47 25 36 5 29 0 0.00 0.0 1 13.5 28 300 M M 4 37 300
6 38 24 31 0 34 0 0.00 0.0 0 9.9 22 360 M M 4 30 360
7 50 26 38 7 27 0 0.00 0.0 0 11.7 17 210 M M 0 22 210
8 50 32 41 10 24 0 0.00 0.0 0 10.1 22 270 M M 3 30 260
9 54 27 41 9 24 0 T T 0 9.5 20 20 M M 7 25 10
10 61 31 46 14 19 0 0.00 0.0 0 14.2 26 270 M M 6 35 270
11 47 23 35 3 30 0 0.24 3.0 0 11.2 29 10 M M 7 12 37 10
12 40 12 26 -6 39 0 0.00 0.0 3 9.5 16 170 M M 4 1 21 210
13 57 20 39 7 26 0 0.00 0.0 2 9.7 17 210 M M 2 22 220
14 61 26 44 12 21 0 0.00 0.0 T 8.3 16 200 M M 3 19 200
15 57 30 44 12 21 0 0.00 0.0 0 8.1 15 50 M M 7 20 210
16 34 16 25 -7 40 0 0.24 3.9 3 10.1 23 40 M M 8 12 30 40
17 29 14 22 -11 43 0 0.03 1.1 4 6.7 14 270 M M 5 1 25 270
18 46 19 33 0 32 0 0.00 0.0 3 8.5 17 190 M M 3 23 200
19 59 26 43 10 22 0 0.00 0.0 1 9.9 17 200 M M 1 23 260
20 63 33 48 15 17 0 0.00 0.0 0 10.4 21 60 M M 5 27 70
21 55 2 29 -5 36 0 T T 0 15.8 30 60 M M 8 18 36 70
22 8 -3 3 -31 62 0 0.09 1.6 T 10.1 18 20 M M 9 18 23 20
23 14 -7 4 -30 61 0 0.02 0.8 1 8.0 17 310 M M 8 18 22 150
24 21 3 12 -22 53 0 0.13 1.9 2 7.8 17 170 M M 6 18 22 170
25 27 2 15 -20 50 0 0.00 0.0 2 6.6 14 180 M M 3 18 16 180
26 39 7 23 -12 42 0 0.00 0.0 1 6.5 13 210 M M 0 18 14 230
27 59 20 40 4 25 0 0.00 0.0 0 8.4 20 210 M M 2 24 210
28 65 33 49 13 16 0 0.00 0.0 0 9.7 17 210 M M 4 21 220
================================================================================
SM 1184 443 1000 0 0.94 15.8 272.8 M 130
================================================================================
AV 42.3 15.8 9.7 FASTST M M 5 MAX(MPH)
MISC ----> 30 60 # 37 300
================================================================================
NOTES:
# LAST OF SEVERAL OCCURRENCES
COLUMN 17 PEAK WIND IN M.P.H.
PRELIMINARY LOCAL CLIMATOLOGICAL DATA (WS FORM: F-6) , PAGE 2
STATION: DENVER CO
MONTH: FEBRUARY
YEAR: 2022
LATITUDE: 39 52 N
LONGITUDE: 104 40 W
[TEMPERATURE DATA] [PRECIPITATION DATA] SYMBOLS USED IN COLUMN 16
AVERAGE MONTHLY: 29.1 TOTAL FOR MONTH: 0.94 1 = FOG OR MIST
DPTR FM NORMAL: -3.6 DPTR FM NORMAL: 0.53 2 = FOG REDUCING VISIBILITY
HIGHEST: 65 ON 28 GRTST 24HR 0.27 ON 16-17 TO 1/4 MILE OR LESS
LOWEST: -11 ON 3 3 = THUNDER
SNOW, ICE PELLETS, HAIL 4 = ICE PELLETS
TOTAL MONTH: 15.8 INCHES 5 = HAIL
GRTST 24HR 3.9 ON 16-16 6 = FREEZING RAIN OR DRIZZLE
GRTST DEPTH: 4 ON 17 7 = DUSTSTORM OR SANDSTORM:
VSBY 1/2 MILE OR LESS
8 = SMOKE OR HAZE
[NO. OF DAYS WITH] [WEATHER - DAYS WITH] 9 = BLOWING SNOW
X = TORNADO
MAX 32 OR BELOW: 8 0.01 INCH OR MORE: 8
MAX 90 OR ABOVE: 0 0.10 INCH OR MORE: 4
MIN 32 OR BELOW: 26 0.50 INCH OR MORE: 0
MIN 0 OR BELOW: 4 1.00 INCH OR MORE: 0
[HDD (BASE 65) ]
TOTAL THIS MO. 1000 CLEAR (SCALE 0-3) 11
DPTR FM NORMAL 96 PTCLDY (SCALE 4-7) 11
TOTAL FM JUL 1 3823 CLOUDY (SCALE 8-10) 6
DPTR FM NORMAL -486
[CDD (BASE 65) ]
TOTAL THIS MO. 0
DPTR FM NORMAL 0 [PRESSURE DATA]
TOTAL FM JAN 1 0 HIGHEST SLP 30.60 ON 4
DPTR FM NORMAL 0 LOWEST SLP 29.42 ON 21
[REMARKS]
#FINAL-02-22#