000
CXUS54 KSHV 011400
CF6DEQ
PRELIMINARY LOCAL CLIMATOLOGICAL DATA (WS FORM: F-6)
STATION: DE QUEEN
MONTH: DECEMBER
YEAR: 2021
LATITUDE: 34 2 N
LONGITUDE: 94 24 W
TEMPERATURE IN F: :PCPN: SNOW: WIND :SUNSHINE: SKY :PK WND
================================================================================
1 2 3 4 5 6A 6B 7 8 9 10 11 12 13 14 15 16 17 18
12Z AVG MX 2MIN
DY MAX MIN AVG DEP HDD CDD WTR SNW DPTH SPD SPD DIR MIN PSBL S-S WX SPD DR
================================================================================
1 72 38 55 7 10 0 0.00 0.0 0 1.5 12 260 M M 6 12 16 260
2 76 35 56 8 9 0 0.00 0.0 0 1.3 8 200 M M 1 1 11 200
3 65 42 54 6 11 0 0.00 0.0 0 1.0 5 10 M M 7 12 6 20
4 74 59 67 20 0 2 0.06 0.0 0 3.9 15 110 M M 9 12 21 110
5 74 62 68 21 0 3 T 0.0 0 5.6 18 210 M M 7 1 25 210
6 68 37 53 6 12 0 0.08 0.0 0 7.5 20 360 M M 2 1 29 360
7 49 32 41 -6 24 0 0.00 0.0 0 5.3 15 120 M M 4 20 110
8 61 31 46 0 19 0 0.00 0.0 0 2.3 9 120 M M 0 1 12 80
9 70 41 56 10 9 0 0.00 0.0 0 4.4 9 80 M M 6 12 12 80
10 79 50 65 19 0 0 T 0.0 0 6.3 20 210 M M 7 128 31 210
11 71 27 49 3 16 0 0.00 0.0 0 6.2 21 330 M M 0 128 32 330
12 57 22 40 -6 25 0 0.00 0.0 0 2.1 13 160 M M 0 1 16 150
13 63 27 45 0 20 0 T 0.0 0 2.4 8 150 M M 4 12 140
14 70 54 62 17 3 0 0.12 0.0 0 4.4 10 170 M M 10 1 15 180
15 79 69 74 29 0 9 0.00 0.0 0 8.8 20 210 M M 8 28 220
16 80 57 69 24 0 4 0.14 0.0 0 8.0 17 260 M M 9 1 22 270
17 76 55 66 21 0 1 0.05 0.0 0 6.5 17 210 M M 9 1 23 200
18 70 39 55 11 10 0 0.70 0.0 0 6.8 15 20 M M 6 1 20 360
19 50 30 40 -4 25 0 0.00 0.0 0 2.2 8 350 M M 0 1 10 40
20 41 28 35 -9 30 0 0.05 T 0 1.2 7 270 M M 7 14 7 280
21 58 33 46 2 19 0 0.00 0.0 0 3.6 12 240 M M 4 12 14 250
22 59 30 45 1 20 0 0.00 0.0 0 2.4 14 100 M M 2 12 17 100
23 71 38 55 11 10 0 0.00 0.0 0 4.3 16 210 M M 6 1 21 220
24 77 47 62 18 3 0 0.00 0.0 0 8.4 21 210 M M 4 1 29 200
25 82 54 68 24 0 3 0.00 0.0 0 5.6 15 260 M M 4 20 260
26 72 51 62 18 3 0 0.00 0.0 0 2.6 9 170 M M 5 12 12 180
27 78 54 66 23 0 1 0.00 0.0 0 2.8 13 240 M M 8 12 16 240
28 79 47 63 20 2 0 0.01 0.0 0 6.7 20 230 M M 6 18 25 240
29 66 46 56 13 9 0 0.36 0.0 0 2.4 8 90 M M 7 12 11 90
30 69 51 60 17 5 0 0.00 0.0 0 1.8 8 210 M M 7 12 11 200
31 72 51 62 19 3 0 0.00 0.0 0 3.1 13 200 M M 7 128 18 210
================================================================================
SM 2128 1337 297 23 1.57 T 131.4 M 162
================================================================================
AV 68.6 43.1 4.2 FASTST M M 5 MAX(MPH)
MISC ----> # 21 330 32 330
================================================================================
NOTES:
# LAST OF SEVERAL OCCURRENCES
COLUMN 17 PEAK WIND IN M.P.H.
PRELIMINARY LOCAL CLIMATOLOGICAL DATA (WS FORM: F-6) , PAGE 2
STATION: DE QUEEN
MONTH: DECEMBER
YEAR: 2021
LATITUDE: 34 2 N
LONGITUDE: 94 24 W
[TEMPERATURE DATA] [PRECIPITATION DATA] SYMBOLS USED IN COLUMN 16
AVERAGE MONTHLY: 55.9 TOTAL FOR MONTH: 1.57 1 = FOG OR MIST
DPTR FM NORMAL: 10.8 DPTR FM NORMAL: -2.60 2 = FOG REDUCING VISIBILITY
HIGHEST: 82 ON 25 GRTST 24HR 0.70 ON 18-18 TO 1/4 MILE OR LESS
LOWEST: 22 ON 12 3 = THUNDER
SNOW, ICE PELLETS, HAIL 4 = ICE PELLETS
TOTAL MONTH: T 5 = HAIL
GRTST 24HR T ON 20-20 6 = FREEZING RAIN OR DRIZZLE
GRTST DEPTH: 0 7 = DUSTSTORM OR SANDSTORM:
VSBY 1/2 MILE OR LESS
8 = SMOKE OR HAZE
[NO. OF DAYS WITH] [WEATHER - DAYS WITH] 9 = BLOWING SNOW
X = TORNADO
MAX 32 OR BELOW: 0 0.01 INCH OR MORE: 9
MAX 90 OR ABOVE: 0 0.10 INCH OR MORE: 4
MIN 32 OR BELOW: 8 0.50 INCH OR MORE: 1
MIN 0 OR BELOW: 0 1.00 INCH OR MORE: 0
[HDD (BASE 65) ]
TOTAL THIS MO. 297 CLEAR (SCALE 0-3) 7
DPTR FM NORMAL -322 PTCLDY (SCALE 4-7) 20
TOTAL FM JUL 1 763 CLOUDY (SCALE 8-10) 4
DPTR FM NORMAL -368
[CDD (BASE 65) ]
TOTAL THIS MO. 23
DPTR FM NORMAL 21 [PRESSURE DATA]
TOTAL FM JAN 1 2227 HIGHEST SLP 30.39 ON 19
DPTR FM NORMAL 98 LOWEST SLP 29.54 ON 28
[REMARKS]
#FINAL-12-21#