000
CXUS56 KOTX 011010
CF6DEW
PRELIMINARY LOCAL CLIMATOLOGICAL DATA (WS FORM: F-6)
STATION: DEER_PARK WA AIRPORT
MONTH: DECEMBER
YEAR: 2021
LATITUDE: 47 58 N
LONGITUDE: 117 25 W
TEMPERATURE IN F: :PCPN: SNOW: WIND :SUNSHINE: SKY :PK WND
================================================================================
1 2 3 4 5 6A 6B 7 8 9 10 11 12 13 14 15 16 17 18
12Z AVG MX 2MIN
DY MAX MIN AVG DEP HDD CDD WTR SNW DPTH SPD SPD DIR MIN PSBL S-S WX SPD DR
================================================================================
1 59 44 52 22 13 0 0.00 M M 9.1 16 200 M M 6 23 200
2 51 28 40 10 25 0 0.00 M M 8.4 16 180 M M 2 21 210
3 37 24 31 2 34 0 0.00 M M 3.0 10 50 M M 3 18 13 30
4 35 21 28 -1 37 0 0.16 M M 4.0 14 220 M M 9 12 17 220
5 31 12 22 -7 43 0 0.00 M M 4.8 16 330 M M 1 12 20 320
6 29 22 26 -2 39 0 0.09 M M 4.1 10 20 M M 9 128 13 20
7 32 26 29 1 36 0 T M M 2.2 7 50 M M 10 1 11 40
8 39 18 29 1 36 0 0.00 M M 5.7 18 250 M M 6 12 23 250
9 32 16 24 -4 41 0 0.01 M M 5.9 10 180 M M 8 1 13 180
10 36 12 24 -4 41 0 T M M 5.5 22 190 M M 9 128 28 190
11 46 35 41 13 24 0 0.05 M M 21.4 39 210 M M 9 47 220
12 39 28 34 7 31 0 T M M 8.0 18 220 M M 6 22 220
13 40 25 33 6 32 0 0.11 M M 8.9 17 40 M M 6 1 21 40
14 37 25 31 4 34 0 0.00 M M 6.6 14 210 M M 6 22 120
15 34 18 26 -1 39 0 0.00 M M 4.3 9 40 M M 5 10 40
16 30 10 20 -7 45 0 0.13 M M 4.6 16 300 M M 8 12 19 310
17 23 -4 10 -17 55 0 0.00 M M 4.1 12 30 M M 3 8 46 330
18 36 21 29 3 36 0 0.36 M M 5.0 14 190 M M 10 1268 19 190
19 34 16 25 -1 40 0 0.00 M M 3.9 10 360 M M 3 12 13 10
20 28 6 17 -9 48 0 T M M 4.1 12 20 M M 7 128 15 20
21 24 14 19 -7 46 0 0.12 M M 2.5 8 30 M M 10 18 10 30
22 36 24 30 4 35 0 0.25 M M 1.8 10 170 M M 10 12 13 170
23 39 30 35 9 30 0 0.01 M M 11.8 26 230 M M 7 1 36 210
24 34 31 33 7 32 0 0.22 M M 9.6 18 190 M M 10 12 23 200
25 33 23 28 2 37 0 0.04 M M 8.0 20 210 M M 10 1 23 180
26 29 10 20 -6 45 0 0.01 M M 7.8 17 210 M M 10 1 22 230
27 18 6 12 -14 53 0 T M M 5.8 14 210 M M 9 8 16 210
28 13 -6 4 -22 61 0 0.00 M M 0.9 7 30 M M 8 9 30
29 15 2 9 -17 56 0 T M M 6.2 15 10 M M 8 8 17 20
30 15 4 10 -16 55 0 0.07 M M 6.9 15 30 M M 10 19 30
31 18 -8 5 -21 60 0 T M M 3.9 10 50 M M 4 8 14 30
================================================================================
SM 1002 533 1239 0 1.63 M 188.8 M 222
================================================================================
AV 32.3 17.2 6.1 FASTST M M 7 MAX(MPH)
MISC ----> 39 210 47 220
================================================================================
NOTES:
# LAST OF SEVERAL OCCURRENCES
COLUMN 17 PEAK WIND IN M.P.H.
PRELIMINARY LOCAL CLIMATOLOGICAL DATA (WS FORM: F-6) , PAGE 2
STATION: DEER_PARK WA AIRPORT
MONTH: DECEMBER
YEAR: 2021
LATITUDE: 47 58 N
LONGITUDE: 117 25 W
[TEMPERATURE DATA] [PRECIPITATION DATA] SYMBOLS USED IN COLUMN 16
AVERAGE MONTHLY: 24.8 TOTAL FOR MONTH: 1.63 1 = FOG OR MIST
DPTR FM NORMAL: -2.4 DPTR FM NORMAL: -1.43 2 = FOG REDUCING VISIBILITY
HIGHEST: 59 ON 1 GRTST 24HR 0.36 ON 18-18 TO 1/4 MILE OR LESS
LOWEST: -8 ON 31 3 = THUNDER
SNOW, ICE PELLETS, HAIL 4 = ICE PELLETS
TOTAL MONTH: M 5 = HAIL
GRTST 24HR M ON M 6 = FREEZING RAIN OR DRIZZLE
GRTST DEPTH: M ON M 7 = DUSTSTORM OR SANDSTORM:
VSBY 1/2 MILE OR LESS
8 = SMOKE OR HAZE
[NO. OF DAYS WITH] [WEATHER - DAYS WITH] 9 = BLOWING SNOW
X = TORNADO
MAX 32 OR BELOW: 14 0.01 INCH OR MORE: 14
MAX 90 OR ABOVE: 0 0.10 INCH OR MORE: 7
MIN 32 OR BELOW: 29 0.50 INCH OR MORE: 0
MIN 0 OR BELOW: 3 1.00 INCH OR MORE: 0
[HDD (BASE 65) ]
TOTAL THIS MO. 1239 CLEAR (SCALE 0-3) 5
DPTR FM NORMAL 67 PTCLDY (SCALE 4-7) 12
TOTAL FM JUL 1 2919 CLOUDY (SCALE 8-10) 14
DPTR FM NORMAL -194
[CDD (BASE 65) ]
TOTAL THIS MO. 0
DPTR FM NORMAL 0 [PRESSURE DATA]
TOTAL FM JAN 1 566 HIGHEST SLP M ON M
DPTR FM NORMAL 350 LOWEST SLP 29.25 ON 23
[REMARKS]
#FINAL-12-21#